{"id":946,"date":"2015-07-07T11:17:22","date_gmt":"2015-07-07T09:17:22","guid":{"rendered":"http:\/\/www.vfg-bonn.de\/wp-fkm\/?page_id=946"},"modified":"2024-01-11T15:49:21","modified_gmt":"2024-01-11T14:49:21","slug":"leitbild","status":"publish","type":"page","link":"https:\/\/www.vfg-bonn.de\/fachklinik\/leitbild\/","title":{"rendered":"Leitbild"},"content":{"rendered":"\n<style type=\"text\/css\" data-created_by=\"avia_inline_auto\" id=\"style-css-av-197tt6-63e668cbbdb70d28dfcef53f920e42db\">\n.avia-section.av-197tt6-63e668cbbdb70d28dfcef53f920e42db .av-parallax .av-parallax-inner{\nbackground-repeat:no-repeat;\nbackground-image:url(https:\/\/www.vfg-bonn.de\/fachklinik\/wp-content\/uploads\/DSC6802-Leitbild.jpg);\nbackground-position:50% 50%;\nbackground-attachment:scroll;\n}\n<\/style>\n<div id='av_section_1'  class='avia-section av-197tt6-63e668cbbdb70d28dfcef53f920e42db main_color avia-section-huge avia-no-shadow  avia-builder-el-0  el_before_av_one_full  avia-builder-el-first  spezialueberschrift avia-full-stretch av-parallax-section avia-bg-style-parallax av-minimum-height av-minimum-height-50 av-height-50  container_wrap fullsize'  data-section-bg-repeat='stretch' data-av_minimum_height_pc='50' data-av_min_height_opt='50'><div class='av-parallax' data-avia-parallax-ratio='0.3' ><div class='av-parallax-inner main_color avia-full-stretch'><\/div><\/div><div class='container av-section-cont-open' ><main  role=\"main\" itemprop=\"mainContentOfPage\"  class='template-page content  av-content-full alpha units'><div class='post-entry post-entry-type-page post-entry-946'><div class='entry-content-wrapper clearfix'>\n\n<style type=\"text\/css\" data-created_by=\"avia_inline_auto\" id=\"style-css-av-13bwya-5bb31a7e7d3877177c54d371de765de4\">\n#top .av-special-heading.av-13bwya-5bb31a7e7d3877177c54d371de765de4{\npadding-bottom:0;\ncolor:#e3000b;\nfont-size:40px;\n}\nbody .av-special-heading.av-13bwya-5bb31a7e7d3877177c54d371de765de4 .av-special-heading-tag .heading-char{\nfont-size:25px;\n}\n#top #wrap_all .av-special-heading.av-13bwya-5bb31a7e7d3877177c54d371de765de4 .av-special-heading-tag{\nfont-size:40px;\n}\n.av-special-heading.av-13bwya-5bb31a7e7d3877177c54d371de765de4 .special-heading-inner-border{\nborder-color:#e3000b;\n}\n.av-special-heading.av-13bwya-5bb31a7e7d3877177c54d371de765de4 .av-subheading{\nfont-size:15px;\n}\n\n@media only screen and (min-width: 480px) and (max-width: 767px){ \n#top #wrap_all .av-special-heading.av-13bwya-5bb31a7e7d3877177c54d371de765de4 .av-special-heading-tag{\nfont-size:0.8em;\n}\n}\n\n@media only screen and (max-width: 479px){ \n#top #wrap_all .av-special-heading.av-13bwya-5bb31a7e7d3877177c54d371de765de4 .av-special-heading-tag{\nfont-size:0.8em;\n}\n}\n<\/style>\n<div  class='av-special-heading av-13bwya-5bb31a7e7d3877177c54d371de765de4 av-special-heading-h3 custom-color-heading blockquote modern-quote  avia-builder-el-1  el_before_av_hr  avia-builder-el-first  av-inherit-size'><h3 class='av-special-heading-tag '  itemprop=\"headline\"  >Unser Leitbild<\/h3><div class=\"special-heading-border\"><div class=\"special-heading-inner-border\"><\/div><\/div><\/div>\n\n<style type=\"text\/css\" data-created_by=\"avia_inline_auto\" id=\"style-css-av-valtu-5e0101653d4f72fafd0e440cfd13a762\">\n#top .hr.av-valtu-5e0101653d4f72fafd0e440cfd13a762{\nmargin-top:30px;\nmargin-bottom:30px;\n}\n.hr.av-valtu-5e0101653d4f72fafd0e440cfd13a762 .hr-inner{\nwidth:20%;\nborder-color:#e3000b;\nmax-width:45%;\n}\n.hr.av-valtu-5e0101653d4f72fafd0e440cfd13a762 .av-seperator-icon{\ncolor:#e3000b;\n}\n.hr.av-valtu-5e0101653d4f72fafd0e440cfd13a762 .av-seperator-icon.avia-svg-icon svg:first-child{\nfill:#e3000b;\nstroke:#e3000b;\n}\n<\/style>\n<div  class='hr av-valtu-5e0101653d4f72fafd0e440cfd13a762 hr-custom  avia-builder-el-2  el_after_av_heading  avia-builder-el-last  hr-left hr-icon-yes'><span class='hr-inner inner-border-av-border-thin'><span class=\"hr-inner-style\"><\/span><\/span><span class='av-seperator-icon avia-iconfont avia-font-entypo-fontello' data-av_icon='\ue8bf' data-av_iconfont='entypo-fontello' ><\/span><span class='hr-inner inner-border-av-border-thin'><span class=\"hr-inner-style\"><\/span><\/span><\/div>\n<\/div><\/div><\/main><!-- close content main element --><\/div><\/div><div id='after_section_1'  class='main_color av_default_container_wrap container_wrap fullsize'  ><div class='container av-section-cont-open' ><div class='template-page content  av-content-full alpha units'><div class='post-entry post-entry-type-page post-entry-946'><div class='entry-content-wrapper clearfix'>\n<div class='flex_column_table av-s4dy2-9c3b9025444f9704febd6a55b6c0fe2a sc-av_one_full av-equal-height-column-flextable'>\n<style type=\"text\/css\" data-created_by=\"avia_inline_auto\" id=\"style-css-av-s4dy2-9c3b9025444f9704febd6a55b6c0fe2a\">\n#top .flex_column_table.av-equal-height-column-flextable.av-s4dy2-9c3b9025444f9704febd6a55b6c0fe2a{\nmargin-top:-90px;\n}\n.flex_column.av-s4dy2-9c3b9025444f9704febd6a55b6c0fe2a{\nborder-radius:0px 0px 0px 0px;\npadding:30px 30px 30px 30px;\nbackground-color:#ffffff;\n}\n<\/style>\n<div  class='flex_column av-s4dy2-9c3b9025444f9704febd6a55b6c0fe2a av_one_full  avia-builder-el-3  el_after_av_section  avia-builder-el-no-sibling  first flex_column_table_cell av-equal-height-column av-align-top  '     ><section  class='av_textblock_section av-ffbgy-6bb1d735b3e93bc8d300bba1bb9b229b '   itemscope=\"itemscope\" itemtype=\"https:\/\/schema.org\/CreativeWork\" ><div class='avia_textblock'  itemprop=\"text\" ><h2>Leitbild des Rehabilitationsbereiches des VFG<\/h2>\n<\/div><\/section><br \/>\n<section  class='av_textblock_section av-lr9bqf1c-e676e0c25397636114b660cfe1502310 '   itemscope=\"itemscope\" itemtype=\"https:\/\/schema.org\/CreativeWork\" ><div class='avia_textblock'  itemprop=\"text\" ><p style=\"font-weight: 400;\"><strong>Wir sind<\/strong><\/p>\n<p style=\"font-weight: 400;\">eine anerkannte Einrichtung zur medizinischen Rehabilitation f\u00fcr Abh\u00e4ngigkeitserkrankungen. In der Fachklinik Meckenheim begleitet ein multiprofessionelles Team die Rehabilitanden in eine abstinente Zukunft. Gleichzeitig besteht eine enge Vernetzung mit dem sozialen Umfeld der Einrichtungen, wodurch eine (Re-) Integration des suchtmittelabh\u00e4ngigen Menschen in die Gesellschaft unterst\u00fctzt und gef\u00f6rdert werden kann.<\/p>\n<p style=\"font-weight: 400;\"><strong>Unser Hintergrund<\/strong><\/p>\n<p style=\"font-weight: 400;\">Das pragmatisch humanistische Leitmotiv unseres Tr\u00e4gers, des Vereins f\u00fcr Gef\u00e4hrdetenhilfe, \u201eHelfen statt Wegsehen\u201c ist die Basis unserer Haltung gegen\u00fcber den Rehabilitanden. Dem entsprechend verstehen wir unsere Arbeit als Unterst\u00fctzung des Menschen bei dem Verstehen seiner eigenen Suchtgeschichte und der Entwicklung einer abstinenten Lebensperspektive, unter Ber\u00fccksichtigung der aktuellen wissenschaftlich anerkannten Suchttherapiestandards.<\/p>\n<p style=\"font-weight: 400;\"><strong>Wir unterst\u00fctzen<\/strong><\/p>\n<p style=\"font-weight: 400;\">suchtmittelabh\u00e4ngige Menschen ab dem 18. Lebensjahr, bei denen eine Alkohol-, Medikamenten- oder Drogenabh\u00e4ngigkeit im Vordergrund steht. H\u00e4ufig geht die Sucht mit weiteren physischen und psychischen Erkrankungen einher, die wir ebenfalls in unsere Behandlung mit einbeziehen, um den Betroffenen ad\u00e4quate Bew\u00e4ltigungsstrategien f\u00fcr ihre zuk\u00fcnftige Lebensgestaltung zur Verf\u00fcgung zu stellen.<\/p>\n<p style=\"font-weight: 400;\"><strong>Wobei wir unterst\u00fctzen<\/strong><\/p>\n<p style=\"font-weight: 400;\">Wir gehen davon aus, dass jeder Mensch ein hohes Entwicklungspotential in sich tr\u00e4gt. Unsere Aufgabe besteht darin, mit ihm gemeinsam Wege zu finden, wie er lernt, Zugang zu diesen Potentialen zu bekommen, sie f\u00fcr seine pers\u00f6nliche Lebensgestaltung zu nutzen und sich teilhabeorientiert als Mitglied der Gesellschaft zu definieren. Diese F\u00e4higkeiten gilt es im Weiteren sinnbringend einzusetzen und eine ausgewogene Balance zwischen den beiden Lebensbereichen zu finden und aufrecht zu erhalten.<\/p>\n<p style=\"font-weight: 400;\"><strong>Unser Anspruch<\/strong><\/p>\n<p style=\"font-weight: 400;\">Neben einer respektvollen, wertsch\u00e4tzenden, authentischen und akzeptierenden Haltung gegen\u00fcber all unserer Kunden bieten wir in unserem interdisziplin\u00e4ren Team mit u.a. medizinischen, psychotherapeutischen, psychosozialen, arbeits- und ergotherapeutischen Qualifikationen ein breites Spektrum fachlicher Kompetenz. Dieses Fachwissen setzen wir zur Entwicklung und Durchf\u00fchrung realistischer Behandlungsziele ein, die w\u00e4hrend des Aufenthaltes immer wieder gemeinsam mit den Rehabilitanden \u00fcberpr\u00fcft und optimiert werden. Durch eine authentische Gestaltung der Arbeitsbeziehung k\u00f6nnen dysfunktionale Beziehungsmuster konstruktiv ver\u00e4ndert und alternative Beziehungserfahrungen erm\u00f6glicht werden.<\/p>\n<p style=\"font-weight: 400;\"><strong>Unsere Unternehmensziele<\/strong><\/p>\n<p style=\"font-weight: 400;\">Wir m\u00f6chten auch weiterhin die Verwirklichung humanistischer, gesellschaftlicher und \u00f6kologischer Werte durch ein qualitativ hochwertiges Behandlungsangebot umsetzen, um gleichzeitig eine optimale Behandlungswirksamkeit und hohe Zufriedenheit der Kunden zu erreichen. Dazu geh\u00f6rt eine gute Kooperation mit den Leistungstr\u00e4gern und Zuweisenden, eine hohe Arbeitszufriedenheit der Mitarbeitenden in einem ressourcenf\u00f6rdernden wertsch\u00e4tzenden Betriebsklima und ein Wahrnehmen der stattfindenden gesellschaftlichen Ver\u00e4nderungen, die wir mitgestalten m\u00f6chten. Um dies alles zu erm\u00f6glichen, bedarf es eines strategisch \u00f6konomischen Handelns, das den Fortbestand der Unternehmen auf hohem Niveau gew\u00e4hrleistet.<\/p>\n<p style=\"font-weight: 400;\"><strong>Unsere Zukunftsperspektive<\/strong><\/p>\n<p style=\"font-weight: 400;\">Wir verpflichten uns, unser Angebot den wechselnden Bed\u00fcrfnissen unserer verschiedenen Kunden anzupassen und weiter zu entwickeln.<br \/>\nDies geschieht unter Ber\u00fccksichtigung der aktuell g\u00fcltigen Qualit\u00e4ts- und Behandlungsstandards.<br \/>\nWir sehen uns auch weiterhin mit unseren Aufgaben als Teil der Gesellschaft, der wir unsere Leistungen zur Verf\u00fcgung stellen und sie dadurch mitgestalten. Diese Haltung geben wir an die Rehabilitanden weiter und setzen uns so daf\u00fcr ein, dass sie sich als bedeutungsvollen Teil eines tragf\u00e4higen Netzes erleben.<\/p>\n<p style=\"font-weight: 400;\">Stand 04.09.2023<\/p>\n<\/div><\/section><br \/>\n<div  class='avia-button-wrap av-xv3e-7473e1bc873f37142ca3463ff6bd7400-wrap avia-button-right  avia-builder-el-6  el_after_av_textblock  avia-builder-el-last '><a href='https:\/\/www.vfg-bonn.de\/fachklinik\/teamvorstellung\/'  class='avia-button av-xv3e-7473e1bc873f37142ca3463ff6bd7400 av-link-btn avia-icon_select-yes-right-icon avia-size-medium avia-position-right avia-color-theme-color'   aria-label=\"unser Team\u2026\"><span class='avia_iconbox_title' >unser Team\u2026<\/span><span class='avia_button_icon avia_button_icon_right avia-iconfont avia-font-entypo-fontello' data-av_icon='\ue832' data-av_iconfont='entypo-fontello' ><\/span><\/a><\/div><\/p><\/div><\/div><!--close column table wrapper. Autoclose: 1 -->\n","protected":false},"excerpt":{"rendered":"","protected":false},"author":1,"featured_media":0,"parent":0,"menu_order":0,"comment_status":"closed","ping_status":"closed","template":"","meta":{"inline_featured_image":false,"footnotes":""},"class_list":["post-946","page","type-page","status-publish","hentry"],"_links":{"self":[{"href":"https:\/\/www.vfg-bonn.de\/fachklinik\/wp-json\/wp\/v2\/pages\/946","targetHints":{"allow":["GET"]}}],"collection":[{"href":"https:\/\/www.vfg-bonn.de\/fachklinik\/wp-json\/wp\/v2\/pages"}],"about":[{"href":"https:\/\/www.vfg-bonn.de\/fachklinik\/wp-json\/wp\/v2\/types\/page"}],"author":[{"embeddable":true,"href":"https:\/\/www.vfg-bonn.de\/fachklinik\/wp-json\/wp\/v2\/users\/1"}],"replies":[{"embeddable":true,"href":"https:\/\/www.vfg-bonn.de\/fachklinik\/wp-json\/wp\/v2\/comments?post=946"}],"version-history":[{"count":10,"href":"https:\/\/www.vfg-bonn.de\/fachklinik\/wp-json\/wp\/v2\/pages\/946\/revisions"}],"predecessor-version":[{"id":4260,"href":"https:\/\/www.vfg-bonn.de\/fachklinik\/wp-json\/wp\/v2\/pages\/946\/revisions\/4260"}],"wp:attachment":[{"href":"https:\/\/www.vfg-bonn.de\/fachklinik\/wp-json\/wp\/v2\/media?parent=946"}],"curies":[{"name":"wp","href":"https:\/\/api.w.org\/{rel}","templated":true}]}}

<style type="text/css" data-created_by="avia_inline_auto" id="style-css-av-197tt6-63e668cbbdb70d28dfcef53f920e42db">
.avia-section.av-197tt6-63e668cbbdb70d28dfcef53f920e42db .av-parallax .av-parallax-inner{
background-repeat:no-repeat;
background-image:url(https://www.vfg-bonn.de/fachklinik/wp-content/uploads/DSC6802-Leitbild.jpg);
background-position:50% 50%;
background-attachment:scroll;
}
</style>
<div id='av_section_1'  class='avia-section av-197tt6-63e668cbbdb70d28dfcef53f920e42db main_color avia-section-huge avia-no-shadow  avia-builder-el-0  el_before_av_one_full  avia-builder-el-first  spezialueberschrift avia-full-stretch av-parallax-section avia-bg-style-parallax av-minimum-height av-minimum-height-50 av-height-50  container_wrap fullsize'  data-section-bg-repeat='stretch' data-av_minimum_height_pc='50' data-av_min_height_opt='50'><div class='av-parallax' data-avia-parallax-ratio='0.3' ><div class='av-parallax-inner main_color avia-full-stretch'></div></div><div class='container av-section-cont-open' ><main  role="main" itemprop="mainContentOfPage"  class='template-page content  av-content-full alpha units'><div class='post-entry post-entry-type-page post-entry-946'><div class='entry-content-wrapper clearfix'>

<style type="text/css" data-created_by="avia_inline_auto" id="style-css-av-13bwya-5bb31a7e7d3877177c54d371de765de4">
#top .av-special-heading.av-13bwya-5bb31a7e7d3877177c54d371de765de4{
padding-bottom:0;
color:#e3000b;
font-size:40px;
}
body .av-special-heading.av-13bwya-5bb31a7e7d3877177c54d371de765de4 .av-special-heading-tag .heading-char{
font-size:25px;
}
#top #wrap_all .av-special-heading.av-13bwya-5bb31a7e7d3877177c54d371de765de4 .av-special-heading-tag{
font-size:40px;
}
.av-special-heading.av-13bwya-5bb31a7e7d3877177c54d371de765de4 .special-heading-inner-border{
border-color:#e3000b;
}
.av-special-heading.av-13bwya-5bb31a7e7d3877177c54d371de765de4 .av-subheading{
font-size:15px;
}

@media only screen and (min-width: 480px) and (max-width: 767px){ 
#top #wrap_all .av-special-heading.av-13bwya-5bb31a7e7d3877177c54d371de765de4 .av-special-heading-tag{
font-size:0.8em;
}
}

@media only screen and (max-width: 479px){ 
#top #wrap_all .av-special-heading.av-13bwya-5bb31a7e7d3877177c54d371de765de4 .av-special-heading-tag{
font-size:0.8em;
}
}
</style>
<div  class='av-special-heading av-13bwya-5bb31a7e7d3877177c54d371de765de4 av-special-heading-h3 custom-color-heading blockquote modern-quote  avia-builder-el-1  el_before_av_hr  avia-builder-el-first  av-inherit-size'><h3 class='av-special-heading-tag '  itemprop="headline"  >Unser Leitbild</h3><div class="special-heading-border"><div class="special-heading-inner-border"></div></div></div>

<style type="text/css" data-created_by="avia_inline_auto" id="style-css-av-valtu-5e0101653d4f72fafd0e440cfd13a762">
#top .hr.av-valtu-5e0101653d4f72fafd0e440cfd13a762{
margin-top:30px;
margin-bottom:30px;
}
.hr.av-valtu-5e0101653d4f72fafd0e440cfd13a762 .hr-inner{
width:20%;
border-color:#e3000b;
max-width:45%;
}
.hr.av-valtu-5e0101653d4f72fafd0e440cfd13a762 .av-seperator-icon{
color:#e3000b;
}
.hr.av-valtu-5e0101653d4f72fafd0e440cfd13a762 .av-seperator-icon.avia-svg-icon svg:first-child{
fill:#e3000b;
stroke:#e3000b;
}
</style>
<div  class='hr av-valtu-5e0101653d4f72fafd0e440cfd13a762 hr-custom  avia-builder-el-2  el_after_av_heading  avia-builder-el-last  hr-left hr-icon-yes'><span class='hr-inner inner-border-av-border-thin'><span class="hr-inner-style"></span></span><span class='av-seperator-icon avia-iconfont avia-font-entypo-fontello' data-av_icon='' data-av_iconfont='entypo-fontello' ></span><span class='hr-inner inner-border-av-border-thin'><span class="hr-inner-style"></span></span></div>
</div></div></main><!-- close content main element --></div></div><div id='after_section_1'  class='main_color av_default_container_wrap container_wrap fullsize'  ><div class='container av-section-cont-open' ><div class='template-page content  av-content-full alpha units'><div class='post-entry post-entry-type-page post-entry-946'><div class='entry-content-wrapper clearfix'>
<div class='flex_column_table av-s4dy2-9c3b9025444f9704febd6a55b6c0fe2a sc-av_one_full av-equal-height-column-flextable'>
<style type="text/css" data-created_by="avia_inline_auto" id="style-css-av-s4dy2-9c3b9025444f9704febd6a55b6c0fe2a">
#top .flex_column_table.av-equal-height-column-flextable.av-s4dy2-9c3b9025444f9704febd6a55b6c0fe2a{
margin-top:-90px;
}
.flex_column.av-s4dy2-9c3b9025444f9704febd6a55b6c0fe2a{
border-radius:0px 0px 0px 0px;
padding:30px 30px 30px 30px;
background-color:#ffffff;
}
</style>
<div  class='flex_column av-s4dy2-9c3b9025444f9704febd6a55b6c0fe2a av_one_full  avia-builder-el-3  el_after_av_section  avia-builder-el-no-sibling  first flex_column_table_cell av-equal-height-column av-align-top  '     ><section  class='av_textblock_section av-ffbgy-6bb1d735b3e93bc8d300bba1bb9b229b '   itemscope="itemscope" itemtype="https://schema.org/CreativeWork" ><div class='avia_textblock'  itemprop="text" ><h2>Leitbild des Rehabilitationsbereiches des VFG</h2>
</div></section><br />
<section  class='av_textblock_section av-lr9bqf1c-e676e0c25397636114b660cfe1502310 '   itemscope="itemscope" itemtype="https://schema.org/CreativeWork" ><div class='avia_textblock'  itemprop="text" ><p style="font-weight: 400;"><strong>Wir sind</strong></p>
<p style="font-weight: 400;">eine anerkannte Einrichtung zur medizinischen Rehabilitation für Abhängigkeitserkrankungen. In der Fachklinik Meckenheim begleitet ein multiprofessionelles Team die Rehabilitanden in eine abstinente Zukunft. Gleichzeitig besteht eine enge Vernetzung mit dem sozialen Umfeld der Einrichtungen, wodurch eine (Re-) Integration des suchtmittelabhängigen Menschen in die Gesellschaft unterstützt und gefördert werden kann.</p>
<p style="font-weight: 400;"><strong>Unser Hintergrund</strong></p>
<p style="font-weight: 400;">Das pragmatisch humanistische Leitmotiv unseres Trägers, des Vereins für Gefährdetenhilfe, „Helfen statt Wegsehen“ ist die Basis unserer Haltung gegenüber den Rehabilitanden. Dem entsprechend verstehen wir unsere Arbeit als Unterstützung des Menschen bei dem Verstehen seiner eigenen Suchtgeschichte und der Entwicklung einer abstinenten Lebensperspektive, unter Berücksichtigung der aktuellen wissenschaftlich anerkannten Suchttherapiestandards.</p>
<p style="font-weight: 400;"><strong>Wir unterstützen</strong></p>
<p style="font-weight: 400;">suchtmittelabhängige Menschen ab dem 18. Lebensjahr, bei denen eine Alkohol-, Medikamenten- oder Drogenabhängigkeit im Vordergrund steht. Häufig geht die Sucht mit weiteren physischen und psychischen Erkrankungen einher, die wir ebenfalls in unsere Behandlung mit einbeziehen, um den Betroffenen adäquate Bewältigungsstrategien für ihre zukünftige Lebensgestaltung zur Verfügung zu stellen.</p>
<p style="font-weight: 400;"><strong>Wobei wir unterstützen</strong></p>
<p style="font-weight: 400;">Wir gehen davon aus, dass jeder Mensch ein hohes Entwicklungspotential in sich trägt. Unsere Aufgabe besteht darin, mit ihm gemeinsam Wege zu finden, wie er lernt, Zugang zu diesen Potentialen zu bekommen, sie für seine persönliche Lebensgestaltung zu nutzen und sich teilhabeorientiert als Mitglied der Gesellschaft zu definieren. Diese Fähigkeiten gilt es im Weiteren sinnbringend einzusetzen und eine ausgewogene Balance zwischen den beiden Lebensbereichen zu finden und aufrecht zu erhalten.</p>
<p style="font-weight: 400;"><strong>Unser Anspruch</strong></p>
<p style="font-weight: 400;">Neben einer respektvollen, wertschätzenden, authentischen und akzeptierenden Haltung gegenüber all unserer Kunden bieten wir in unserem interdisziplinären Team mit u.a. medizinischen, psychotherapeutischen, psychosozialen, arbeits- und ergotherapeutischen Qualifikationen ein breites Spektrum fachlicher Kompetenz. Dieses Fachwissen setzen wir zur Entwicklung und Durchführung realistischer Behandlungsziele ein, die während des Aufenthaltes immer wieder gemeinsam mit den Rehabilitanden überprüft und optimiert werden. Durch eine authentische Gestaltung der Arbeitsbeziehung können dysfunktionale Beziehungsmuster konstruktiv verändert und alternative Beziehungserfahrungen ermöglicht werden.</p>
<p style="font-weight: 400;"><strong>Unsere Unternehmensziele</strong></p>
<p style="font-weight: 400;">Wir möchten auch weiterhin die Verwirklichung humanistischer, gesellschaftlicher und ökologischer Werte durch ein qualitativ hochwertiges Behandlungsangebot umsetzen, um gleichzeitig eine optimale Behandlungswirksamkeit und hohe Zufriedenheit der Kunden zu erreichen. Dazu gehört eine gute Kooperation mit den Leistungsträgern und Zuweisenden, eine hohe Arbeitszufriedenheit der Mitarbeitenden in einem ressourcenfördernden wertschätzenden Betriebsklima und ein Wahrnehmen der stattfindenden gesellschaftlichen Veränderungen, die wir mitgestalten möchten. Um dies alles zu ermöglichen, bedarf es eines strategisch ökonomischen Handelns, das den Fortbestand der Unternehmen auf hohem Niveau gewährleistet.</p>
<p style="font-weight: 400;"><strong>Unsere Zukunftsperspektive</strong></p>
<p style="font-weight: 400;">Wir verpflichten uns, unser Angebot den wechselnden Bedürfnissen unserer verschiedenen Kunden anzupassen und weiter zu entwickeln.<br />
Dies geschieht unter Berücksichtigung der aktuell gültigen Qualitäts- und Behandlungsstandards.<br />
Wir sehen uns auch weiterhin mit unseren Aufgaben als Teil der Gesellschaft, der wir unsere Leistungen zur Verfügung stellen und sie dadurch mitgestalten. Diese Haltung geben wir an die Rehabilitanden weiter und setzen uns so dafür ein, dass sie sich als bedeutungsvollen Teil eines tragfähigen Netzes erleben.</p>
<p style="font-weight: 400;">Stand 04.09.2023</p>
</div></section><br />
<div  class='avia-button-wrap av-xv3e-7473e1bc873f37142ca3463ff6bd7400-wrap avia-button-right  avia-builder-el-6  el_after_av_textblock  avia-builder-el-last '><a href='https://www.vfg-bonn.de/fachklinik/teamvorstellung/'  class='avia-button av-xv3e-7473e1bc873f37142ca3463ff6bd7400 av-link-btn avia-icon_select-yes-right-icon avia-size-medium avia-position-right avia-color-theme-color'   aria-label="unser Team…"><span class='avia_iconbox_title' >unser Team…</span><span class='avia_button_icon avia_button_icon_right avia-iconfont avia-font-entypo-fontello' data-av_icon='' data-av_iconfont='entypo-fontello' ></span></a></div></p></div></div><!--close column table wrapper. Autoclose: 1 -->
