{"id":920,"date":"2015-07-07T10:15:54","date_gmt":"2015-07-07T08:15:54","guid":{"rendered":"http:\/\/www.vfg-bonn.de\/wp-fkm\/?page_id=920"},"modified":"2020-04-20T06:28:33","modified_gmt":"2020-04-20T04:28:33","slug":"soziale-beratung","status":"publish","type":"page","link":"https:\/\/www.vfg-bonn.de\/fachklinik\/soziale-beratung\/","title":{"rendered":"soziale Beratung"},"content":{"rendered":"\n<style type=\"text\/css\" data-created_by=\"avia_inline_auto\" id=\"style-css-av-1nda2g-573ee46c43eddc8c065376dc0570876c\">\n.avia-section.av-1nda2g-573ee46c43eddc8c065376dc0570876c .av-parallax .av-parallax-inner{\nbackground-repeat:no-repeat;\nbackground-image:url(https:\/\/www.vfg-bonn.de\/fachklinik\/wp-content\/uploads\/psychosoziale-Betreuung.jpg);\nbackground-position:50% 50%;\nbackground-attachment:scroll;\n}\n.avia-section.av-1nda2g-573ee46c43eddc8c065376dc0570876c .av-section-color-overlay{\nopacity:0.3;\nbackground-color:#edae44;\n}\n<\/style>\n<div id='av_section_1'  class='avia-section av-1nda2g-573ee46c43eddc8c065376dc0570876c main_color avia-section-large avia-no-shadow  avia-builder-el-0  el_before_av_three_fifth  avia-builder-el-first  spezialueberschrift avia-full-stretch av-parallax-section avia-bg-style-parallax av-section-color-overlay-active av-minimum-height av-minimum-height-50 av-height-50  container_wrap fullsize'  data-section-bg-repeat='stretch' data-av_minimum_height_pc='50' data-av_min_height_opt='50'><div class='av-parallax' data-avia-parallax-ratio='0.3' ><div class='av-parallax-inner main_color avia-full-stretch'><\/div><\/div><div class=\"av-section-color-overlay-wrap\"><div class=\"av-section-color-overlay\"><\/div><div class='container av-section-cont-open' ><main  role=\"main\" itemprop=\"mainContentOfPage\"  class='template-page content  av-content-full alpha units'><div class='post-entry post-entry-type-page post-entry-920'><div class='entry-content-wrapper clearfix'>\n\n<style type=\"text\/css\" data-created_by=\"avia_inline_auto\" id=\"style-css-av-1g2b8w-3c7d66df501926339041caad8da76121\">\n#top .av-special-heading.av-1g2b8w-3c7d66df501926339041caad8da76121{\npadding-bottom:0;\ncolor:#e3000b;\nfont-size:40px;\n}\nbody .av-special-heading.av-1g2b8w-3c7d66df501926339041caad8da76121 .av-special-heading-tag .heading-char{\nfont-size:25px;\n}\n#top #wrap_all .av-special-heading.av-1g2b8w-3c7d66df501926339041caad8da76121 .av-special-heading-tag{\nfont-size:40px;\n}\n.av-special-heading.av-1g2b8w-3c7d66df501926339041caad8da76121 .special-heading-inner-border{\nborder-color:#e3000b;\n}\n.av-special-heading.av-1g2b8w-3c7d66df501926339041caad8da76121 .av-subheading{\nfont-size:15px;\n}\n\n@media only screen and (min-width: 480px) and (max-width: 767px){ \n#top #wrap_all .av-special-heading.av-1g2b8w-3c7d66df501926339041caad8da76121 .av-special-heading-tag{\nfont-size:0.8em;\n}\n}\n\n@media only screen and (max-width: 479px){ \n#top #wrap_all .av-special-heading.av-1g2b8w-3c7d66df501926339041caad8da76121 .av-special-heading-tag{\nfont-size:0.8em;\n}\n}\n<\/style>\n<div  class='av-special-heading av-1g2b8w-3c7d66df501926339041caad8da76121 av-special-heading-h3 custom-color-heading blockquote modern-quote  avia-builder-el-1  el_before_av_hr  avia-builder-el-first  av-inherit-size'><h3 class='av-special-heading-tag '  itemprop=\"headline\"  >Sozialberatung<\/h3><div class=\"special-heading-border\"><div class=\"special-heading-inner-border\"><\/div><\/div><\/div>\n\n<style type=\"text\/css\" data-created_by=\"avia_inline_auto\" id=\"style-css-av-182njc-82c468e153407433797eea0d79fe724d\">\n#top .hr.av-182njc-82c468e153407433797eea0d79fe724d{\nmargin-top:30px;\nmargin-bottom:30px;\n}\n.hr.av-182njc-82c468e153407433797eea0d79fe724d .hr-inner{\nwidth:20%;\nborder-color:#e3000b;\nmax-width:45%;\n}\n.hr.av-182njc-82c468e153407433797eea0d79fe724d .av-seperator-icon{\ncolor:#e3000b;\n}\n.hr.av-182njc-82c468e153407433797eea0d79fe724d .av-seperator-icon.avia-svg-icon svg:first-child{\nfill:#e3000b;\nstroke:#e3000b;\n}\n<\/style>\n<div  class='hr av-182njc-82c468e153407433797eea0d79fe724d hr-custom  avia-builder-el-2  el_after_av_heading  avia-builder-el-last  hr-left hr-icon-yes'><span class='hr-inner inner-border-av-border-thin'><span class=\"hr-inner-style\"><\/span><\/span><span class='av-seperator-icon avia-iconfont avia-font-entypo-fontello' data-av_icon='\ue8bf' data-av_iconfont='entypo-fontello' ><\/span><span class='hr-inner inner-border-av-border-thin'><span class=\"hr-inner-style\"><\/span><\/span><\/div>\n<\/div><\/div><\/main><!-- close content main element --><\/div><\/div><\/div><div id='after_section_1'  class='main_color av_default_container_wrap container_wrap fullsize'  ><div class='container av-section-cont-open' ><div class='template-page content  av-content-full alpha units'><div class='post-entry post-entry-type-page post-entry-920'><div class='entry-content-wrapper clearfix'>\n<div class='flex_column_table av-3wikw-d460859b4e71b1d42e4c0401a83fba6c sc-av_three_fifth av-equal-height-column-flextable'>\n<style type=\"text\/css\" data-created_by=\"avia_inline_auto\" id=\"style-css-av-3wikw-d460859b4e71b1d42e4c0401a83fba6c\">\n#top .flex_column_table.av-equal-height-column-flextable.av-3wikw-d460859b4e71b1d42e4c0401a83fba6c{\nmargin-top:-90px;\n}\n.flex_column.av-3wikw-d460859b4e71b1d42e4c0401a83fba6c{\nborder-radius:0px 0px 0px 0px;\npadding:30px 30px 30px 30px;\nbackground-color:#ffffff;\n}\n<\/style>\n<div  class='flex_column av-3wikw-d460859b4e71b1d42e4c0401a83fba6c av_three_fifth  avia-builder-el-3  el_after_av_section  el_before_av_two_fifth  avia-builder-el-first  first no_margin flex_column_table_cell av-equal-height-column av-align-top  '     ><section  class='av_textblock_section av-3i07c-def98dfb775554d5d509dbf1afb7c46c '   itemscope=\"itemscope\" itemtype=\"https:\/\/schema.org\/CreativeWork\" ><div class='avia_textblock'  itemprop=\"text\" ><p>Der Schwerpunkt der Sozialberatung ist die Unterst\u00fctzung bei der Abkl\u00e4rung der sozialen Situation. Bei Fragen betreffend Krankenversicherungsschutz, Beantragung der Befreiung von den Zuzahlungen, Beantragung von Leistungen zur Sicherung des Lebensunterhaltes (z. B. ALG-II, Sozialhilfe, \u00dcbergangsgeld), Kl\u00e4rung rechtlicher Fragen (z. B. Beantragung von Zur\u00fcckstellungen nach \u00a735 BtMG, Beantragung von Beratungs- und Prozesskostenhilfe), Fragen zur Wohnsituation (z. B. Vermittlung bei Miet- und Stromr\u00fcckst\u00e4nden) sowie Fragen im Rahmen der Schuldenregulierung kann die Sozialberatung unterst\u00fctzend t\u00e4tig sein.<\/p>\n<\/div><\/section><\/div>\n<style type=\"text\/css\" data-created_by=\"avia_inline_auto\" id=\"style-css-av-srwdk-0099f881345ad0a22b07ba346b220a0a\">\n#top .flex_column_table.av-equal-height-column-flextable.av-srwdk-0099f881345ad0a22b07ba346b220a0a{\nmargin-top:-90px;\n}\n.flex_column.av-srwdk-0099f881345ad0a22b07ba346b220a0a{\nborder-radius:0px 0px 0px 0px;\npadding:30px 30px 30px 30px;\nbackground-color:#ffffff;\n}\n<\/style>\n<div  class='flex_column av-srwdk-0099f881345ad0a22b07ba346b220a0a av_two_fifth  avia-builder-el-5  el_after_av_three_fifth  avia-builder-el-last  no_margin flex_column_table_cell av-equal-height-column av-align-top  '     ><p>\n<style type=\"text\/css\" data-created_by=\"avia_inline_auto\" id=\"style-css-av-jpn08-a0d1757b1ca6b8d00f9a60acd77c0c98\">\n.avia-image-container.av-jpn08-a0d1757b1ca6b8d00f9a60acd77c0c98 img.avia_image{\nbox-shadow:none;\n}\n.avia-image-container.av-jpn08-a0d1757b1ca6b8d00f9a60acd77c0c98 .av-image-caption-overlay-center{\ncolor:#ffffff;\n}\n<\/style>\n<div  class='avia-image-container av-jpn08-a0d1757b1ca6b8d00f9a60acd77c0c98 av-styling- av-img-linked avia_animated_image av-animated-when-visible-95 pop-up avia-align-center  avia-builder-el-6  el_before_av_hr  avia-builder-el-first '   itemprop=\"image\" itemscope=\"itemscope\" itemtype=\"https:\/\/schema.org\/ImageObject\" ><div class=\"avia-image-container-inner\"><div class=\"avia-image-overlay-wrap\"><a href=\"https:\/\/www.vfg-bonn.de\/fachklinik\/wp-content\/uploads\/Beratungsstelle.jpg\" data-srcset=\"https:\/\/www.vfg-bonn.de\/fachklinik\/wp-content\/uploads\/Beratungsstelle.jpg 1000w, https:\/\/www.vfg-bonn.de\/fachklinik\/wp-content\/uploads\/Beratungsstelle-450x308.jpg 450w, https:\/\/www.vfg-bonn.de\/fachklinik\/wp-content\/uploads\/Beratungsstelle-768x525.jpg 768w, https:\/\/www.vfg-bonn.de\/fachklinik\/wp-content\/uploads\/Beratungsstelle-705x482.jpg 705w\" data-sizes=\"(max-width: 1000px) 100vw, 1000px\" class='avia_image '  aria-label='Beratungsstelle'><img decoding=\"async\" fetchpriority=\"high\" class='wp-image-921 avia-img-lazy-loading-not-921 avia_image ' src=\"https:\/\/www.vfg-bonn.de\/fachklinik\/wp-content\/uploads\/Beratungsstelle-450x308.jpg\" alt='' title='Beratungsstelle'  height=\"308\" width=\"450\"  itemprop=\"thumbnailUrl\" srcset=\"https:\/\/www.vfg-bonn.de\/fachklinik\/wp-content\/uploads\/Beratungsstelle-450x308.jpg 450w, https:\/\/www.vfg-bonn.de\/fachklinik\/wp-content\/uploads\/Beratungsstelle-768x525.jpg 768w, https:\/\/www.vfg-bonn.de\/fachklinik\/wp-content\/uploads\/Beratungsstelle-705x482.jpg 705w, https:\/\/www.vfg-bonn.de\/fachklinik\/wp-content\/uploads\/Beratungsstelle.jpg 1000w\" sizes=\"(max-width: 450px) 100vw, 450px\" \/><\/a><\/div><\/div><\/div><br \/>\n\n<style type=\"text\/css\" data-created_by=\"avia_inline_auto\" id=\"style-css-av-f0ak0-49ea2f6b13431b751f08bbd742b0948d\">\n#top .hr.hr-invisible.av-f0ak0-49ea2f6b13431b751f08bbd742b0948d{\nheight:50px;\n}\n<\/style>\n<div  class='hr av-f0ak0-49ea2f6b13431b751f08bbd742b0948d hr-invisible  avia-builder-el-7  el_after_av_image  el_before_av_button '><span class='hr-inner '><span class=\"hr-inner-style\"><\/span><\/span><\/div><br \/>\n<div  class='avia-button-wrap av-7ve3k-dd366c1767b7be025f792add1516b4fd-wrap avia-button-right  avia-builder-el-8  el_after_av_hr  avia-builder-el-last '><a href='https:\/\/www.vfg-bonn.de\/fachklinik\/sporttherapie\/'  class='avia-button av-7ve3k-dd366c1767b7be025f792add1516b4fd av-link-btn avia-icon_select-yes-right-icon avia-size-medium avia-position-right avia-color-theme-color'   aria-label=\"Sport- und Bewegungstherapie\u2026\"><span class='avia_iconbox_title' >Sport- und Bewegungstherapie\u2026<\/span><span class='avia_button_icon avia_button_icon_right avia-iconfont avia-font-entypo-fontello' data-av_icon='\ue832' data-av_iconfont='entypo-fontello' ><\/span><\/a><\/div><\/p><\/div><\/div><!--close column table wrapper. Autoclose: 1 --><\/p>\n","protected":false},"excerpt":{"rendered":"","protected":false},"author":1,"featured_media":0,"parent":0,"menu_order":0,"comment_status":"closed","ping_status":"closed","template":"","meta":{"inline_featured_image":false,"footnotes":""},"class_list":["post-920","page","type-page","status-publish","hentry"],"_links":{"self":[{"href":"https:\/\/www.vfg-bonn.de\/fachklinik\/wp-json\/wp\/v2\/pages\/920","targetHints":{"allow":["GET"]}}],"collection":[{"href":"https:\/\/www.vfg-bonn.de\/fachklinik\/wp-json\/wp\/v2\/pages"}],"about":[{"href":"https:\/\/www.vfg-bonn.de\/fachklinik\/wp-json\/wp\/v2\/types\/page"}],"author":[{"embeddable":true,"href":"https:\/\/www.vfg-bonn.de\/fachklinik\/wp-json\/wp\/v2\/users\/1"}],"replies":[{"embeddable":true,"href":"https:\/\/www.vfg-bonn.de\/fachklinik\/wp-json\/wp\/v2\/comments?post=920"}],"version-history":[{"count":6,"href":"https:\/\/www.vfg-bonn.de\/fachklinik\/wp-json\/wp\/v2\/pages\/920\/revisions"}],"predecessor-version":[{"id":3983,"href":"https:\/\/www.vfg-bonn.de\/fachklinik\/wp-json\/wp\/v2\/pages\/920\/revisions\/3983"}],"wp:attachment":[{"href":"https:\/\/www.vfg-bonn.de\/fachklinik\/wp-json\/wp\/v2\/media?parent=920"}],"curies":[{"name":"wp","href":"https:\/\/api.w.org\/{rel}","templated":true}]}}

<style type="text/css" data-created_by="avia_inline_auto" id="style-css-av-1nda2g-573ee46c43eddc8c065376dc0570876c">
.avia-section.av-1nda2g-573ee46c43eddc8c065376dc0570876c .av-parallax .av-parallax-inner{
background-repeat:no-repeat;
background-image:url(https://www.vfg-bonn.de/fachklinik/wp-content/uploads/psychosoziale-Betreuung.jpg);
background-position:50% 50%;
background-attachment:scroll;
}
.avia-section.av-1nda2g-573ee46c43eddc8c065376dc0570876c .av-section-color-overlay{
opacity:0.3;
background-color:#edae44;
}
</style>
<div id='av_section_1'  class='avia-section av-1nda2g-573ee46c43eddc8c065376dc0570876c main_color avia-section-large avia-no-shadow  avia-builder-el-0  el_before_av_three_fifth  avia-builder-el-first  spezialueberschrift avia-full-stretch av-parallax-section avia-bg-style-parallax av-section-color-overlay-active av-minimum-height av-minimum-height-50 av-height-50  container_wrap fullsize'  data-section-bg-repeat='stretch' data-av_minimum_height_pc='50' data-av_min_height_opt='50'><div class='av-parallax' data-avia-parallax-ratio='0.3' ><div class='av-parallax-inner main_color avia-full-stretch'></div></div><div class="av-section-color-overlay-wrap"><div class="av-section-color-overlay"></div><div class='container av-section-cont-open' ><main  role="main" itemprop="mainContentOfPage"  class='template-page content  av-content-full alpha units'><div class='post-entry post-entry-type-page post-entry-920'><div class='entry-content-wrapper clearfix'>

<style type="text/css" data-created_by="avia_inline_auto" id="style-css-av-1g2b8w-3c7d66df501926339041caad8da76121">
#top .av-special-heading.av-1g2b8w-3c7d66df501926339041caad8da76121{
padding-bottom:0;
color:#e3000b;
font-size:40px;
}
body .av-special-heading.av-1g2b8w-3c7d66df501926339041caad8da76121 .av-special-heading-tag .heading-char{
font-size:25px;
}
#top #wrap_all .av-special-heading.av-1g2b8w-3c7d66df501926339041caad8da76121 .av-special-heading-tag{
font-size:40px;
}
.av-special-heading.av-1g2b8w-3c7d66df501926339041caad8da76121 .special-heading-inner-border{
border-color:#e3000b;
}
.av-special-heading.av-1g2b8w-3c7d66df501926339041caad8da76121 .av-subheading{
font-size:15px;
}

@media only screen and (min-width: 480px) and (max-width: 767px){ 
#top #wrap_all .av-special-heading.av-1g2b8w-3c7d66df501926339041caad8da76121 .av-special-heading-tag{
font-size:0.8em;
}
}

@media only screen and (max-width: 479px){ 
#top #wrap_all .av-special-heading.av-1g2b8w-3c7d66df501926339041caad8da76121 .av-special-heading-tag{
font-size:0.8em;
}
}
</style>
<div  class='av-special-heading av-1g2b8w-3c7d66df501926339041caad8da76121 av-special-heading-h3 custom-color-heading blockquote modern-quote  avia-builder-el-1  el_before_av_hr  avia-builder-el-first  av-inherit-size'><h3 class='av-special-heading-tag '  itemprop="headline"  >Sozialberatung</h3><div class="special-heading-border"><div class="special-heading-inner-border"></div></div></div>

<style type="text/css" data-created_by="avia_inline_auto" id="style-css-av-182njc-82c468e153407433797eea0d79fe724d">
#top .hr.av-182njc-82c468e153407433797eea0d79fe724d{
margin-top:30px;
margin-bottom:30px;
}
.hr.av-182njc-82c468e153407433797eea0d79fe724d .hr-inner{
width:20%;
border-color:#e3000b;
max-width:45%;
}
.hr.av-182njc-82c468e153407433797eea0d79fe724d .av-seperator-icon{
color:#e3000b;
}
.hr.av-182njc-82c468e153407433797eea0d79fe724d .av-seperator-icon.avia-svg-icon svg:first-child{
fill:#e3000b;
stroke:#e3000b;
}
</style>
<div  class='hr av-182njc-82c468e153407433797eea0d79fe724d hr-custom  avia-builder-el-2  el_after_av_heading  avia-builder-el-last  hr-left hr-icon-yes'><span class='hr-inner inner-border-av-border-thin'><span class="hr-inner-style"></span></span><span class='av-seperator-icon avia-iconfont avia-font-entypo-fontello' data-av_icon='' data-av_iconfont='entypo-fontello' ></span><span class='hr-inner inner-border-av-border-thin'><span class="hr-inner-style"></span></span></div>
</div></div></main><!-- close content main element --></div></div></div><div id='after_section_1'  class='main_color av_default_container_wrap container_wrap fullsize'  ><div class='container av-section-cont-open' ><div class='template-page content  av-content-full alpha units'><div class='post-entry post-entry-type-page post-entry-920'><div class='entry-content-wrapper clearfix'>
<div class='flex_column_table av-3wikw-d460859b4e71b1d42e4c0401a83fba6c sc-av_three_fifth av-equal-height-column-flextable'>
<style type="text/css" data-created_by="avia_inline_auto" id="style-css-av-3wikw-d460859b4e71b1d42e4c0401a83fba6c">
#top .flex_column_table.av-equal-height-column-flextable.av-3wikw-d460859b4e71b1d42e4c0401a83fba6c{
margin-top:-90px;
}
.flex_column.av-3wikw-d460859b4e71b1d42e4c0401a83fba6c{
border-radius:0px 0px 0px 0px;
padding:30px 30px 30px 30px;
background-color:#ffffff;
}
</style>
<div  class='flex_column av-3wikw-d460859b4e71b1d42e4c0401a83fba6c av_three_fifth  avia-builder-el-3  el_after_av_section  el_before_av_two_fifth  avia-builder-el-first  first no_margin flex_column_table_cell av-equal-height-column av-align-top  '     ><section  class='av_textblock_section av-3i07c-def98dfb775554d5d509dbf1afb7c46c '   itemscope="itemscope" itemtype="https://schema.org/CreativeWork" ><div class='avia_textblock'  itemprop="text" ><p>Der Schwerpunkt der Sozialberatung ist die Unterstützung bei der Abklärung der sozialen Situation. Bei Fragen betreffend Krankenversicherungsschutz, Beantragung der Befreiung von den Zuzahlungen, Beantragung von Leistungen zur Sicherung des Lebensunterhaltes (z. B. ALG-II, Sozialhilfe, Übergangsgeld), Klärung rechtlicher Fragen (z. B. Beantragung von Zurückstellungen nach §35 BtMG, Beantragung von Beratungs- und Prozesskostenhilfe), Fragen zur Wohnsituation (z. B. Vermittlung bei Miet- und Stromrückständen) sowie Fragen im Rahmen der Schuldenregulierung kann die Sozialberatung unterstützend tätig sein.</p>
</div></section></div>
<style type="text/css" data-created_by="avia_inline_auto" id="style-css-av-srwdk-0099f881345ad0a22b07ba346b220a0a">
#top .flex_column_table.av-equal-height-column-flextable.av-srwdk-0099f881345ad0a22b07ba346b220a0a{
margin-top:-90px;
}
.flex_column.av-srwdk-0099f881345ad0a22b07ba346b220a0a{
border-radius:0px 0px 0px 0px;
padding:30px 30px 30px 30px;
background-color:#ffffff;
}
</style>
<div  class='flex_column av-srwdk-0099f881345ad0a22b07ba346b220a0a av_two_fifth  avia-builder-el-5  el_after_av_three_fifth  avia-builder-el-last  no_margin flex_column_table_cell av-equal-height-column av-align-top  '     ><p>
<style type="text/css" data-created_by="avia_inline_auto" id="style-css-av-jpn08-a0d1757b1ca6b8d00f9a60acd77c0c98">
.avia-image-container.av-jpn08-a0d1757b1ca6b8d00f9a60acd77c0c98 img.avia_image{
box-shadow:none;
}
.avia-image-container.av-jpn08-a0d1757b1ca6b8d00f9a60acd77c0c98 .av-image-caption-overlay-center{
color:#ffffff;
}
</style>
<div  class='avia-image-container av-jpn08-a0d1757b1ca6b8d00f9a60acd77c0c98 av-styling- av-img-linked avia_animated_image av-animated-when-visible-95 pop-up avia-align-center  avia-builder-el-6  el_before_av_hr  avia-builder-el-first '   itemprop="image" itemscope="itemscope" itemtype="https://schema.org/ImageObject" ><div class="avia-image-container-inner"><div class="avia-image-overlay-wrap"><a href="https://www.vfg-bonn.de/fachklinik/wp-content/uploads/Beratungsstelle.jpg" data-srcset="https://www.vfg-bonn.de/fachklinik/wp-content/uploads/Beratungsstelle.jpg 1000w, https://www.vfg-bonn.de/fachklinik/wp-content/uploads/Beratungsstelle-450x308.jpg 450w, https://www.vfg-bonn.de/fachklinik/wp-content/uploads/Beratungsstelle-768x525.jpg 768w, https://www.vfg-bonn.de/fachklinik/wp-content/uploads/Beratungsstelle-705x482.jpg 705w" data-sizes="(max-width: 1000px) 100vw, 1000px" class='avia_image '  aria-label='Beratungsstelle'><img decoding="async" fetchpriority="high" class='wp-image-921 avia-img-lazy-loading-not-921 avia_image ' src="https://www.vfg-bonn.de/fachklinik/wp-content/uploads/Beratungsstelle-450x308.jpg" alt='' title='Beratungsstelle'  height="308" width="450"  itemprop="thumbnailUrl" srcset="https://www.vfg-bonn.de/fachklinik/wp-content/uploads/Beratungsstelle-450x308.jpg 450w, https://www.vfg-bonn.de/fachklinik/wp-content/uploads/Beratungsstelle-768x525.jpg 768w, https://www.vfg-bonn.de/fachklinik/wp-content/uploads/Beratungsstelle-705x482.jpg 705w, https://www.vfg-bonn.de/fachklinik/wp-content/uploads/Beratungsstelle.jpg 1000w" sizes="(max-width: 450px) 100vw, 450px" /></a></div></div></div><br />

<style type="text/css" data-created_by="avia_inline_auto" id="style-css-av-f0ak0-49ea2f6b13431b751f08bbd742b0948d">
#top .hr.hr-invisible.av-f0ak0-49ea2f6b13431b751f08bbd742b0948d{
height:50px;
}
</style>
<div  class='hr av-f0ak0-49ea2f6b13431b751f08bbd742b0948d hr-invisible  avia-builder-el-7  el_after_av_image  el_before_av_button '><span class='hr-inner '><span class="hr-inner-style"></span></span></div><br />
<div  class='avia-button-wrap av-7ve3k-dd366c1767b7be025f792add1516b4fd-wrap avia-button-right  avia-builder-el-8  el_after_av_hr  avia-builder-el-last '><a href='https://www.vfg-bonn.de/fachklinik/sporttherapie/'  class='avia-button av-7ve3k-dd366c1767b7be025f792add1516b4fd av-link-btn avia-icon_select-yes-right-icon avia-size-medium avia-position-right avia-color-theme-color'   aria-label="Sport- und Bewegungstherapie…"><span class='avia_iconbox_title' >Sport- und Bewegungstherapie…</span><span class='avia_button_icon avia_button_icon_right avia-iconfont avia-font-entypo-fontello' data-av_icon='' data-av_iconfont='entypo-fontello' ></span></a></div></p></div></div><!--close column table wrapper. Autoclose: 1 --></p>
