{"id":824,"date":"2015-07-06T12:30:44","date_gmt":"2015-07-06T10:30:44","guid":{"rendered":"http:\/\/www.vfg-bonn.de\/wp-fkm\/?page_id=824"},"modified":"2020-02-10T12:51:10","modified_gmt":"2020-02-10T11:51:10","slug":"ihr-weg-zu-uns","status":"publish","type":"page","link":"https:\/\/www.vfg-bonn.de\/fachklinik\/ihr-weg-zu-uns\/","title":{"rendered":"Der Weg zu uns"},"content":{"rendered":"\n<style type=\"text\/css\" data-created_by=\"avia_inline_auto\" id=\"style-css-av-14r6jc-0b0d37dfa341ae30d9c4ce287ac73d4a\">\n.avia-section.av-14r6jc-0b0d37dfa341ae30d9c4ce287ac73d4a .av-parallax .av-parallax-inner{\nbackground-repeat:no-repeat;\nbackground-image:url(https:\/\/www.vfg-bonn.de\/fachklinik\/wp-content\/uploads\/DSC2090-zur-FKM-kommen-a.jpg);\nbackground-position:50% 0%;\nbackground-attachment:scroll;\n}\n<\/style>\n<div id='av_section_1'  class='avia-section av-14r6jc-0b0d37dfa341ae30d9c4ce287ac73d4a main_color avia-section-large avia-no-shadow  avia-builder-el-0  el_before_av_one_full  avia-builder-el-first  spezialueberschrift avia-full-stretch av-parallax-section avia-bg-style-parallax av-minimum-height av-minimum-height-50 av-height-50  container_wrap fullsize'  data-section-bg-repeat='stretch' data-av_minimum_height_pc='50' data-av_min_height_opt='50'><div class='av-parallax' data-avia-parallax-ratio='0.3' ><div class='av-parallax-inner main_color avia-full-stretch'><\/div><\/div><div class='container av-section-cont-open' ><main  role=\"main\" itemprop=\"mainContentOfPage\"  class='template-page content  av-content-full alpha units'><div class='post-entry post-entry-type-page post-entry-824'><div class='entry-content-wrapper clearfix'>\n\n<style type=\"text\/css\" data-created_by=\"avia_inline_auto\" id=\"style-css-av-v8iw0-63383a228e372cc28d12a47284f987c8\">\n#top .av-special-heading.av-v8iw0-63383a228e372cc28d12a47284f987c8{\npadding-bottom:0;\ncolor:#e3000b;\nfont-size:40px;\n}\nbody .av-special-heading.av-v8iw0-63383a228e372cc28d12a47284f987c8 .av-special-heading-tag .heading-char{\nfont-size:25px;\n}\n#top #wrap_all .av-special-heading.av-v8iw0-63383a228e372cc28d12a47284f987c8 .av-special-heading-tag{\nfont-size:40px;\n}\n.av-special-heading.av-v8iw0-63383a228e372cc28d12a47284f987c8 .special-heading-inner-border{\nborder-color:#e3000b;\n}\n.av-special-heading.av-v8iw0-63383a228e372cc28d12a47284f987c8 .av-subheading{\nfont-size:15px;\n}\n\n@media only screen and (min-width: 480px) and (max-width: 767px){ \n#top #wrap_all .av-special-heading.av-v8iw0-63383a228e372cc28d12a47284f987c8 .av-special-heading-tag{\nfont-size:0.8em;\n}\n}\n\n@media only screen and (max-width: 479px){ \n#top #wrap_all .av-special-heading.av-v8iw0-63383a228e372cc28d12a47284f987c8 .av-special-heading-tag{\nfont-size:0.8em;\n}\n}\n<\/style>\n<div  class='av-special-heading av-v8iw0-63383a228e372cc28d12a47284f987c8 av-special-heading-h3 custom-color-heading blockquote modern-quote  avia-builder-el-1  el_before_av_hr  avia-builder-el-first  av-inherit-size'><h3 class='av-special-heading-tag '  itemprop=\"headline\"  >Der Weg zu uns<\/h3><div class=\"special-heading-border\"><div class=\"special-heading-inner-border\"><\/div><\/div><\/div>\n\n<style type=\"text\/css\" data-created_by=\"avia_inline_auto\" id=\"style-css-av-p5sns-92e3ff97e26c68efbbf70382bf606373\">\n#top .hr.av-p5sns-92e3ff97e26c68efbbf70382bf606373{\nmargin-top:30px;\nmargin-bottom:30px;\n}\n.hr.av-p5sns-92e3ff97e26c68efbbf70382bf606373 .hr-inner{\nwidth:20%;\nborder-color:#e3000b;\nmax-width:45%;\n}\n.hr.av-p5sns-92e3ff97e26c68efbbf70382bf606373 .av-seperator-icon{\ncolor:#e3000b;\n}\n.hr.av-p5sns-92e3ff97e26c68efbbf70382bf606373 .av-seperator-icon.avia-svg-icon svg:first-child{\nfill:#e3000b;\nstroke:#e3000b;\n}\n<\/style>\n<div  class='hr av-p5sns-92e3ff97e26c68efbbf70382bf606373 hr-custom  avia-builder-el-2  el_after_av_heading  avia-builder-el-last  hr-left hr-icon-yes'><span class='hr-inner inner-border-av-border-thin'><span class=\"hr-inner-style\"><\/span><\/span><span class='av-seperator-icon avia-iconfont avia-font-entypo-fontello' data-av_icon='\ue8bf' data-av_iconfont='entypo-fontello' ><\/span><span class='hr-inner inner-border-av-border-thin'><span class=\"hr-inner-style\"><\/span><\/span><\/div>\n<\/div><\/div><\/main><!-- close content main element --><\/div><\/div><div id='after_section_1'  class='main_color av_default_container_wrap container_wrap fullsize'  ><div class='container av-section-cont-open' ><div class='template-page content  av-content-full alpha units'><div class='post-entry post-entry-type-page post-entry-824'><div class='entry-content-wrapper clearfix'>\n<div class='flex_column_table av-1vd0o-e6ecab0f4d1b6bd7bc8a5fc486d17438 sc-av_one_full av-equal-height-column-flextable'>\n<style type=\"text\/css\" data-created_by=\"avia_inline_auto\" id=\"style-css-av-1vd0o-e6ecab0f4d1b6bd7bc8a5fc486d17438\">\n#top .flex_column_table.av-equal-height-column-flextable.av-1vd0o-e6ecab0f4d1b6bd7bc8a5fc486d17438{\nmargin-top:-90px;\n}\n.flex_column.av-1vd0o-e6ecab0f4d1b6bd7bc8a5fc486d17438{\nborder-radius:0px 0px 0px 0px;\npadding:30px 30px 30px 30px;\nbackground-color:#ffffff;\n}\n<\/style>\n<div  class='flex_column av-1vd0o-e6ecab0f4d1b6bd7bc8a5fc486d17438 av_one_full  avia-builder-el-3  el_after_av_section  avia-builder-el-no-sibling  first flex_column_table_cell av-equal-height-column av-align-top  '     ><p><section  class='av_textblock_section av-cowxs-9ad3afd608d048f24e46258a23061b17 '   itemscope=\"itemscope\" itemtype=\"https:\/\/schema.org\/CreativeWork\" ><div class='avia_textblock'  itemprop=\"text\" ><p>Leistungen der medizinischen Rehabilitation m\u00fcssen vorab beantragt werden.<\/p>\n<p>F\u00fcr die Beantragung empfehlen wir Ihnen eine Kontaktaufnahme mit der zust\u00e4ndigen Sucht- bzw. Drogenberatungsstelle bzw. dem Gesundheitsamt. Diese Stellen sind bei der Beantragung der medizinischen Rehabilitation behilflich und leiten die Antragsunterlagen an den zust\u00e4ndigen Leistungstr\u00e4ger (Deutsche Rentenversicherung, gesetzliche bzw. private Krankenkassen, Tr\u00e4ger der Sozialhilfe) weiter. Die Beantragung kann auch durch den Kliniksozialdienst im Rahmen einer Entzugsbehandlung (Entgiftung) erfolgen.<\/p>\n<p>Mit dem Bescheid des Leistungstr\u00e4gers kann mit unserem Sozialdienst ein Aufnahmetermin vereinbart werden. Selbstverst\u00e4ndlich gibt es auch die M\u00f6glichkeit, sich bereits im Vorfeld unsere Klinik anzuschauen.<\/p>\n<\/div><\/section><br \/>\n<div  class='avia-button-wrap av-bipnc-203d9f0e7abce29053b3a622f6a5093b-wrap avia-button-right  avia-builder-el-5  el_after_av_textblock  avia-builder-el-last '><a href='https:\/\/www.vfg-bonn.de\/fachklinik\/aufnahme\/'  class='avia-button av-bipnc-203d9f0e7abce29053b3a622f6a5093b av-link-btn avia-icon_select-yes-right-icon avia-size-medium avia-position-right avia-color-theme-color'   aria-label=\"Aufnahme\u2026\"><span class='avia_iconbox_title' >Aufnahme\u2026<\/span><span class='avia_button_icon avia_button_icon_right avia-iconfont avia-font-entypo-fontello' data-av_icon='\ue832' data-av_iconfont='entypo-fontello' ><\/span><\/a><\/div><\/p><\/div><\/div><!--close column table wrapper. Autoclose: 1 -->\n","protected":false},"excerpt":{"rendered":"","protected":false},"author":1,"featured_media":0,"parent":0,"menu_order":0,"comment_status":"closed","ping_status":"closed","template":"","meta":{"inline_featured_image":false,"footnotes":""},"class_list":["post-824","page","type-page","status-publish","hentry"],"_links":{"self":[{"href":"https:\/\/www.vfg-bonn.de\/fachklinik\/wp-json\/wp\/v2\/pages\/824","targetHints":{"allow":["GET"]}}],"collection":[{"href":"https:\/\/www.vfg-bonn.de\/fachklinik\/wp-json\/wp\/v2\/pages"}],"about":[{"href":"https:\/\/www.vfg-bonn.de\/fachklinik\/wp-json\/wp\/v2\/types\/page"}],"author":[{"embeddable":true,"href":"https:\/\/www.vfg-bonn.de\/fachklinik\/wp-json\/wp\/v2\/users\/1"}],"replies":[{"embeddable":true,"href":"https:\/\/www.vfg-bonn.de\/fachklinik\/wp-json\/wp\/v2\/comments?post=824"}],"version-history":[{"count":5,"href":"https:\/\/www.vfg-bonn.de\/fachklinik\/wp-json\/wp\/v2\/pages\/824\/revisions"}],"predecessor-version":[{"id":3657,"href":"https:\/\/www.vfg-bonn.de\/fachklinik\/wp-json\/wp\/v2\/pages\/824\/revisions\/3657"}],"wp:attachment":[{"href":"https:\/\/www.vfg-bonn.de\/fachklinik\/wp-json\/wp\/v2\/media?parent=824"}],"curies":[{"name":"wp","href":"https:\/\/api.w.org\/{rel}","templated":true}]}}

<style type="text/css" data-created_by="avia_inline_auto" id="style-css-av-14r6jc-0b0d37dfa341ae30d9c4ce287ac73d4a">
.avia-section.av-14r6jc-0b0d37dfa341ae30d9c4ce287ac73d4a .av-parallax .av-parallax-inner{
background-repeat:no-repeat;
background-image:url(https://www.vfg-bonn.de/fachklinik/wp-content/uploads/DSC2090-zur-FKM-kommen-a.jpg);
background-position:50% 0%;
background-attachment:scroll;
}
</style>
<div id='av_section_1'  class='avia-section av-14r6jc-0b0d37dfa341ae30d9c4ce287ac73d4a main_color avia-section-large avia-no-shadow  avia-builder-el-0  el_before_av_one_full  avia-builder-el-first  spezialueberschrift avia-full-stretch av-parallax-section avia-bg-style-parallax av-minimum-height av-minimum-height-50 av-height-50  container_wrap fullsize'  data-section-bg-repeat='stretch' data-av_minimum_height_pc='50' data-av_min_height_opt='50'><div class='av-parallax' data-avia-parallax-ratio='0.3' ><div class='av-parallax-inner main_color avia-full-stretch'></div></div><div class='container av-section-cont-open' ><main  role="main" itemprop="mainContentOfPage"  class='template-page content  av-content-full alpha units'><div class='post-entry post-entry-type-page post-entry-824'><div class='entry-content-wrapper clearfix'>

<style type="text/css" data-created_by="avia_inline_auto" id="style-css-av-v8iw0-63383a228e372cc28d12a47284f987c8">
#top .av-special-heading.av-v8iw0-63383a228e372cc28d12a47284f987c8{
padding-bottom:0;
color:#e3000b;
font-size:40px;
}
body .av-special-heading.av-v8iw0-63383a228e372cc28d12a47284f987c8 .av-special-heading-tag .heading-char{
font-size:25px;
}
#top #wrap_all .av-special-heading.av-v8iw0-63383a228e372cc28d12a47284f987c8 .av-special-heading-tag{
font-size:40px;
}
.av-special-heading.av-v8iw0-63383a228e372cc28d12a47284f987c8 .special-heading-inner-border{
border-color:#e3000b;
}
.av-special-heading.av-v8iw0-63383a228e372cc28d12a47284f987c8 .av-subheading{
font-size:15px;
}

@media only screen and (min-width: 480px) and (max-width: 767px){ 
#top #wrap_all .av-special-heading.av-v8iw0-63383a228e372cc28d12a47284f987c8 .av-special-heading-tag{
font-size:0.8em;
}
}

@media only screen and (max-width: 479px){ 
#top #wrap_all .av-special-heading.av-v8iw0-63383a228e372cc28d12a47284f987c8 .av-special-heading-tag{
font-size:0.8em;
}
}
</style>
<div  class='av-special-heading av-v8iw0-63383a228e372cc28d12a47284f987c8 av-special-heading-h3 custom-color-heading blockquote modern-quote  avia-builder-el-1  el_before_av_hr  avia-builder-el-first  av-inherit-size'><h3 class='av-special-heading-tag '  itemprop="headline"  >Der Weg zu uns</h3><div class="special-heading-border"><div class="special-heading-inner-border"></div></div></div>

<style type="text/css" data-created_by="avia_inline_auto" id="style-css-av-p5sns-92e3ff97e26c68efbbf70382bf606373">
#top .hr.av-p5sns-92e3ff97e26c68efbbf70382bf606373{
margin-top:30px;
margin-bottom:30px;
}
.hr.av-p5sns-92e3ff97e26c68efbbf70382bf606373 .hr-inner{
width:20%;
border-color:#e3000b;
max-width:45%;
}
.hr.av-p5sns-92e3ff97e26c68efbbf70382bf606373 .av-seperator-icon{
color:#e3000b;
}
.hr.av-p5sns-92e3ff97e26c68efbbf70382bf606373 .av-seperator-icon.avia-svg-icon svg:first-child{
fill:#e3000b;
stroke:#e3000b;
}
</style>
<div  class='hr av-p5sns-92e3ff97e26c68efbbf70382bf606373 hr-custom  avia-builder-el-2  el_after_av_heading  avia-builder-el-last  hr-left hr-icon-yes'><span class='hr-inner inner-border-av-border-thin'><span class="hr-inner-style"></span></span><span class='av-seperator-icon avia-iconfont avia-font-entypo-fontello' data-av_icon='' data-av_iconfont='entypo-fontello' ></span><span class='hr-inner inner-border-av-border-thin'><span class="hr-inner-style"></span></span></div>
</div></div></main><!-- close content main element --></div></div><div id='after_section_1'  class='main_color av_default_container_wrap container_wrap fullsize'  ><div class='container av-section-cont-open' ><div class='template-page content  av-content-full alpha units'><div class='post-entry post-entry-type-page post-entry-824'><div class='entry-content-wrapper clearfix'>
<div class='flex_column_table av-1vd0o-e6ecab0f4d1b6bd7bc8a5fc486d17438 sc-av_one_full av-equal-height-column-flextable'>
<style type="text/css" data-created_by="avia_inline_auto" id="style-css-av-1vd0o-e6ecab0f4d1b6bd7bc8a5fc486d17438">
#top .flex_column_table.av-equal-height-column-flextable.av-1vd0o-e6ecab0f4d1b6bd7bc8a5fc486d17438{
margin-top:-90px;
}
.flex_column.av-1vd0o-e6ecab0f4d1b6bd7bc8a5fc486d17438{
border-radius:0px 0px 0px 0px;
padding:30px 30px 30px 30px;
background-color:#ffffff;
}
</style>
<div  class='flex_column av-1vd0o-e6ecab0f4d1b6bd7bc8a5fc486d17438 av_one_full  avia-builder-el-3  el_after_av_section  avia-builder-el-no-sibling  first flex_column_table_cell av-equal-height-column av-align-top  '     ><p><section  class='av_textblock_section av-cowxs-9ad3afd608d048f24e46258a23061b17 '   itemscope="itemscope" itemtype="https://schema.org/CreativeWork" ><div class='avia_textblock'  itemprop="text" ><p>Leistungen der medizinischen Rehabilitation müssen vorab beantragt werden.</p>
<p>Für die Beantragung empfehlen wir Ihnen eine Kontaktaufnahme mit der zuständigen Sucht- bzw. Drogenberatungsstelle bzw. dem Gesundheitsamt. Diese Stellen sind bei der Beantragung der medizinischen Rehabilitation behilflich und leiten die Antragsunterlagen an den zuständigen Leistungsträger (Deutsche Rentenversicherung, gesetzliche bzw. private Krankenkassen, Träger der Sozialhilfe) weiter. Die Beantragung kann auch durch den Kliniksozialdienst im Rahmen einer Entzugsbehandlung (Entgiftung) erfolgen.</p>
<p>Mit dem Bescheid des Leistungsträgers kann mit unserem Sozialdienst ein Aufnahmetermin vereinbart werden. Selbstverständlich gibt es auch die Möglichkeit, sich bereits im Vorfeld unsere Klinik anzuschauen.</p>
</div></section><br />
<div  class='avia-button-wrap av-bipnc-203d9f0e7abce29053b3a622f6a5093b-wrap avia-button-right  avia-builder-el-5  el_after_av_textblock  avia-builder-el-last '><a href='https://www.vfg-bonn.de/fachklinik/aufnahme/'  class='avia-button av-bipnc-203d9f0e7abce29053b3a622f6a5093b av-link-btn avia-icon_select-yes-right-icon avia-size-medium avia-position-right avia-color-theme-color'   aria-label="Aufnahme…"><span class='avia_iconbox_title' >Aufnahme…</span><span class='avia_button_icon avia_button_icon_right avia-iconfont avia-font-entypo-fontello' data-av_icon='' data-av_iconfont='entypo-fontello' ></span></a></div></p></div></div><!--close column table wrapper. Autoclose: 1 -->
