{"id":819,"date":"2015-07-06T12:23:09","date_gmt":"2015-07-06T10:23:09","guid":{"rendered":"http:\/\/www.vfg-bonn.de\/wp-fkm\/?page_id=819"},"modified":"2025-06-26T15:02:23","modified_gmt":"2025-06-26T13:02:23","slug":"behandlungsschwerpunkte","status":"publish","type":"page","link":"https:\/\/www.vfg-bonn.de\/fachklinik\/behandlungsschwerpunkte\/","title":{"rendered":"Behandlungsschwerpunkte"},"content":{"rendered":"\n<style type=\"text\/css\" data-created_by=\"avia_inline_auto\" id=\"style-css-av-14072z-12972530e39bc5a383f6fc193e3ed860\">\n.avia-section.av-14072z-12972530e39bc5a383f6fc193e3ed860 .av-parallax .av-parallax-inner{\nbackground-repeat:no-repeat;\nbackground-image:url(https:\/\/www.vfg-bonn.de\/fachklinik\/wp-content\/uploads\/DSC2387-1030x538.jpg);\nbackground-position:100% 100%;\nbackground-attachment:scroll;\n}\n<\/style>\n<div id='av_section_1'  class='avia-section av-14072z-12972530e39bc5a383f6fc193e3ed860 main_color avia-section-large avia-no-shadow  avia-builder-el-0  el_before_av_one_full  avia-builder-el-first  spezialueberschrift avia-full-stretch av-parallax-section avia-bg-style-parallax av-minimum-height av-minimum-height-50 av-height-50  container_wrap fullsize'  data-section-bg-repeat='stretch' data-av_minimum_height_pc='50' data-av_min_height_opt='50'><div class='av-parallax' data-avia-parallax-ratio='0.3' ><div class='av-parallax-inner main_color avia-full-stretch'><\/div><\/div><div class='container av-section-cont-open' ><main  role=\"main\" itemprop=\"mainContentOfPage\"  class='template-page content  av-content-full alpha units'><div class='post-entry post-entry-type-page post-entry-819'><div class='entry-content-wrapper clearfix'>\n\n<style type=\"text\/css\" data-created_by=\"avia_inline_auto\" id=\"style-css-av-yacl7-eaa296bbce0480611cce7bf9a1aed5c3\">\n#top .av-special-heading.av-yacl7-eaa296bbce0480611cce7bf9a1aed5c3{\npadding-bottom:0;\ncolor:#e3000b;\nfont-size:40px;\n}\nbody .av-special-heading.av-yacl7-eaa296bbce0480611cce7bf9a1aed5c3 .av-special-heading-tag .heading-char{\nfont-size:25px;\n}\n#top #wrap_all .av-special-heading.av-yacl7-eaa296bbce0480611cce7bf9a1aed5c3 .av-special-heading-tag{\nfont-size:40px;\n}\n.av-special-heading.av-yacl7-eaa296bbce0480611cce7bf9a1aed5c3 .special-heading-inner-border{\nborder-color:#e3000b;\n}\n.av-special-heading.av-yacl7-eaa296bbce0480611cce7bf9a1aed5c3 .av-subheading{\nfont-size:15px;\n}\n\n@media only screen and (min-width: 480px) and (max-width: 767px){ \n#top #wrap_all .av-special-heading.av-yacl7-eaa296bbce0480611cce7bf9a1aed5c3 .av-special-heading-tag{\nfont-size:0.8em;\n}\n}\n\n@media only screen and (max-width: 479px){ \n#top #wrap_all .av-special-heading.av-yacl7-eaa296bbce0480611cce7bf9a1aed5c3 .av-special-heading-tag{\nfont-size:0.8em;\n}\n}\n<\/style>\n<div  class='av-special-heading av-yacl7-eaa296bbce0480611cce7bf9a1aed5c3 av-special-heading-h3 custom-color-heading blockquote modern-quote  avia-builder-el-1  el_before_av_hr  avia-builder-el-first  av-inherit-size'><h3 class='av-special-heading-tag '  itemprop=\"headline\"  >Behandlungs\u00adschwerpunkte<\/h3><div class=\"special-heading-border\"><div class=\"special-heading-inner-border\"><\/div><\/div><\/div>\n\n<style type=\"text\/css\" data-created_by=\"avia_inline_auto\" id=\"style-css-av-a2ij-cb428aa28f8f96b338ca060e06bbb2ff\">\n#top .hr.av-a2ij-cb428aa28f8f96b338ca060e06bbb2ff{\nmargin-top:30px;\nmargin-bottom:30px;\n}\n.hr.av-a2ij-cb428aa28f8f96b338ca060e06bbb2ff .hr-inner{\nwidth:20%;\nborder-color:#e3000b;\nmax-width:45%;\n}\n.hr.av-a2ij-cb428aa28f8f96b338ca060e06bbb2ff .av-seperator-icon{\ncolor:#e3000b;\n}\n.hr.av-a2ij-cb428aa28f8f96b338ca060e06bbb2ff .av-seperator-icon.avia-svg-icon svg:first-child{\nfill:#e3000b;\nstroke:#e3000b;\n}\n<\/style>\n<div  class='hr av-a2ij-cb428aa28f8f96b338ca060e06bbb2ff hr-custom  avia-builder-el-2  el_after_av_heading  avia-builder-el-last  hr-left hr-icon-yes'><span class='hr-inner inner-border-av-border-thin'><span class=\"hr-inner-style\"><\/span><\/span><span class='av-seperator-icon avia-iconfont avia-font-entypo-fontello' data-av_icon='\ue8bf' data-av_iconfont='entypo-fontello' ><\/span><span class='hr-inner inner-border-av-border-thin'><span class=\"hr-inner-style\"><\/span><\/span><\/div>\n<\/div><\/div><\/main><!-- close content main element --><\/div><\/div><div id='after_section_1'  class='main_color av_default_container_wrap container_wrap fullsize'  ><div class='container av-section-cont-open' ><div class='template-page content  av-content-full alpha units'><div class='post-entry post-entry-type-page post-entry-819'><div class='entry-content-wrapper clearfix'>\n<div class='flex_column_table av-lhfzv-ef0cb4a9c2a43da01c2ac5824add16e6 sc-av_one_full av-equal-height-column-flextable'>\n<style type=\"text\/css\" data-created_by=\"avia_inline_auto\" id=\"style-css-av-lhfzv-ef0cb4a9c2a43da01c2ac5824add16e6\">\n#top .flex_column_table.av-equal-height-column-flextable.av-lhfzv-ef0cb4a9c2a43da01c2ac5824add16e6{\nmargin-top:-90px;\n}\n.flex_column.av-lhfzv-ef0cb4a9c2a43da01c2ac5824add16e6{\nborder-radius:0px 0px 0px 0px;\npadding:30px 30px 30px 30px;\nbackground-color:#ffffff;\n}\n<\/style>\n<div  class='flex_column av-lhfzv-ef0cb4a9c2a43da01c2ac5824add16e6 av_one_full  avia-builder-el-3  el_after_av_section  avia-builder-el-no-sibling  first flex_column_table_cell av-equal-height-column av-align-top  '     ><p><section  class='av_textblock_section av-gv877-77b3b71256868d289b3b804124f18e50 '   itemscope=\"itemscope\" itemtype=\"https:\/\/schema.org\/CreativeWork\" ><div class='avia_textblock'  itemprop=\"text\" ><p>In der Fachklinik Meckenheim werden M\u00e4nner ab 18 Jahren mit allen stoffgebundenen und stoffungebundenen Abh\u00e4ngigkeiten behandelt. Weiterhin bietet die Fachklinik eine integrative Behandlung von psychischen Erkrankungen an. Unser Selbstverst\u00e4ndnis ist die Individualit\u00e4t der Behandlung: Die Ursachen der Entstehung der Abh\u00e4ngigkeitserkrankung und ggf. weiterer psychischer Erkrankungen sind bei jedem Menschen unterschiedlich, so dass ein individuelles Therapieprogramm nach den Symptomen, der Notwendigkeit und den Bed\u00fcrfnissen f\u00fcr jeden Rehabilitanden zusammengestellt wird.<\/p>\n<p>Spezifische Behandlungsangebote gibt es f\u00fcr folgende Erkrankungen<\/p>\n<ul>\n<li>Hauptdiagnose Canabis- und Amphetamin\u00adabh\u00e4ngigkeit<\/li>\n<li>Hauptdiagnose Opioid\u00adabh\u00e4ngigkeit<\/li>\n<li>Hauptdiagnose Alkohol- und Medi\u00adka\u00admenten\u00ad\u00ad\u00ad\u00adabh\u00e4ngigkeit<\/li>\n<li>Nebendiagnose Trauma\u00adfolgest\u00f6rungen<\/li>\n<li>Nebendiagnose Drogeninduzierte Psychose \/ Schizophrenie<\/li>\n<li>Nebendiagnose ADHS im Erwachsenenalter<\/li>\n<\/ul>\n<p>Im Kontext unserer medizinischen Rehabilitation finden somatische Zusatzdiagnosen in unserer Behandlung eine ad\u00e4quate Ber\u00fccksichtigung und werden in der Fachklinik oder durch fach\u00e4rztliche Unterst\u00fctzung unserer Kooperationspartner behandelt. Rehabilitanden mit komorbiden somatischen Erkrankungen, die eine akutmedizinische Behandlungsbed\u00fcrftigkeit aufweisen (z. B. entgleister Diabetes mellitus, entgleiste arterielle Hypertonie, dekompensierte Leberzirrhose) oder die zu einer l\u00e4ngerfristigen Einschr\u00e4nkung der Teilnahme am Therapieprogramm f\u00fchren (z. B. Blindheit, Taubheit, fortgeschrittene Stadien chronischer Erkrankungen) k\u00f6nnen in der Fachklinik nicht behandelt werden.<\/p>\n<p>Sofern die medizinischen Voraussetzungen erf\u00fcllt sind, werden auch M\u00e4nner aufgenommen, die eine gerichtliche Auflage f\u00fcr eine Entw\u00f6hnungsbehandlung haben, z. B. entsprechend \u00a735 Bet\u00e4ubungsmittelgesetz (BtMG).<\/p>\n<\/div><\/section><br \/>\n<div  class='avia-button-wrap av-6vqub-7968212d000fbe4bb9248169857ae9e5-wrap avia-button-right  avia-builder-el-5  el_after_av_textblock  avia-builder-el-last '><a href='https:\/\/www.vfg-bonn.de\/fachklinik\/cannabis-amphetamine\/'  class='avia-button av-6vqub-7968212d000fbe4bb9248169857ae9e5 av-link-btn avia-icon_select-yes-right-icon avia-size-medium avia-position-right avia-color-theme-color'   aria-label=\"Cannabis- und Amphetaminabh\u00e4ngigkeit\u2026\"><span class='avia_iconbox_title' >Cannabis- und Amphetaminabh\u00e4ngigkeit\u2026<\/span><span class='avia_button_icon avia_button_icon_right avia-iconfont avia-font-entypo-fontello' data-av_icon='\ue832' data-av_iconfont='entypo-fontello' ><\/span><\/a><\/div><\/p><\/div><\/div><!--close column table wrapper. Autoclose: 1 -->\n","protected":false},"excerpt":{"rendered":"","protected":false},"author":1,"featured_media":4400,"parent":0,"menu_order":0,"comment_status":"closed","ping_status":"closed","template":"","meta":{"inline_featured_image":false,"footnotes":""},"class_list":["post-819","page","type-page","status-publish","has-post-thumbnail","hentry"],"_links":{"self":[{"href":"https:\/\/www.vfg-bonn.de\/fachklinik\/wp-json\/wp\/v2\/pages\/819","targetHints":{"allow":["GET"]}}],"collection":[{"href":"https:\/\/www.vfg-bonn.de\/fachklinik\/wp-json\/wp\/v2\/pages"}],"about":[{"href":"https:\/\/www.vfg-bonn.de\/fachklinik\/wp-json\/wp\/v2\/types\/page"}],"author":[{"embeddable":true,"href":"https:\/\/www.vfg-bonn.de\/fachklinik\/wp-json\/wp\/v2\/users\/1"}],"replies":[{"embeddable":true,"href":"https:\/\/www.vfg-bonn.de\/fachklinik\/wp-json\/wp\/v2\/comments?post=819"}],"version-history":[{"count":8,"href":"https:\/\/www.vfg-bonn.de\/fachklinik\/wp-json\/wp\/v2\/pages\/819\/revisions"}],"predecessor-version":[{"id":4399,"href":"https:\/\/www.vfg-bonn.de\/fachklinik\/wp-json\/wp\/v2\/pages\/819\/revisions\/4399"}],"wp:featuredmedia":[{"embeddable":true,"href":"https:\/\/www.vfg-bonn.de\/fachklinik\/wp-json\/wp\/v2\/media\/4400"}],"wp:attachment":[{"href":"https:\/\/www.vfg-bonn.de\/fachklinik\/wp-json\/wp\/v2\/media?parent=819"}],"curies":[{"name":"wp","href":"https:\/\/api.w.org\/{rel}","templated":true}]}}

<style type="text/css" data-created_by="avia_inline_auto" id="style-css-av-14072z-12972530e39bc5a383f6fc193e3ed860">
.avia-section.av-14072z-12972530e39bc5a383f6fc193e3ed860 .av-parallax .av-parallax-inner{
background-repeat:no-repeat;
background-image:url(https://www.vfg-bonn.de/fachklinik/wp-content/uploads/DSC2387-1030x538.jpg);
background-position:100% 100%;
background-attachment:scroll;
}
</style>
<div id='av_section_1'  class='avia-section av-14072z-12972530e39bc5a383f6fc193e3ed860 main_color avia-section-large avia-no-shadow  avia-builder-el-0  el_before_av_one_full  avia-builder-el-first  spezialueberschrift avia-full-stretch av-parallax-section avia-bg-style-parallax av-minimum-height av-minimum-height-50 av-height-50  container_wrap fullsize'  data-section-bg-repeat='stretch' data-av_minimum_height_pc='50' data-av_min_height_opt='50'><div class='av-parallax' data-avia-parallax-ratio='0.3' ><div class='av-parallax-inner main_color avia-full-stretch'></div></div><div class='container av-section-cont-open' ><main  role="main" itemprop="mainContentOfPage"  class='template-page content  av-content-full alpha units'><div class='post-entry post-entry-type-page post-entry-819'><div class='entry-content-wrapper clearfix'>

<style type="text/css" data-created_by="avia_inline_auto" id="style-css-av-yacl7-eaa296bbce0480611cce7bf9a1aed5c3">
#top .av-special-heading.av-yacl7-eaa296bbce0480611cce7bf9a1aed5c3{
padding-bottom:0;
color:#e3000b;
font-size:40px;
}
body .av-special-heading.av-yacl7-eaa296bbce0480611cce7bf9a1aed5c3 .av-special-heading-tag .heading-char{
font-size:25px;
}
#top #wrap_all .av-special-heading.av-yacl7-eaa296bbce0480611cce7bf9a1aed5c3 .av-special-heading-tag{
font-size:40px;
}
.av-special-heading.av-yacl7-eaa296bbce0480611cce7bf9a1aed5c3 .special-heading-inner-border{
border-color:#e3000b;
}
.av-special-heading.av-yacl7-eaa296bbce0480611cce7bf9a1aed5c3 .av-subheading{
font-size:15px;
}

@media only screen and (min-width: 480px) and (max-width: 767px){ 
#top #wrap_all .av-special-heading.av-yacl7-eaa296bbce0480611cce7bf9a1aed5c3 .av-special-heading-tag{
font-size:0.8em;
}
}

@media only screen and (max-width: 479px){ 
#top #wrap_all .av-special-heading.av-yacl7-eaa296bbce0480611cce7bf9a1aed5c3 .av-special-heading-tag{
font-size:0.8em;
}
}
</style>
<div  class='av-special-heading av-yacl7-eaa296bbce0480611cce7bf9a1aed5c3 av-special-heading-h3 custom-color-heading blockquote modern-quote  avia-builder-el-1  el_before_av_hr  avia-builder-el-first  av-inherit-size'><h3 class='av-special-heading-tag '  itemprop="headline"  >Behandlungs­schwerpunkte</h3><div class="special-heading-border"><div class="special-heading-inner-border"></div></div></div>

<style type="text/css" data-created_by="avia_inline_auto" id="style-css-av-a2ij-cb428aa28f8f96b338ca060e06bbb2ff">
#top .hr.av-a2ij-cb428aa28f8f96b338ca060e06bbb2ff{
margin-top:30px;
margin-bottom:30px;
}
.hr.av-a2ij-cb428aa28f8f96b338ca060e06bbb2ff .hr-inner{
width:20%;
border-color:#e3000b;
max-width:45%;
}
.hr.av-a2ij-cb428aa28f8f96b338ca060e06bbb2ff .av-seperator-icon{
color:#e3000b;
}
.hr.av-a2ij-cb428aa28f8f96b338ca060e06bbb2ff .av-seperator-icon.avia-svg-icon svg:first-child{
fill:#e3000b;
stroke:#e3000b;
}
</style>
<div  class='hr av-a2ij-cb428aa28f8f96b338ca060e06bbb2ff hr-custom  avia-builder-el-2  el_after_av_heading  avia-builder-el-last  hr-left hr-icon-yes'><span class='hr-inner inner-border-av-border-thin'><span class="hr-inner-style"></span></span><span class='av-seperator-icon avia-iconfont avia-font-entypo-fontello' data-av_icon='' data-av_iconfont='entypo-fontello' ></span><span class='hr-inner inner-border-av-border-thin'><span class="hr-inner-style"></span></span></div>
</div></div></main><!-- close content main element --></div></div><div id='after_section_1'  class='main_color av_default_container_wrap container_wrap fullsize'  ><div class='container av-section-cont-open' ><div class='template-page content  av-content-full alpha units'><div class='post-entry post-entry-type-page post-entry-819'><div class='entry-content-wrapper clearfix'>
<div class='flex_column_table av-lhfzv-ef0cb4a9c2a43da01c2ac5824add16e6 sc-av_one_full av-equal-height-column-flextable'>
<style type="text/css" data-created_by="avia_inline_auto" id="style-css-av-lhfzv-ef0cb4a9c2a43da01c2ac5824add16e6">
#top .flex_column_table.av-equal-height-column-flextable.av-lhfzv-ef0cb4a9c2a43da01c2ac5824add16e6{
margin-top:-90px;
}
.flex_column.av-lhfzv-ef0cb4a9c2a43da01c2ac5824add16e6{
border-radius:0px 0px 0px 0px;
padding:30px 30px 30px 30px;
background-color:#ffffff;
}
</style>
<div  class='flex_column av-lhfzv-ef0cb4a9c2a43da01c2ac5824add16e6 av_one_full  avia-builder-el-3  el_after_av_section  avia-builder-el-no-sibling  first flex_column_table_cell av-equal-height-column av-align-top  '     ><p><section  class='av_textblock_section av-gv877-77b3b71256868d289b3b804124f18e50 '   itemscope="itemscope" itemtype="https://schema.org/CreativeWork" ><div class='avia_textblock'  itemprop="text" ><p>In der Fachklinik Meckenheim werden Männer ab 18 Jahren mit allen stoffgebundenen und stoffungebundenen Abhängigkeiten behandelt. Weiterhin bietet die Fachklinik eine integrative Behandlung von psychischen Erkrankungen an. Unser Selbstverständnis ist die Individualität der Behandlung: Die Ursachen der Entstehung der Abhängigkeitserkrankung und ggf. weiterer psychischer Erkrankungen sind bei jedem Menschen unterschiedlich, so dass ein individuelles Therapieprogramm nach den Symptomen, der Notwendigkeit und den Bedürfnissen für jeden Rehabilitanden zusammengestellt wird.</p>
<p>Spezifische Behandlungsangebote gibt es für folgende Erkrankungen</p>
<ul>
<li>Hauptdiagnose Canabis- und Amphetamin­abhängigkeit</li>
<li>Hauptdiagnose Opioid­abhängigkeit</li>
<li>Hauptdiagnose Alkohol- und Medi­ka­menten­­­­abhängigkeit</li>
<li>Nebendiagnose Trauma­folgestörungen</li>
<li>Nebendiagnose Drogeninduzierte Psychose / Schizophrenie</li>
<li>Nebendiagnose ADHS im Erwachsenenalter</li>
</ul>
<p>Im Kontext unserer medizinischen Rehabilitation finden somatische Zusatzdiagnosen in unserer Behandlung eine adäquate Berücksichtigung und werden in der Fachklinik oder durch fachärztliche Unterstützung unserer Kooperationspartner behandelt. Rehabilitanden mit komorbiden somatischen Erkrankungen, die eine akutmedizinische Behandlungsbedürftigkeit aufweisen (z. B. entgleister Diabetes mellitus, entgleiste arterielle Hypertonie, dekompensierte Leberzirrhose) oder die zu einer längerfristigen Einschränkung der Teilnahme am Therapieprogramm führen (z. B. Blindheit, Taubheit, fortgeschrittene Stadien chronischer Erkrankungen) können in der Fachklinik nicht behandelt werden.</p>
<p>Sofern die medizinischen Voraussetzungen erfüllt sind, werden auch Männer aufgenommen, die eine gerichtliche Auflage für eine Entwöhnungsbehandlung haben, z. B. entsprechend §35 Betäubungsmittelgesetz (BtMG).</p>
</div></section><br />
<div  class='avia-button-wrap av-6vqub-7968212d000fbe4bb9248169857ae9e5-wrap avia-button-right  avia-builder-el-5  el_after_av_textblock  avia-builder-el-last '><a href='https://www.vfg-bonn.de/fachklinik/cannabis-amphetamine/'  class='avia-button av-6vqub-7968212d000fbe4bb9248169857ae9e5 av-link-btn avia-icon_select-yes-right-icon avia-size-medium avia-position-right avia-color-theme-color'   aria-label="Cannabis- und Amphetaminabhängigkeit…"><span class='avia_iconbox_title' >Cannabis- und Amphetaminabhängigkeit…</span><span class='avia_button_icon avia_button_icon_right avia-iconfont avia-font-entypo-fontello' data-av_icon='' data-av_iconfont='entypo-fontello' ></span></a></div></p></div></div><!--close column table wrapper. Autoclose: 1 -->
