{"id":562,"date":"2015-06-18T21:10:59","date_gmt":"2015-06-18T19:10:59","guid":{"rendered":"http:\/\/www.vfg-bonn.de\/wp-fkm\/?page_id=562"},"modified":"2024-06-25T15:07:05","modified_gmt":"2024-06-25T13:07:05","slug":"aufnahme","status":"publish","type":"page","link":"https:\/\/www.vfg-bonn.de\/fachklinik\/aufnahme\/","title":{"rendered":"Aufnahme"},"content":{"rendered":"\n<style type=\"text\/css\" data-created_by=\"avia_inline_auto\" id=\"style-css-av-14ht56-7c959a62d2a503ed8938c28a8b08373e\">\n.avia-section.av-14ht56-7c959a62d2a503ed8938c28a8b08373e .av-parallax .av-parallax-inner{\nbackground-repeat:no-repeat;\nbackground-image:url(https:\/\/www.vfg-bonn.de\/fachklinik\/wp-content\/uploads\/DSC2420-Vertrag.jpg);\nbackground-position:50% 100%;\nbackground-attachment:scroll;\n}\n<\/style>\n<div id='av_section_1'  class='avia-section av-14ht56-7c959a62d2a503ed8938c28a8b08373e main_color avia-section-large avia-no-shadow  avia-builder-el-0  el_before_av_one_full  avia-builder-el-first  spezialueberschrift avia-full-stretch av-parallax-section avia-bg-style-parallax av-minimum-height av-minimum-height-50 av-height-50  container_wrap fullsize'  data-section-bg-repeat='stretch' data-av_minimum_height_pc='50' data-av_min_height_opt='50'><div class='av-parallax' data-avia-parallax-ratio='0.3' ><div class='av-parallax-inner main_color avia-full-stretch'><\/div><\/div><div class='container av-section-cont-open' ><main  role=\"main\" itemprop=\"mainContentOfPage\"  class='template-page content  av-content-full alpha units'><div class='post-entry post-entry-type-page post-entry-562'><div class='entry-content-wrapper clearfix'>\n\n<style type=\"text\/css\" data-created_by=\"avia_inline_auto\" id=\"style-css-av-uj7f6-c0ba86ecb3722b8bc7f7c7e270f69108\">\n#top .av-special-heading.av-uj7f6-c0ba86ecb3722b8bc7f7c7e270f69108{\npadding-bottom:0;\ncolor:#e3000b;\nfont-size:40px;\n}\nbody .av-special-heading.av-uj7f6-c0ba86ecb3722b8bc7f7c7e270f69108 .av-special-heading-tag .heading-char{\nfont-size:25px;\n}\n#top #wrap_all .av-special-heading.av-uj7f6-c0ba86ecb3722b8bc7f7c7e270f69108 .av-special-heading-tag{\nfont-size:40px;\n}\n.av-special-heading.av-uj7f6-c0ba86ecb3722b8bc7f7c7e270f69108 .special-heading-inner-border{\nborder-color:#e3000b;\n}\n.av-special-heading.av-uj7f6-c0ba86ecb3722b8bc7f7c7e270f69108 .av-subheading{\nfont-size:15px;\n}\n\n@media only screen and (min-width: 480px) and (max-width: 767px){ \n#top #wrap_all .av-special-heading.av-uj7f6-c0ba86ecb3722b8bc7f7c7e270f69108 .av-special-heading-tag{\nfont-size:0.8em;\n}\n}\n\n@media only screen and (max-width: 479px){ \n#top #wrap_all .av-special-heading.av-uj7f6-c0ba86ecb3722b8bc7f7c7e270f69108 .av-special-heading-tag{\nfont-size:0.8em;\n}\n}\n<\/style>\n<div  class='av-special-heading av-uj7f6-c0ba86ecb3722b8bc7f7c7e270f69108 av-special-heading-h3 custom-color-heading blockquote modern-quote  avia-builder-el-1  el_before_av_hr  avia-builder-el-first  av-inherit-size'><h3 class='av-special-heading-tag '  itemprop=\"headline\"  >Aufnahme<\/h3><div class=\"special-heading-border\"><div class=\"special-heading-inner-border\"><\/div><\/div><\/div>\n\n<style type=\"text\/css\" data-created_by=\"avia_inline_auto\" id=\"style-css-av-so1ze-b069e9b72f11f1e6de2d4b0eba13c6ed\">\n#top .hr.av-so1ze-b069e9b72f11f1e6de2d4b0eba13c6ed{\nmargin-top:30px;\nmargin-bottom:30px;\n}\n.hr.av-so1ze-b069e9b72f11f1e6de2d4b0eba13c6ed .hr-inner{\nwidth:20%;\nborder-color:rgba(255,255,255,0.76);\nmax-width:45%;\n}\n.hr.av-so1ze-b069e9b72f11f1e6de2d4b0eba13c6ed .av-seperator-icon{\ncolor:#ffffff;\n}\n.hr.av-so1ze-b069e9b72f11f1e6de2d4b0eba13c6ed .av-seperator-icon.avia-svg-icon svg:first-child{\nfill:#ffffff;\nstroke:#ffffff;\n}\n<\/style>\n<div  class='hr av-so1ze-b069e9b72f11f1e6de2d4b0eba13c6ed hr-custom  avia-builder-el-2  el_after_av_heading  avia-builder-el-last  hr-left hr-icon-yes'><span class='hr-inner inner-border-av-border-thin'><span class=\"hr-inner-style\"><\/span><\/span><span class='av-seperator-icon avia-iconfont avia-font-entypo-fontello' data-av_icon='\ue8bf' data-av_iconfont='entypo-fontello' ><\/span><span class='hr-inner inner-border-av-border-thin'><span class=\"hr-inner-style\"><\/span><\/span><\/div>\n<\/div><\/div><\/main><!-- close content main element --><\/div><\/div><div id='after_section_1'  class='main_color av_default_container_wrap container_wrap fullsize'  ><div class='container av-section-cont-open' ><div class='template-page content  av-content-full alpha units'><div class='post-entry post-entry-type-page post-entry-562'><div class='entry-content-wrapper clearfix'>\n<div class='flex_column_table av-m0ccq-a50c3a98ac6b6c2e1d76089fc77344e4 sc-av_one_full av-equal-height-column-flextable'>\n<style type=\"text\/css\" data-created_by=\"avia_inline_auto\" id=\"style-css-av-m0ccq-a50c3a98ac6b6c2e1d76089fc77344e4\">\n#top .flex_column_table.av-equal-height-column-flextable.av-m0ccq-a50c3a98ac6b6c2e1d76089fc77344e4{\nmargin-top:-90px;\n}\n.flex_column.av-m0ccq-a50c3a98ac6b6c2e1d76089fc77344e4{\nborder-radius:0px 0px 0px 0px;\npadding:30px 30px 30px 30px;\nbackground-color:#ffffff;\n}\n<\/style>\n<div  class='flex_column av-m0ccq-a50c3a98ac6b6c2e1d76089fc77344e4 av_one_full  avia-builder-el-3  el_after_av_section  avia-builder-el-no-sibling  first flex_column_table_cell av-equal-height-column av-align-top  '     ><p><section  class='av_textblock_section av-g8e8q-a34ccc8b8e4431f10f0b58989f932517 '   itemscope=\"itemscope\" itemtype=\"https:\/\/schema.org\/CreativeWork\" ><div class='avia_textblock'  itemprop=\"text\" ><p>Einen Aufnahmetermin vereinbaren Sie mit unserem Aufnahmeteam:<\/p>\n<p>Telefon: 02225\/9222-0<br \/>\nTelefax: 0228\/92 94 38 30<br \/>\nE-Mail: <a href=\"mailto:verwaltung-fkm@vfg-bonn.de\">verwaltung-fkm@vfg-bonn.de<\/a><\/p>\n<p>Zur Aufnahme bringen Sie bitte mit (sofern vorhanden):<\/p>\n<ul>\n<li>g\u00fcltige Krankenversicherungskarte<\/li>\n<li>Bewilligungsbescheid \u00fcber Arbeitslosengeld II oder Sozialhilfe<\/li>\n<li>\u00e4rztliche Vorberichte<\/li>\n<li>\u00e4rztlich verordnete regelm\u00e4\u00dfig einzunehmende Medikamente<\/li>\n<li>g\u00fcltiger Personalausweis bzw. bei Migranten Bescheinigung \u00fcber den Aufenthaltsstatus<\/li>\n<li>Arbeitskleidung<\/li>\n<li>wetterfeste Kleidung (Regenjacke, feste Schuhe)<\/li>\n<li>Sportkleidung (Trainingsanzug, Sportschuhe, Badehose)<\/li>\n<li>Schreibblock, Kugelschreiber, Briefumschl\u00e4ge, Briefmarken<\/li>\n<\/ul>\n<p>Wenn Sie m\u00f6chten, k\u00f6nnen Sie au\u00dferdem mitbringen:<\/p>\n<ul>\n<li>Laptop<\/li>\n<li>Handy<\/li>\n<li>Musikanlage, MP3-Player, CDs<\/li>\n<li>Spiele, B\u00fccher, Mal- und Bastelsachen<\/li>\n<li>Fahrrad<\/li>\n<\/ul>\n<p>Bitte beachten Sie, dass E-Zigaretten in unserer Fachklinik nicht erlaubt sind.<\/p>\n<p>Um Ihnen das Einleben zu erleichtern, wird Ihnen ein Rehabilitand als Pate zur Seite gestellt, der bei wichtigen Fragen weiterhelfen kann.<\/p>\n<\/div><\/section><br \/>\n<div  class='avia-button-wrap av-84pgy-3299663c1b40fa45b4bfdb6a6b6d8160-wrap avia-button-right  avia-builder-el-5  el_after_av_textblock  avia-builder-el-last '><a href='https:\/\/www.vfg-bonn.de\/fachklinik\/ueber-uns\/'  class='avia-button av-84pgy-3299663c1b40fa45b4bfdb6a6b6d8160 av-link-btn avia-icon_select-yes-right-icon avia-size-medium avia-position-right avia-color-theme-color'   aria-label=\"Informationen zur Fachklinik Meckenheim \u2026\"><span class='avia_iconbox_title' >Informationen zur Fachklinik Meckenheim \u2026<\/span><span class='avia_button_icon avia_button_icon_right avia-iconfont avia-font-entypo-fontello' data-av_icon='\ue832' data-av_iconfont='entypo-fontello' ><\/span><\/a><\/div><\/p><\/div><\/div><!--close column table wrapper. Autoclose: 1 -->\n","protected":false},"excerpt":{"rendered":"","protected":false},"author":1,"featured_media":0,"parent":0,"menu_order":0,"comment_status":"closed","ping_status":"closed","template":"","meta":{"inline_featured_image":false,"footnotes":""},"class_list":["post-562","page","type-page","status-publish","hentry"],"_links":{"self":[{"href":"https:\/\/www.vfg-bonn.de\/fachklinik\/wp-json\/wp\/v2\/pages\/562","targetHints":{"allow":["GET"]}}],"collection":[{"href":"https:\/\/www.vfg-bonn.de\/fachklinik\/wp-json\/wp\/v2\/pages"}],"about":[{"href":"https:\/\/www.vfg-bonn.de\/fachklinik\/wp-json\/wp\/v2\/types\/page"}],"author":[{"embeddable":true,"href":"https:\/\/www.vfg-bonn.de\/fachklinik\/wp-json\/wp\/v2\/users\/1"}],"replies":[{"embeddable":true,"href":"https:\/\/www.vfg-bonn.de\/fachklinik\/wp-json\/wp\/v2\/comments?post=562"}],"version-history":[{"count":9,"href":"https:\/\/www.vfg-bonn.de\/fachklinik\/wp-json\/wp\/v2\/pages\/562\/revisions"}],"predecessor-version":[{"id":4292,"href":"https:\/\/www.vfg-bonn.de\/fachklinik\/wp-json\/wp\/v2\/pages\/562\/revisions\/4292"}],"wp:attachment":[{"href":"https:\/\/www.vfg-bonn.de\/fachklinik\/wp-json\/wp\/v2\/media?parent=562"}],"curies":[{"name":"wp","href":"https:\/\/api.w.org\/{rel}","templated":true}]}}

<style type="text/css" data-created_by="avia_inline_auto" id="style-css-av-14ht56-7c959a62d2a503ed8938c28a8b08373e">
.avia-section.av-14ht56-7c959a62d2a503ed8938c28a8b08373e .av-parallax .av-parallax-inner{
background-repeat:no-repeat;
background-image:url(https://www.vfg-bonn.de/fachklinik/wp-content/uploads/DSC2420-Vertrag.jpg);
background-position:50% 100%;
background-attachment:scroll;
}
</style>
<div id='av_section_1'  class='avia-section av-14ht56-7c959a62d2a503ed8938c28a8b08373e main_color avia-section-large avia-no-shadow  avia-builder-el-0  el_before_av_one_full  avia-builder-el-first  spezialueberschrift avia-full-stretch av-parallax-section avia-bg-style-parallax av-minimum-height av-minimum-height-50 av-height-50  container_wrap fullsize'  data-section-bg-repeat='stretch' data-av_minimum_height_pc='50' data-av_min_height_opt='50'><div class='av-parallax' data-avia-parallax-ratio='0.3' ><div class='av-parallax-inner main_color avia-full-stretch'></div></div><div class='container av-section-cont-open' ><main  role="main" itemprop="mainContentOfPage"  class='template-page content  av-content-full alpha units'><div class='post-entry post-entry-type-page post-entry-562'><div class='entry-content-wrapper clearfix'>

<style type="text/css" data-created_by="avia_inline_auto" id="style-css-av-uj7f6-c0ba86ecb3722b8bc7f7c7e270f69108">
#top .av-special-heading.av-uj7f6-c0ba86ecb3722b8bc7f7c7e270f69108{
padding-bottom:0;
color:#e3000b;
font-size:40px;
}
body .av-special-heading.av-uj7f6-c0ba86ecb3722b8bc7f7c7e270f69108 .av-special-heading-tag .heading-char{
font-size:25px;
}
#top #wrap_all .av-special-heading.av-uj7f6-c0ba86ecb3722b8bc7f7c7e270f69108 .av-special-heading-tag{
font-size:40px;
}
.av-special-heading.av-uj7f6-c0ba86ecb3722b8bc7f7c7e270f69108 .special-heading-inner-border{
border-color:#e3000b;
}
.av-special-heading.av-uj7f6-c0ba86ecb3722b8bc7f7c7e270f69108 .av-subheading{
font-size:15px;
}

@media only screen and (min-width: 480px) and (max-width: 767px){ 
#top #wrap_all .av-special-heading.av-uj7f6-c0ba86ecb3722b8bc7f7c7e270f69108 .av-special-heading-tag{
font-size:0.8em;
}
}

@media only screen and (max-width: 479px){ 
#top #wrap_all .av-special-heading.av-uj7f6-c0ba86ecb3722b8bc7f7c7e270f69108 .av-special-heading-tag{
font-size:0.8em;
}
}
</style>
<div  class='av-special-heading av-uj7f6-c0ba86ecb3722b8bc7f7c7e270f69108 av-special-heading-h3 custom-color-heading blockquote modern-quote  avia-builder-el-1  el_before_av_hr  avia-builder-el-first  av-inherit-size'><h3 class='av-special-heading-tag '  itemprop="headline"  >Aufnahme</h3><div class="special-heading-border"><div class="special-heading-inner-border"></div></div></div>

<style type="text/css" data-created_by="avia_inline_auto" id="style-css-av-so1ze-b069e9b72f11f1e6de2d4b0eba13c6ed">
#top .hr.av-so1ze-b069e9b72f11f1e6de2d4b0eba13c6ed{
margin-top:30px;
margin-bottom:30px;
}
.hr.av-so1ze-b069e9b72f11f1e6de2d4b0eba13c6ed .hr-inner{
width:20%;
border-color:rgba(255,255,255,0.76);
max-width:45%;
}
.hr.av-so1ze-b069e9b72f11f1e6de2d4b0eba13c6ed .av-seperator-icon{
color:#ffffff;
}
.hr.av-so1ze-b069e9b72f11f1e6de2d4b0eba13c6ed .av-seperator-icon.avia-svg-icon svg:first-child{
fill:#ffffff;
stroke:#ffffff;
}
</style>
<div  class='hr av-so1ze-b069e9b72f11f1e6de2d4b0eba13c6ed hr-custom  avia-builder-el-2  el_after_av_heading  avia-builder-el-last  hr-left hr-icon-yes'><span class='hr-inner inner-border-av-border-thin'><span class="hr-inner-style"></span></span><span class='av-seperator-icon avia-iconfont avia-font-entypo-fontello' data-av_icon='' data-av_iconfont='entypo-fontello' ></span><span class='hr-inner inner-border-av-border-thin'><span class="hr-inner-style"></span></span></div>
</div></div></main><!-- close content main element --></div></div><div id='after_section_1'  class='main_color av_default_container_wrap container_wrap fullsize'  ><div class='container av-section-cont-open' ><div class='template-page content  av-content-full alpha units'><div class='post-entry post-entry-type-page post-entry-562'><div class='entry-content-wrapper clearfix'>
<div class='flex_column_table av-m0ccq-a50c3a98ac6b6c2e1d76089fc77344e4 sc-av_one_full av-equal-height-column-flextable'>
<style type="text/css" data-created_by="avia_inline_auto" id="style-css-av-m0ccq-a50c3a98ac6b6c2e1d76089fc77344e4">
#top .flex_column_table.av-equal-height-column-flextable.av-m0ccq-a50c3a98ac6b6c2e1d76089fc77344e4{
margin-top:-90px;
}
.flex_column.av-m0ccq-a50c3a98ac6b6c2e1d76089fc77344e4{
border-radius:0px 0px 0px 0px;
padding:30px 30px 30px 30px;
background-color:#ffffff;
}
</style>
<div  class='flex_column av-m0ccq-a50c3a98ac6b6c2e1d76089fc77344e4 av_one_full  avia-builder-el-3  el_after_av_section  avia-builder-el-no-sibling  first flex_column_table_cell av-equal-height-column av-align-top  '     ><p><section  class='av_textblock_section av-g8e8q-a34ccc8b8e4431f10f0b58989f932517 '   itemscope="itemscope" itemtype="https://schema.org/CreativeWork" ><div class='avia_textblock'  itemprop="text" ><p>Einen Aufnahmetermin vereinbaren Sie mit unserem Aufnahmeteam:</p>
<p>Telefon: 02225/9222-0<br />
Telefax: 0228/92 94 38 30<br />
E-Mail: <a href="mailto:verwaltung-fkm@vfg-bonn.de">verwaltung-fkm@vfg-bonn.de</a></p>
<p>Zur Aufnahme bringen Sie bitte mit (sofern vorhanden):</p>
<ul>
<li>gültige Krankenversicherungskarte</li>
<li>Bewilligungsbescheid über Arbeitslosengeld II oder Sozialhilfe</li>
<li>ärztliche Vorberichte</li>
<li>ärztlich verordnete regelmäßig einzunehmende Medikamente</li>
<li>gültiger Personalausweis bzw. bei Migranten Bescheinigung über den Aufenthaltsstatus</li>
<li>Arbeitskleidung</li>
<li>wetterfeste Kleidung (Regenjacke, feste Schuhe)</li>
<li>Sportkleidung (Trainingsanzug, Sportschuhe, Badehose)</li>
<li>Schreibblock, Kugelschreiber, Briefumschläge, Briefmarken</li>
</ul>
<p>Wenn Sie möchten, können Sie außerdem mitbringen:</p>
<ul>
<li>Laptop</li>
<li>Handy</li>
<li>Musikanlage, MP3-Player, CDs</li>
<li>Spiele, Bücher, Mal- und Bastelsachen</li>
<li>Fahrrad</li>
</ul>
<p>Bitte beachten Sie, dass E-Zigaretten in unserer Fachklinik nicht erlaubt sind.</p>
<p>Um Ihnen das Einleben zu erleichtern, wird Ihnen ein Rehabilitand als Pate zur Seite gestellt, der bei wichtigen Fragen weiterhelfen kann.</p>
</div></section><br />
<div  class='avia-button-wrap av-84pgy-3299663c1b40fa45b4bfdb6a6b6d8160-wrap avia-button-right  avia-builder-el-5  el_after_av_textblock  avia-builder-el-last '><a href='https://www.vfg-bonn.de/fachklinik/ueber-uns/'  class='avia-button av-84pgy-3299663c1b40fa45b4bfdb6a6b6d8160 av-link-btn avia-icon_select-yes-right-icon avia-size-medium avia-position-right avia-color-theme-color'   aria-label="Informationen zur Fachklinik Meckenheim …"><span class='avia_iconbox_title' >Informationen zur Fachklinik Meckenheim …</span><span class='avia_button_icon avia_button_icon_right avia-iconfont avia-font-entypo-fontello' data-av_icon='' data-av_iconfont='entypo-fontello' ></span></a></div></p></div></div><!--close column table wrapper. Autoclose: 1 -->
