{"id":539,"date":"2015-06-18T18:41:45","date_gmt":"2015-06-18T16:41:45","guid":{"rendered":"http:\/\/www.vfg-bonn.de\/wp-fkm\/?page_id=539"},"modified":"2023-03-13T16:19:04","modified_gmt":"2023-03-13T15:19:04","slug":"medizinische-betreuung","status":"publish","type":"page","link":"https:\/\/www.vfg-bonn.de\/fachklinik\/medizinische-betreuung\/","title":{"rendered":"Medizin"},"content":{"rendered":"\n<style type=\"text\/css\" data-created_by=\"avia_inline_auto\" id=\"style-css-av-1kero3-b151d58a63ae1b1e0b1c0a5bc130328a\">\n.avia-section.av-1kero3-b151d58a63ae1b1e0b1c0a5bc130328a .av-parallax .av-parallax-inner{\nbackground-repeat:no-repeat;\nbackground-image:url(https:\/\/www.vfg-bonn.de\/fachklinik\/wp-content\/uploads\/DSC2392-1030x538.jpg);\nbackground-position:50% 50%;\nbackground-attachment:scroll;\n}\n<\/style>\n<div id='av_section_1'  class='avia-section av-1kero3-b151d58a63ae1b1e0b1c0a5bc130328a main_color avia-section-large avia-no-shadow  avia-builder-el-0  el_before_av_three_fifth  avia-builder-el-first  spezialueberschrift avia-full-stretch av-parallax-section avia-bg-style-parallax av-minimum-height av-minimum-height-50 av-height-50  container_wrap fullsize'  data-section-bg-repeat='stretch' data-av_minimum_height_pc='50' data-av_min_height_opt='50'><div class='av-parallax' data-avia-parallax-ratio='0.3' ><div class='av-parallax-inner main_color avia-full-stretch'><\/div><\/div><div class='container av-section-cont-open' ><main  role=\"main\" itemprop=\"mainContentOfPage\"  class='template-page content  av-content-full alpha units'><div class='post-entry post-entry-type-page post-entry-539'><div class='entry-content-wrapper clearfix'>\n\n<style type=\"text\/css\" data-created_by=\"avia_inline_auto\" id=\"style-css-av-1ei97f-5dfa8858d8a1aced0d16469fd4261e40\">\n#top .av-special-heading.av-1ei97f-5dfa8858d8a1aced0d16469fd4261e40{\npadding-bottom:0;\ncolor:#e3000b;\nfont-size:40px;\n}\nbody .av-special-heading.av-1ei97f-5dfa8858d8a1aced0d16469fd4261e40 .av-special-heading-tag .heading-char{\nfont-size:25px;\n}\n#top #wrap_all .av-special-heading.av-1ei97f-5dfa8858d8a1aced0d16469fd4261e40 .av-special-heading-tag{\nfont-size:40px;\n}\n.av-special-heading.av-1ei97f-5dfa8858d8a1aced0d16469fd4261e40 .special-heading-inner-border{\nborder-color:#e3000b;\n}\n.av-special-heading.av-1ei97f-5dfa8858d8a1aced0d16469fd4261e40 .av-subheading{\nfont-size:15px;\n}\n\n@media only screen and (min-width: 480px) and (max-width: 767px){ \n#top #wrap_all .av-special-heading.av-1ei97f-5dfa8858d8a1aced0d16469fd4261e40 .av-special-heading-tag{\nfont-size:0.8em;\n}\n}\n\n@media only screen and (max-width: 479px){ \n#top #wrap_all .av-special-heading.av-1ei97f-5dfa8858d8a1aced0d16469fd4261e40 .av-special-heading-tag{\nfont-size:0.8em;\n}\n}\n<\/style>\n<div  class='av-special-heading av-1ei97f-5dfa8858d8a1aced0d16469fd4261e40 av-special-heading-h3 custom-color-heading blockquote modern-quote  avia-builder-el-1  el_before_av_hr  avia-builder-el-first  av-inherit-size'><h3 class='av-special-heading-tag '  itemprop=\"headline\"  >Medizin<\/h3><div class=\"special-heading-border\"><div class=\"special-heading-inner-border\"><\/div><\/div><\/div>\n\n<style type=\"text\/css\" data-created_by=\"avia_inline_auto\" id=\"style-css-av-1aqn9f-f7f0f6263de25874ad992ecf4e8024b5\">\n#top .hr.av-1aqn9f-f7f0f6263de25874ad992ecf4e8024b5{\nmargin-top:30px;\nmargin-bottom:30px;\n}\n.hr.av-1aqn9f-f7f0f6263de25874ad992ecf4e8024b5 .hr-inner{\nwidth:20%;\nborder-color:#e3000b;\nmax-width:45%;\n}\n.hr.av-1aqn9f-f7f0f6263de25874ad992ecf4e8024b5 .av-seperator-icon{\ncolor:#e3000b;\n}\n.hr.av-1aqn9f-f7f0f6263de25874ad992ecf4e8024b5 .av-seperator-icon.avia-svg-icon svg:first-child{\nfill:#e3000b;\nstroke:#e3000b;\n}\n<\/style>\n<div  class='hr av-1aqn9f-f7f0f6263de25874ad992ecf4e8024b5 hr-custom  avia-builder-el-2  el_after_av_heading  avia-builder-el-last  hr-left hr-icon-yes'><span class='hr-inner inner-border-av-border-thin'><span class=\"hr-inner-style\"><\/span><\/span><span class='av-seperator-icon avia-iconfont avia-font-entypo-fontello' data-av_icon='\ue8bf' data-av_iconfont='entypo-fontello' ><\/span><span class='hr-inner inner-border-av-border-thin'><span class=\"hr-inner-style\"><\/span><\/span><\/div>\n<\/div><\/div><\/main><!-- close content main element --><\/div><\/div><div id='after_section_1'  class='main_color av_default_container_wrap container_wrap fullsize'  ><div class='container av-section-cont-open' ><div class='template-page content  av-content-full alpha units'><div class='post-entry post-entry-type-page post-entry-539'><div class='entry-content-wrapper clearfix'>\n<div class='flex_column_table av-14y5uz-277801213bb3d1b84472368360e6b747 sc-av_three_fifth av-equal-height-column-flextable'>\n<style type=\"text\/css\" data-created_by=\"avia_inline_auto\" id=\"style-css-av-14y5uz-277801213bb3d1b84472368360e6b747\">\n#top .flex_column_table.av-equal-height-column-flextable.av-14y5uz-277801213bb3d1b84472368360e6b747{\nmargin-top:-90px;\n}\n.flex_column.av-14y5uz-277801213bb3d1b84472368360e6b747{\nborder-radius:0px 0px 0px 0px;\npadding:30px 30px 30px 30px;\nbackground-color:#ffffff;\n}\n<\/style>\n<div  class='flex_column av-14y5uz-277801213bb3d1b84472368360e6b747 av_three_fifth  avia-builder-el-3  el_after_av_section  el_before_av_two_fifth  avia-builder-el-first  first no_margin flex_column_table_cell av-equal-height-column av-align-top  '     ><section  class='av_textblock_section av-ujp5f-49869067c2f4885ed6233d9f40566aa7 '   itemscope=\"itemscope\" itemtype=\"https:\/\/schema.org\/CreativeWork\" ><div class='avia_textblock'  itemprop=\"text\" ><p>In unserer Fachklinik wird auf eine umfassende medizinische Betreuung Wert gelegt. Im Rahmen der medizinischen Aufnahmeuntersuchung wird ein individuelles Behandlungsprogramm erstellt, welches die Diagnostik und Behandlung der Abh\u00e4ngigkeitserkrankung in Zusammenschau mit eventuell bestehenden psychischen Begleiterkrankungen sowie mit den k\u00f6rperlichen Erkrankungen beinhaltet.<\/p>\n<p>Neben der medizinischen Behandlung vor Ort stehen bei Bedarf Fach\u00e4rzte bzw. Krankenhausambulanzen aus allen Disziplinen im Gro\u00dfraum Bonn zur Verf\u00fcgung.<\/p>\n<p>Eine Kooperation mit der Universit\u00e4tsklinik Bonn bietet nach vorheriger Pr\u00fcfung die M\u00f6glichkeit einer Behandlung der Hepatitis C-Infektion im Rahmen der Entw\u00f6hnungsbehandlung.<\/p>\n<p>Durch die Kooperation mit zahn- und kieferchirurgischen Fachpraxen k\u00f6nnen auch umfangreiche Zahnbehandlungen bzw. -sanierungen durchgef\u00fchrt werden.<\/p>\n<\/div><\/section><\/div>\n\n<style type=\"text\/css\" data-created_by=\"avia_inline_auto\" id=\"style-css-av-qvhw3-903ded08c86bcb859c174e747bba2245\">\n#top .flex_column_table.av-equal-height-column-flextable.av-qvhw3-903ded08c86bcb859c174e747bba2245{\nmargin-top:-90px;\n}\n.flex_column.av-qvhw3-903ded08c86bcb859c174e747bba2245{\nborder-radius:0px 0px 0px 0px;\npadding:30px 30px 30px 30px;\nbackground-color:#ffffff;\n}\n<\/style>\n<div  class='flex_column av-qvhw3-903ded08c86bcb859c174e747bba2245 av_two_fifth  avia-builder-el-5  el_after_av_three_fifth  avia-builder-el-last  no_margin flex_column_table_cell av-equal-height-column av-align-top  '     ><p>\n<style type=\"text\/css\" data-created_by=\"avia_inline_auto\" id=\"style-css-av-1s523-d0ba4cdb325a175d5ef93334a9576dbb\">\n#top .hr.hr-invisible.av-1s523-d0ba4cdb325a175d5ef93334a9576dbb{\nheight:50px;\n}\n<\/style>\n<div  class='hr av-1s523-d0ba4cdb325a175d5ef93334a9576dbb hr-invisible  avia-builder-el-6  el_before_av_button  avia-builder-el-first '><span class='hr-inner '><span class=\"hr-inner-style\"><\/span><\/span><\/div><br \/>\n<div  class='avia-button-wrap av-wf2z-716dff193f129f5937ef4ee610546a9b-wrap avia-button-right  avia-builder-el-7  el_after_av_hr  avia-builder-el-last '><a href='https:\/\/www.vfg-bonn.de\/fachklinik\/psychotherapie\/'  class='avia-button av-wf2z-716dff193f129f5937ef4ee610546a9b av-link-btn avia-icon_select-yes-right-icon avia-size-medium avia-position-right avia-color-theme-color'   aria-label=\"Psychotherapie\u2026\"><span class='avia_iconbox_title' >Psychotherapie\u2026<\/span><span class='avia_button_icon avia_button_icon_right avia-iconfont avia-font-entypo-fontello' data-av_icon='\ue832' data-av_iconfont='entypo-fontello' ><\/span><\/a><\/div><\/p><\/div><\/div><!--close column table wrapper. Autoclose: 1 -->\n","protected":false},"excerpt":{"rendered":"","protected":false},"author":1,"featured_media":0,"parent":0,"menu_order":0,"comment_status":"closed","ping_status":"closed","template":"","meta":{"inline_featured_image":false,"footnotes":""},"class_list":["post-539","page","type-page","status-publish","hentry"],"_links":{"self":[{"href":"https:\/\/www.vfg-bonn.de\/fachklinik\/wp-json\/wp\/v2\/pages\/539","targetHints":{"allow":["GET"]}}],"collection":[{"href":"https:\/\/www.vfg-bonn.de\/fachklinik\/wp-json\/wp\/v2\/pages"}],"about":[{"href":"https:\/\/www.vfg-bonn.de\/fachklinik\/wp-json\/wp\/v2\/types\/page"}],"author":[{"embeddable":true,"href":"https:\/\/www.vfg-bonn.de\/fachklinik\/wp-json\/wp\/v2\/users\/1"}],"replies":[{"embeddable":true,"href":"https:\/\/www.vfg-bonn.de\/fachklinik\/wp-json\/wp\/v2\/comments?post=539"}],"version-history":[{"count":7,"href":"https:\/\/www.vfg-bonn.de\/fachklinik\/wp-json\/wp\/v2\/pages\/539\/revisions"}],"predecessor-version":[{"id":4153,"href":"https:\/\/www.vfg-bonn.de\/fachklinik\/wp-json\/wp\/v2\/pages\/539\/revisions\/4153"}],"wp:attachment":[{"href":"https:\/\/www.vfg-bonn.de\/fachklinik\/wp-json\/wp\/v2\/media?parent=539"}],"curies":[{"name":"wp","href":"https:\/\/api.w.org\/{rel}","templated":true}]}}

<style type="text/css" data-created_by="avia_inline_auto" id="style-css-av-1kero3-b151d58a63ae1b1e0b1c0a5bc130328a">
.avia-section.av-1kero3-b151d58a63ae1b1e0b1c0a5bc130328a .av-parallax .av-parallax-inner{
background-repeat:no-repeat;
background-image:url(https://www.vfg-bonn.de/fachklinik/wp-content/uploads/DSC2392-1030x538.jpg);
background-position:50% 50%;
background-attachment:scroll;
}
</style>
<div id='av_section_1'  class='avia-section av-1kero3-b151d58a63ae1b1e0b1c0a5bc130328a main_color avia-section-large avia-no-shadow  avia-builder-el-0  el_before_av_three_fifth  avia-builder-el-first  spezialueberschrift avia-full-stretch av-parallax-section avia-bg-style-parallax av-minimum-height av-minimum-height-50 av-height-50  container_wrap fullsize'  data-section-bg-repeat='stretch' data-av_minimum_height_pc='50' data-av_min_height_opt='50'><div class='av-parallax' data-avia-parallax-ratio='0.3' ><div class='av-parallax-inner main_color avia-full-stretch'></div></div><div class='container av-section-cont-open' ><main  role="main" itemprop="mainContentOfPage"  class='template-page content  av-content-full alpha units'><div class='post-entry post-entry-type-page post-entry-539'><div class='entry-content-wrapper clearfix'>

<style type="text/css" data-created_by="avia_inline_auto" id="style-css-av-1ei97f-5dfa8858d8a1aced0d16469fd4261e40">
#top .av-special-heading.av-1ei97f-5dfa8858d8a1aced0d16469fd4261e40{
padding-bottom:0;
color:#e3000b;
font-size:40px;
}
body .av-special-heading.av-1ei97f-5dfa8858d8a1aced0d16469fd4261e40 .av-special-heading-tag .heading-char{
font-size:25px;
}
#top #wrap_all .av-special-heading.av-1ei97f-5dfa8858d8a1aced0d16469fd4261e40 .av-special-heading-tag{
font-size:40px;
}
.av-special-heading.av-1ei97f-5dfa8858d8a1aced0d16469fd4261e40 .special-heading-inner-border{
border-color:#e3000b;
}
.av-special-heading.av-1ei97f-5dfa8858d8a1aced0d16469fd4261e40 .av-subheading{
font-size:15px;
}

@media only screen and (min-width: 480px) and (max-width: 767px){ 
#top #wrap_all .av-special-heading.av-1ei97f-5dfa8858d8a1aced0d16469fd4261e40 .av-special-heading-tag{
font-size:0.8em;
}
}

@media only screen and (max-width: 479px){ 
#top #wrap_all .av-special-heading.av-1ei97f-5dfa8858d8a1aced0d16469fd4261e40 .av-special-heading-tag{
font-size:0.8em;
}
}
</style>
<div  class='av-special-heading av-1ei97f-5dfa8858d8a1aced0d16469fd4261e40 av-special-heading-h3 custom-color-heading blockquote modern-quote  avia-builder-el-1  el_before_av_hr  avia-builder-el-first  av-inherit-size'><h3 class='av-special-heading-tag '  itemprop="headline"  >Medizin</h3><div class="special-heading-border"><div class="special-heading-inner-border"></div></div></div>

<style type="text/css" data-created_by="avia_inline_auto" id="style-css-av-1aqn9f-f7f0f6263de25874ad992ecf4e8024b5">
#top .hr.av-1aqn9f-f7f0f6263de25874ad992ecf4e8024b5{
margin-top:30px;
margin-bottom:30px;
}
.hr.av-1aqn9f-f7f0f6263de25874ad992ecf4e8024b5 .hr-inner{
width:20%;
border-color:#e3000b;
max-width:45%;
}
.hr.av-1aqn9f-f7f0f6263de25874ad992ecf4e8024b5 .av-seperator-icon{
color:#e3000b;
}
.hr.av-1aqn9f-f7f0f6263de25874ad992ecf4e8024b5 .av-seperator-icon.avia-svg-icon svg:first-child{
fill:#e3000b;
stroke:#e3000b;
}
</style>
<div  class='hr av-1aqn9f-f7f0f6263de25874ad992ecf4e8024b5 hr-custom  avia-builder-el-2  el_after_av_heading  avia-builder-el-last  hr-left hr-icon-yes'><span class='hr-inner inner-border-av-border-thin'><span class="hr-inner-style"></span></span><span class='av-seperator-icon avia-iconfont avia-font-entypo-fontello' data-av_icon='' data-av_iconfont='entypo-fontello' ></span><span class='hr-inner inner-border-av-border-thin'><span class="hr-inner-style"></span></span></div>
</div></div></main><!-- close content main element --></div></div><div id='after_section_1'  class='main_color av_default_container_wrap container_wrap fullsize'  ><div class='container av-section-cont-open' ><div class='template-page content  av-content-full alpha units'><div class='post-entry post-entry-type-page post-entry-539'><div class='entry-content-wrapper clearfix'>
<div class='flex_column_table av-14y5uz-277801213bb3d1b84472368360e6b747 sc-av_three_fifth av-equal-height-column-flextable'>
<style type="text/css" data-created_by="avia_inline_auto" id="style-css-av-14y5uz-277801213bb3d1b84472368360e6b747">
#top .flex_column_table.av-equal-height-column-flextable.av-14y5uz-277801213bb3d1b84472368360e6b747{
margin-top:-90px;
}
.flex_column.av-14y5uz-277801213bb3d1b84472368360e6b747{
border-radius:0px 0px 0px 0px;
padding:30px 30px 30px 30px;
background-color:#ffffff;
}
</style>
<div  class='flex_column av-14y5uz-277801213bb3d1b84472368360e6b747 av_three_fifth  avia-builder-el-3  el_after_av_section  el_before_av_two_fifth  avia-builder-el-first  first no_margin flex_column_table_cell av-equal-height-column av-align-top  '     ><section  class='av_textblock_section av-ujp5f-49869067c2f4885ed6233d9f40566aa7 '   itemscope="itemscope" itemtype="https://schema.org/CreativeWork" ><div class='avia_textblock'  itemprop="text" ><p>In unserer Fachklinik wird auf eine umfassende medizinische Betreuung Wert gelegt. Im Rahmen der medizinischen Aufnahmeuntersuchung wird ein individuelles Behandlungsprogramm erstellt, welches die Diagnostik und Behandlung der Abhängigkeitserkrankung in Zusammenschau mit eventuell bestehenden psychischen Begleiterkrankungen sowie mit den körperlichen Erkrankungen beinhaltet.</p>
<p>Neben der medizinischen Behandlung vor Ort stehen bei Bedarf Fachärzte bzw. Krankenhausambulanzen aus allen Disziplinen im Großraum Bonn zur Verfügung.</p>
<p>Eine Kooperation mit der Universitätsklinik Bonn bietet nach vorheriger Prüfung die Möglichkeit einer Behandlung der Hepatitis C-Infektion im Rahmen der Entwöhnungsbehandlung.</p>
<p>Durch die Kooperation mit zahn- und kieferchirurgischen Fachpraxen können auch umfangreiche Zahnbehandlungen bzw. -sanierungen durchgeführt werden.</p>
</div></section></div>

<style type="text/css" data-created_by="avia_inline_auto" id="style-css-av-qvhw3-903ded08c86bcb859c174e747bba2245">
#top .flex_column_table.av-equal-height-column-flextable.av-qvhw3-903ded08c86bcb859c174e747bba2245{
margin-top:-90px;
}
.flex_column.av-qvhw3-903ded08c86bcb859c174e747bba2245{
border-radius:0px 0px 0px 0px;
padding:30px 30px 30px 30px;
background-color:#ffffff;
}
</style>
<div  class='flex_column av-qvhw3-903ded08c86bcb859c174e747bba2245 av_two_fifth  avia-builder-el-5  el_after_av_three_fifth  avia-builder-el-last  no_margin flex_column_table_cell av-equal-height-column av-align-top  '     ><p>
<style type="text/css" data-created_by="avia_inline_auto" id="style-css-av-1s523-d0ba4cdb325a175d5ef93334a9576dbb">
#top .hr.hr-invisible.av-1s523-d0ba4cdb325a175d5ef93334a9576dbb{
height:50px;
}
</style>
<div  class='hr av-1s523-d0ba4cdb325a175d5ef93334a9576dbb hr-invisible  avia-builder-el-6  el_before_av_button  avia-builder-el-first '><span class='hr-inner '><span class="hr-inner-style"></span></span></div><br />
<div  class='avia-button-wrap av-wf2z-716dff193f129f5937ef4ee610546a9b-wrap avia-button-right  avia-builder-el-7  el_after_av_hr  avia-builder-el-last '><a href='https://www.vfg-bonn.de/fachklinik/psychotherapie/'  class='avia-button av-wf2z-716dff193f129f5937ef4ee610546a9b av-link-btn avia-icon_select-yes-right-icon avia-size-medium avia-position-right avia-color-theme-color'   aria-label="Psychotherapie…"><span class='avia_iconbox_title' >Psychotherapie…</span><span class='avia_button_icon avia_button_icon_right avia-iconfont avia-font-entypo-fontello' data-av_icon='' data-av_iconfont='entypo-fontello' ></span></a></div></p></div></div><!--close column table wrapper. Autoclose: 1 -->
