{"id":2559,"date":"2018-01-27T17:07:10","date_gmt":"2018-01-27T16:07:10","guid":{"rendered":"https:\/\/fachklinik-meckenheim.de\/?page_id=2559"},"modified":"2024-03-21T10:43:28","modified_gmt":"2024-03-21T09:43:28","slug":"nachfolgemassnahmen","status":"publish","type":"page","link":"https:\/\/www.vfg-bonn.de\/fachklinik\/nachfolgemassnahmen\/","title":{"rendered":"Nachfolgema\u00dfnahmen"},"content":{"rendered":"\n<style type=\"text\/css\" data-created_by=\"avia_inline_auto\" id=\"style-css-av-i592mn-1e37b0895d1a3e604cd8a070ae6d411c\">\n.avia-section.av-i592mn-1e37b0895d1a3e604cd8a070ae6d411c .av-parallax .av-parallax-inner{\nbackground-repeat:no-repeat;\nbackground-image:url(https:\/\/www.vfg-bonn.de\/fachklinik\/wp-content\/uploads\/Nachsorge.jpg);\nbackground-position:100% 100%;\nbackground-attachment:scroll;\n}\n<\/style>\n<div id='av_section_1'  class='avia-section av-i592mn-1e37b0895d1a3e604cd8a070ae6d411c main_color avia-section-large avia-no-shadow  avia-builder-el-0  el_before_av_one_full  avia-builder-el-first  spezialueberschrift avia-full-stretch av-parallax-section avia-bg-style-parallax av-minimum-height av-minimum-height-50 av-height-50  container_wrap fullsize'  data-section-bg-repeat='stretch' data-av_minimum_height_pc='50' data-av_min_height_opt='50'><div class='av-parallax' data-avia-parallax-ratio='0.3' ><div class='av-parallax-inner main_color avia-full-stretch'><\/div><\/div><div class='container av-section-cont-open' ><main  role=\"main\" itemprop=\"mainContentOfPage\"  class='template-page content  av-content-full alpha units'><div class='post-entry post-entry-type-page post-entry-2559'><div class='entry-content-wrapper clearfix'>\n\n<style type=\"text\/css\" data-created_by=\"avia_inline_auto\" id=\"style-css-av-f7o27j-4b6c2c51e48554281c7cf58d7fcb6f4b\">\n#top .av-special-heading.av-f7o27j-4b6c2c51e48554281c7cf58d7fcb6f4b{\npadding-bottom:0;\ncolor:#e3000b;\nfont-size:40px;\n}\nbody .av-special-heading.av-f7o27j-4b6c2c51e48554281c7cf58d7fcb6f4b .av-special-heading-tag .heading-char{\nfont-size:25px;\n}\n#top #wrap_all .av-special-heading.av-f7o27j-4b6c2c51e48554281c7cf58d7fcb6f4b .av-special-heading-tag{\nfont-size:40px;\n}\n.av-special-heading.av-f7o27j-4b6c2c51e48554281c7cf58d7fcb6f4b .special-heading-inner-border{\nborder-color:#e3000b;\n}\n.av-special-heading.av-f7o27j-4b6c2c51e48554281c7cf58d7fcb6f4b .av-subheading{\nfont-size:15px;\n}\n\n@media only screen and (min-width: 480px) and (max-width: 767px){ \n#top #wrap_all .av-special-heading.av-f7o27j-4b6c2c51e48554281c7cf58d7fcb6f4b .av-special-heading-tag{\nfont-size:0.8em;\n}\n}\n\n@media only screen and (max-width: 479px){ \n#top #wrap_all .av-special-heading.av-f7o27j-4b6c2c51e48554281c7cf58d7fcb6f4b .av-special-heading-tag{\nfont-size:0.8em;\n}\n}\n<\/style>\n<div  class='av-special-heading av-f7o27j-4b6c2c51e48554281c7cf58d7fcb6f4b av-special-heading-h3 custom-color-heading blockquote modern-quote  avia-builder-el-1  el_before_av_hr  avia-builder-el-first  av-inherit-size'><h3 class='av-special-heading-tag '  itemprop=\"headline\"  >Nachfolge\u00adma\u00dfnahmen<\/h3><div class=\"special-heading-border\"><div class=\"special-heading-inner-border\"><\/div><\/div><\/div>\n\n<style type=\"text\/css\" data-created_by=\"avia_inline_auto\" id=\"style-css-av-eacfhb-051403076bb4dd5c7f953bbfb13a0a29\">\n#top .hr.av-eacfhb-051403076bb4dd5c7f953bbfb13a0a29{\nmargin-top:30px;\nmargin-bottom:30px;\n}\n.hr.av-eacfhb-051403076bb4dd5c7f953bbfb13a0a29 .hr-inner{\nwidth:20%;\nborder-color:#e3000b;\nmax-width:45%;\n}\n.hr.av-eacfhb-051403076bb4dd5c7f953bbfb13a0a29 .av-seperator-icon{\ncolor:#e3000b;\n}\n.hr.av-eacfhb-051403076bb4dd5c7f953bbfb13a0a29 .av-seperator-icon.avia-svg-icon svg:first-child{\nfill:#e3000b;\nstroke:#e3000b;\n}\n<\/style>\n<div  class='hr av-eacfhb-051403076bb4dd5c7f953bbfb13a0a29 hr-custom  avia-builder-el-2  el_after_av_heading  avia-builder-el-last  hr-left hr-icon-yes'><span class='hr-inner inner-border-av-border-thin'><span class=\"hr-inner-style\"><\/span><\/span><span class='av-seperator-icon avia-iconfont avia-font-entypo-fontello' data-av_icon='\ue8bf' data-av_iconfont='entypo-fontello' ><\/span><span class='hr-inner inner-border-av-border-thin'><span class=\"hr-inner-style\"><\/span><\/span><\/div>\n<\/div><\/div><\/main><!-- close content main element --><\/div><\/div><div id='after_section_1'  class='main_color av_default_container_wrap container_wrap fullsize'  ><div class='container av-section-cont-open' ><div class='template-page content  av-content-full alpha units'><div class='post-entry post-entry-type-page post-entry-2559'><div class='entry-content-wrapper clearfix'>\n<div class='flex_column_table av-d1pk9b-1e9d0dbbf54517e709e3ca2353c143d8 sc-av_one_full av-equal-height-column-flextable'>\n<style type=\"text\/css\" data-created_by=\"avia_inline_auto\" id=\"style-css-av-d1pk9b-1e9d0dbbf54517e709e3ca2353c143d8\">\n#top .flex_column_table.av-equal-height-column-flextable.av-d1pk9b-1e9d0dbbf54517e709e3ca2353c143d8{\nmargin-top:-90px;\n}\n.flex_column.av-d1pk9b-1e9d0dbbf54517e709e3ca2353c143d8{\nborder-radius:0px 0px 0px 0px;\npadding:30px 30px 30px 30px;\nbackground-color:#ffffff;\n}\n<\/style>\n<div  class='flex_column av-d1pk9b-1e9d0dbbf54517e709e3ca2353c143d8 av_one_full  avia-builder-el-3  el_after_av_section  el_before_av_hr  avia-builder-el-first  first flex_column_table_cell av-equal-height-column av-align-top  '     ><section  class='av_textblock_section av-b7eawf-f6d510b7109650d062f59c5bcaad502b '   itemscope=\"itemscope\" itemtype=\"https:\/\/schema.org\/CreativeWork\" ><div class='avia_textblock'  itemprop=\"text\" ><p>W\u00e4hrend des gesamten Behandlungsprozesses, sp\u00e4testens aber im letzten Behandlungsdrittel, werden individuell mit den Rehabilitanden die notwendigen Nachfolgema\u00dfnahmen eruiert, geplant und eingeleitet.<\/p>\n<p>Falls bereits eine Anbindung an eine wohnortnahe Suchtberatungsstelle des Rehabilitanden besteht, werden Kontakte w\u00e4hrend der Behandlung gef\u00f6rdert und begleitet und mit der Beratungsstelle gemeinsam die weitere Planung und Anbahnung von Unterst\u00fctzungsma\u00dfnahmen vorgenommen. Im Falle eines anstehenden Ortswechsels f\u00fcr den Rehabilitanden wird mit ihm gemeinsam eine Vermittlung an das Suchthilfesystem vor Ort vorgenommen. Eine weitere Unterst\u00fctzung in einer Suchtberatungsstelle kann zum Beispiel im Rahmen der ambulanten Nachsorge erfolgen. Eine ambulante Weiterbehandlung (40+4) kann dar\u00fcber hinaus einen noch offenen Behandlungsbedarf abdecken.<\/p>\n<\/div><\/section><\/div><\/div><!--close column table wrapper. Autoclose: 1 --><div  class='hr av-92jgf3-fa39bf5dfa9e788d5b61c2b4f9b41e54 hr-default  avia-builder-el-5  el_after_av_one_full  el_before_av_hr '><span class='hr-inner '><span class=\"hr-inner-style\"><\/span><\/span><\/div><\/p>\n\n<style type=\"text\/css\" data-created_by=\"avia_inline_auto\" id=\"style-css-av-p1re7-8d9a172abc5635053e6c50d4f04b57e8\">\n#top .hr.hr-invisible.av-p1re7-8d9a172abc5635053e6c50d4f04b57e8{\nheight:50px;\n}\n<\/style>\n<div  id=\"adaption-ausweg\"  class='hr av-p1re7-8d9a172abc5635053e6c50d4f04b57e8 hr-invisible  avia-builder-el-6  el_after_av_hr  avia-builder-el-last '><span class='hr-inner '><span class=\"hr-inner-style\"><\/span><\/span><\/div>\n","protected":false},"excerpt":{"rendered":"","protected":false},"author":1,"featured_media":0,"parent":0,"menu_order":0,"comment_status":"closed","ping_status":"closed","template":"","meta":{"inline_featured_image":false,"footnotes":""},"class_list":["post-2559","page","type-page","status-publish","hentry"],"_links":{"self":[{"href":"https:\/\/www.vfg-bonn.de\/fachklinik\/wp-json\/wp\/v2\/pages\/2559","targetHints":{"allow":["GET"]}}],"collection":[{"href":"https:\/\/www.vfg-bonn.de\/fachklinik\/wp-json\/wp\/v2\/pages"}],"about":[{"href":"https:\/\/www.vfg-bonn.de\/fachklinik\/wp-json\/wp\/v2\/types\/page"}],"author":[{"embeddable":true,"href":"https:\/\/www.vfg-bonn.de\/fachklinik\/wp-json\/wp\/v2\/users\/1"}],"replies":[{"embeddable":true,"href":"https:\/\/www.vfg-bonn.de\/fachklinik\/wp-json\/wp\/v2\/comments?post=2559"}],"version-history":[{"count":10,"href":"https:\/\/www.vfg-bonn.de\/fachklinik\/wp-json\/wp\/v2\/pages\/2559\/revisions"}],"predecessor-version":[{"id":4268,"href":"https:\/\/www.vfg-bonn.de\/fachklinik\/wp-json\/wp\/v2\/pages\/2559\/revisions\/4268"}],"wp:attachment":[{"href":"https:\/\/www.vfg-bonn.de\/fachklinik\/wp-json\/wp\/v2\/media?parent=2559"}],"curies":[{"name":"wp","href":"https:\/\/api.w.org\/{rel}","templated":true}]}}

Nachfolgemaßnahmen

<style type="text/css" data-created_by="avia_inline_auto" id="style-css-av-i592mn-1e37b0895d1a3e604cd8a070ae6d411c">
.avia-section.av-i592mn-1e37b0895d1a3e604cd8a070ae6d411c .av-parallax .av-parallax-inner{
background-repeat:no-repeat;
background-image:url(https://www.vfg-bonn.de/fachklinik/wp-content/uploads/Nachsorge.jpg);
background-position:100% 100%;
background-attachment:scroll;
}
</style>
<div id='av_section_1'  class='avia-section av-i592mn-1e37b0895d1a3e604cd8a070ae6d411c main_color avia-section-large avia-no-shadow  avia-builder-el-0  el_before_av_one_full  avia-builder-el-first  spezialueberschrift avia-full-stretch av-parallax-section avia-bg-style-parallax av-minimum-height av-minimum-height-50 av-height-50  container_wrap fullsize'  data-section-bg-repeat='stretch' data-av_minimum_height_pc='50' data-av_min_height_opt='50'><div class='av-parallax' data-avia-parallax-ratio='0.3' ><div class='av-parallax-inner main_color avia-full-stretch'></div></div><div class='container av-section-cont-open' ><main  role="main" itemprop="mainContentOfPage"  class='template-page content  av-content-full alpha units'><div class='post-entry post-entry-type-page post-entry-2559'><div class='entry-content-wrapper clearfix'>

<style type="text/css" data-created_by="avia_inline_auto" id="style-css-av-f7o27j-4b6c2c51e48554281c7cf58d7fcb6f4b">
#top .av-special-heading.av-f7o27j-4b6c2c51e48554281c7cf58d7fcb6f4b{
padding-bottom:0;
color:#e3000b;
font-size:40px;
}
body .av-special-heading.av-f7o27j-4b6c2c51e48554281c7cf58d7fcb6f4b .av-special-heading-tag .heading-char{
font-size:25px;
}
#top #wrap_all .av-special-heading.av-f7o27j-4b6c2c51e48554281c7cf58d7fcb6f4b .av-special-heading-tag{
font-size:40px;
}
.av-special-heading.av-f7o27j-4b6c2c51e48554281c7cf58d7fcb6f4b .special-heading-inner-border{
border-color:#e3000b;
}
.av-special-heading.av-f7o27j-4b6c2c51e48554281c7cf58d7fcb6f4b .av-subheading{
font-size:15px;
}

@media only screen and (min-width: 480px) and (max-width: 767px){ 
#top #wrap_all .av-special-heading.av-f7o27j-4b6c2c51e48554281c7cf58d7fcb6f4b .av-special-heading-tag{
font-size:0.8em;
}
}

@media only screen and (max-width: 479px){ 
#top #wrap_all .av-special-heading.av-f7o27j-4b6c2c51e48554281c7cf58d7fcb6f4b .av-special-heading-tag{
font-size:0.8em;
}
}
</style>
<div  class='av-special-heading av-f7o27j-4b6c2c51e48554281c7cf58d7fcb6f4b av-special-heading-h3 custom-color-heading blockquote modern-quote  avia-builder-el-1  el_before_av_hr  avia-builder-el-first  av-inherit-size'><h3 class='av-special-heading-tag '  itemprop="headline"  >Nachfolge­maßnahmen</h3><div class="special-heading-border"><div class="special-heading-inner-border"></div></div></div>

<style type="text/css" data-created_by="avia_inline_auto" id="style-css-av-eacfhb-051403076bb4dd5c7f953bbfb13a0a29">
#top .hr.av-eacfhb-051403076bb4dd5c7f953bbfb13a0a29{
margin-top:30px;
margin-bottom:30px;
}
.hr.av-eacfhb-051403076bb4dd5c7f953bbfb13a0a29 .hr-inner{
width:20%;
border-color:#e3000b;
max-width:45%;
}
.hr.av-eacfhb-051403076bb4dd5c7f953bbfb13a0a29 .av-seperator-icon{
color:#e3000b;
}
.hr.av-eacfhb-051403076bb4dd5c7f953bbfb13a0a29 .av-seperator-icon.avia-svg-icon svg:first-child{
fill:#e3000b;
stroke:#e3000b;
}
</style>
<div  class='hr av-eacfhb-051403076bb4dd5c7f953bbfb13a0a29 hr-custom  avia-builder-el-2  el_after_av_heading  avia-builder-el-last  hr-left hr-icon-yes'><span class='hr-inner inner-border-av-border-thin'><span class="hr-inner-style"></span></span><span class='av-seperator-icon avia-iconfont avia-font-entypo-fontello' data-av_icon='' data-av_iconfont='entypo-fontello' ></span><span class='hr-inner inner-border-av-border-thin'><span class="hr-inner-style"></span></span></div>
</div></div></main><!-- close content main element --></div></div><div id='after_section_1'  class='main_color av_default_container_wrap container_wrap fullsize'  ><div class='container av-section-cont-open' ><div class='template-page content  av-content-full alpha units'><div class='post-entry post-entry-type-page post-entry-2559'><div class='entry-content-wrapper clearfix'>
<div class='flex_column_table av-d1pk9b-1e9d0dbbf54517e709e3ca2353c143d8 sc-av_one_full av-equal-height-column-flextable'>
<style type="text/css" data-created_by="avia_inline_auto" id="style-css-av-d1pk9b-1e9d0dbbf54517e709e3ca2353c143d8">
#top .flex_column_table.av-equal-height-column-flextable.av-d1pk9b-1e9d0dbbf54517e709e3ca2353c143d8{
margin-top:-90px;
}
.flex_column.av-d1pk9b-1e9d0dbbf54517e709e3ca2353c143d8{
border-radius:0px 0px 0px 0px;
padding:30px 30px 30px 30px;
background-color:#ffffff;
}
</style>
<div  class='flex_column av-d1pk9b-1e9d0dbbf54517e709e3ca2353c143d8 av_one_full  avia-builder-el-3  el_after_av_section  el_before_av_hr  avia-builder-el-first  first flex_column_table_cell av-equal-height-column av-align-top  '     ><section  class='av_textblock_section av-b7eawf-f6d510b7109650d062f59c5bcaad502b '   itemscope="itemscope" itemtype="https://schema.org/CreativeWork" ><div class='avia_textblock'  itemprop="text" ><p>Während des gesamten Behandlungsprozesses, spätestens aber im letzten Behandlungsdrittel, werden individuell mit den Rehabilitanden die notwendigen Nachfolgemaßnahmen eruiert, geplant und eingeleitet.</p>
<p>Falls bereits eine Anbindung an eine wohnortnahe Suchtberatungsstelle des Rehabilitanden besteht, werden Kontakte während der Behandlung gefördert und begleitet und mit der Beratungsstelle gemeinsam die weitere Planung und Anbahnung von Unterstützungsmaßnahmen vorgenommen. Im Falle eines anstehenden Ortswechsels für den Rehabilitanden wird mit ihm gemeinsam eine Vermittlung an das Suchthilfesystem vor Ort vorgenommen. Eine weitere Unterstützung in einer Suchtberatungsstelle kann zum Beispiel im Rahmen der ambulanten Nachsorge erfolgen. Eine ambulante Weiterbehandlung (40+4) kann darüber hinaus einen noch offenen Behandlungsbedarf abdecken.</p>
</div></section></div></div><!--close column table wrapper. Autoclose: 1 --><div  class='hr av-92jgf3-fa39bf5dfa9e788d5b61c2b4f9b41e54 hr-default  avia-builder-el-5  el_after_av_one_full  el_before_av_hr '><span class='hr-inner '><span class="hr-inner-style"></span></span></div></p>

<style type="text/css" data-created_by="avia_inline_auto" id="style-css-av-p1re7-8d9a172abc5635053e6c50d4f04b57e8">
#top .hr.hr-invisible.av-p1re7-8d9a172abc5635053e6c50d4f04b57e8{
height:50px;
}
</style>
<div  id="adaption-ausweg"  class='hr av-p1re7-8d9a172abc5635053e6c50d4f04b57e8 hr-invisible  avia-builder-el-6  el_after_av_hr  avia-builder-el-last '><span class='hr-inner '><span class="hr-inner-style"></span></span></div>
