{"id":2342,"date":"2018-01-26T17:26:29","date_gmt":"2018-01-26T16:26:29","guid":{"rendered":"https:\/\/fachklinik-meckenheim.de\/?page_id=2342"},"modified":"2020-02-10T12:51:38","modified_gmt":"2020-02-10T11:51:38","slug":"gesunde-ernaehrung","status":"publish","type":"page","link":"https:\/\/www.vfg-bonn.de\/fachklinik\/gesunde-ernaehrung\/","title":{"rendered":"Ern\u00e4hrung\/Lehrk\u00fcche"},"content":{"rendered":"\n<style type=\"text\/css\" data-created_by=\"avia_inline_auto\" id=\"style-css-av-aya5gm-e4833d82f5f2d0d3f14ecdaf2f253201\">\n.avia-section.av-aya5gm-e4833d82f5f2d0d3f14ecdaf2f253201 .av-parallax .av-parallax-inner{\nbackground-repeat:no-repeat;\nbackground-image:url(https:\/\/www.vfg-bonn.de\/fachklinik\/wp-content\/uploads\/DSC5363-x.jpg);\nbackground-position:50% 0%;\nbackground-attachment:scroll;\n}\n<\/style>\n<div id='av_section_1'  class='avia-section av-aya5gm-e4833d82f5f2d0d3f14ecdaf2f253201 main_color avia-section-large avia-no-shadow  avia-builder-el-0  el_before_av_one_full  avia-builder-el-first  spezialueberschrift avia-full-stretch av-parallax-section avia-bg-style-parallax av-minimum-height av-minimum-height-50 av-height-50  container_wrap fullsize'  data-section-bg-repeat='stretch' data-av_minimum_height_pc='50' data-av_min_height_opt='50'><div class='av-parallax' data-avia-parallax-ratio='0.3' ><div class='av-parallax-inner main_color avia-full-stretch'><\/div><\/div><div class='container av-section-cont-open' ><main  role=\"main\" itemprop=\"mainContentOfPage\"  class='template-page content  av-content-full alpha units'><div class='post-entry post-entry-type-page post-entry-2342'><div class='entry-content-wrapper clearfix'>\n\n<style type=\"text\/css\" data-created_by=\"avia_inline_auto\" id=\"style-css-av-9dyjmu-f877a073e5f6b1c43e44d14cb26960e5\">\n#top .av-special-heading.av-9dyjmu-f877a073e5f6b1c43e44d14cb26960e5{\npadding-bottom:0;\ncolor:#e3000b;\nfont-size:40px;\n}\nbody .av-special-heading.av-9dyjmu-f877a073e5f6b1c43e44d14cb26960e5 .av-special-heading-tag .heading-char{\nfont-size:25px;\n}\n#top #wrap_all .av-special-heading.av-9dyjmu-f877a073e5f6b1c43e44d14cb26960e5 .av-special-heading-tag{\nfont-size:40px;\n}\n.av-special-heading.av-9dyjmu-f877a073e5f6b1c43e44d14cb26960e5 .special-heading-inner-border{\nborder-color:#e3000b;\n}\n.av-special-heading.av-9dyjmu-f877a073e5f6b1c43e44d14cb26960e5 .av-subheading{\nfont-size:15px;\n}\n\n@media only screen and (min-width: 480px) and (max-width: 767px){ \n#top #wrap_all .av-special-heading.av-9dyjmu-f877a073e5f6b1c43e44d14cb26960e5 .av-special-heading-tag{\nfont-size:0.8em;\n}\n}\n\n@media only screen and (max-width: 479px){ \n#top #wrap_all .av-special-heading.av-9dyjmu-f877a073e5f6b1c43e44d14cb26960e5 .av-special-heading-tag{\nfont-size:0.8em;\n}\n}\n<\/style>\n<div  class='av-special-heading av-9dyjmu-f877a073e5f6b1c43e44d14cb26960e5 av-special-heading-h3 custom-color-heading blockquote modern-quote  avia-builder-el-1  el_before_av_hr  avia-builder-el-first  av-inherit-size'><h3 class='av-special-heading-tag '  itemprop=\"headline\"  >Ern\u00e4hrung\/Lehrk\u00fcche<\/h3><div class=\"special-heading-border\"><div class=\"special-heading-inner-border\"><\/div><\/div><\/div>\n\n<style type=\"text\/css\" data-created_by=\"avia_inline_auto\" id=\"style-css-av-7ro7ie-d193fb7695de1e8633a23852dc54917c\">\n#top .hr.av-7ro7ie-d193fb7695de1e8633a23852dc54917c{\nmargin-top:30px;\nmargin-bottom:30px;\n}\n.hr.av-7ro7ie-d193fb7695de1e8633a23852dc54917c .hr-inner{\nwidth:20%;\nborder-color:#e3000b;\nmax-width:45%;\n}\n.hr.av-7ro7ie-d193fb7695de1e8633a23852dc54917c .av-seperator-icon{\ncolor:#e3000b;\n}\n.hr.av-7ro7ie-d193fb7695de1e8633a23852dc54917c .av-seperator-icon.avia-svg-icon svg:first-child{\nfill:#e3000b;\nstroke:#e3000b;\n}\n<\/style>\n<div  class='hr av-7ro7ie-d193fb7695de1e8633a23852dc54917c hr-custom  avia-builder-el-2  el_after_av_heading  avia-builder-el-last  hr-left hr-icon-yes'><span class='hr-inner inner-border-av-border-thin'><span class=\"hr-inner-style\"><\/span><\/span><span class='av-seperator-icon avia-iconfont avia-font-entypo-fontello' data-av_icon='\ue8bf' data-av_iconfont='entypo-fontello' ><\/span><span class='hr-inner inner-border-av-border-thin'><span class=\"hr-inner-style\"><\/span><\/span><\/div>\n<\/div><\/div><\/main><!-- close content main element --><\/div><\/div><div id='after_section_1'  class='main_color av_default_container_wrap container_wrap fullsize'  ><div class='container av-section-cont-open' ><div class='template-page content  av-content-full alpha units'><div class='post-entry post-entry-type-page post-entry-2342'><div class='entry-content-wrapper clearfix'>\n<div class='flex_column_table av-6hqtwm-38533f45d9c3f0f6e2ce17b687c40ba4 sc-av_one_full av-equal-height-column-flextable'>\n<style type=\"text\/css\" data-created_by=\"avia_inline_auto\" id=\"style-css-av-6hqtwm-38533f45d9c3f0f6e2ce17b687c40ba4\">\n#top .flex_column_table.av-equal-height-column-flextable.av-6hqtwm-38533f45d9c3f0f6e2ce17b687c40ba4{\nmargin-top:-90px;\n}\n.flex_column.av-6hqtwm-38533f45d9c3f0f6e2ce17b687c40ba4{\nborder-radius:0px 0px 0px 0px;\npadding:30px 30px 30px 30px;\nbackground-color:#ffffff;\n}\n<\/style>\n<div  class='flex_column av-6hqtwm-38533f45d9c3f0f6e2ce17b687c40ba4 av_one_full  avia-builder-el-3  el_after_av_section  avia-builder-el-no-sibling  first flex_column_table_cell av-equal-height-column av-align-top  '     ><p><section  class='av_textblock_section av-3o57iu-9e8827402de769cc4c58e7199732db54 '   itemscope=\"itemscope\" itemtype=\"https:\/\/schema.org\/CreativeWork\" ><div class='avia_textblock'  itemprop=\"text\" ><p>Eine vollwertige Ern\u00e4hrung ist die Basis f\u00fcr bedarfsgerechtes, gesundheitsf\u00f6rderndes Essen und Trinken. Sie kann dazu beitragen, Wachstum, Entwicklung und Leistungsf\u00e4higkeit sowie die Gesundheit des Menschen ein Leben lang zu f\u00f6rdern bzw. zu erhalten.<\/p>\n<p>Folgende therapeutische Angebote stehen zur Verf\u00fcgung:<\/p>\n<ul>\n<li>Gruppenangebot \u201eGesunde Ern\u00e4hrung\u201c<\/li>\n<li>Individuelle Ern\u00e4hrungsberatung<\/li>\n<li>Lehrk\u00fcche<\/li>\n<\/ul>\n<\/div><\/section><br \/>\n<div  class='avia-button-wrap av-1ux67a-b85935032e9daf619b4b39106a53aa41-wrap avia-button-right  avia-builder-el-5  el_after_av_textblock  avia-builder-el-last '><a href='https:\/\/www.vfg-bonn.de\/fachklinik\/soziale-beratung\/'  class='avia-button av-1ux67a-b85935032e9daf619b4b39106a53aa41 av-link-btn avia-icon_select-yes-right-icon avia-size-medium avia-position-right avia-color-theme-color'   aria-label=\"Sozialberatung\u2026\"><span class='avia_iconbox_title' >Sozialberatung\u2026<\/span><span class='avia_button_icon avia_button_icon_right avia-iconfont avia-font-entypo-fontello' data-av_icon='\ue832' data-av_iconfont='entypo-fontello' ><\/span><\/a><\/div><\/p><\/div><\/div><!--close column table wrapper. Autoclose: 1 -->\n","protected":false},"excerpt":{"rendered":"","protected":false},"author":1,"featured_media":0,"parent":0,"menu_order":0,"comment_status":"closed","ping_status":"closed","template":"","meta":{"inline_featured_image":false,"footnotes":""},"class_list":["post-2342","page","type-page","status-publish","hentry"],"_links":{"self":[{"href":"https:\/\/www.vfg-bonn.de\/fachklinik\/wp-json\/wp\/v2\/pages\/2342","targetHints":{"allow":["GET"]}}],"collection":[{"href":"https:\/\/www.vfg-bonn.de\/fachklinik\/wp-json\/wp\/v2\/pages"}],"about":[{"href":"https:\/\/www.vfg-bonn.de\/fachklinik\/wp-json\/wp\/v2\/types\/page"}],"author":[{"embeddable":true,"href":"https:\/\/www.vfg-bonn.de\/fachklinik\/wp-json\/wp\/v2\/users\/1"}],"replies":[{"embeddable":true,"href":"https:\/\/www.vfg-bonn.de\/fachklinik\/wp-json\/wp\/v2\/comments?post=2342"}],"version-history":[{"count":5,"href":"https:\/\/www.vfg-bonn.de\/fachklinik\/wp-json\/wp\/v2\/pages\/2342\/revisions"}],"predecessor-version":[{"id":3661,"href":"https:\/\/www.vfg-bonn.de\/fachklinik\/wp-json\/wp\/v2\/pages\/2342\/revisions\/3661"}],"wp:attachment":[{"href":"https:\/\/www.vfg-bonn.de\/fachklinik\/wp-json\/wp\/v2\/media?parent=2342"}],"curies":[{"name":"wp","href":"https:\/\/api.w.org\/{rel}","templated":true}]}}

Ernährung/Lehrküche

<style type="text/css" data-created_by="avia_inline_auto" id="style-css-av-aya5gm-e4833d82f5f2d0d3f14ecdaf2f253201">
.avia-section.av-aya5gm-e4833d82f5f2d0d3f14ecdaf2f253201 .av-parallax .av-parallax-inner{
background-repeat:no-repeat;
background-image:url(https://www.vfg-bonn.de/fachklinik/wp-content/uploads/DSC5363-x.jpg);
background-position:50% 0%;
background-attachment:scroll;
}
</style>
<div id='av_section_1'  class='avia-section av-aya5gm-e4833d82f5f2d0d3f14ecdaf2f253201 main_color avia-section-large avia-no-shadow  avia-builder-el-0  el_before_av_one_full  avia-builder-el-first  spezialueberschrift avia-full-stretch av-parallax-section avia-bg-style-parallax av-minimum-height av-minimum-height-50 av-height-50  container_wrap fullsize'  data-section-bg-repeat='stretch' data-av_minimum_height_pc='50' data-av_min_height_opt='50'><div class='av-parallax' data-avia-parallax-ratio='0.3' ><div class='av-parallax-inner main_color avia-full-stretch'></div></div><div class='container av-section-cont-open' ><main  role="main" itemprop="mainContentOfPage"  class='template-page content  av-content-full alpha units'><div class='post-entry post-entry-type-page post-entry-2342'><div class='entry-content-wrapper clearfix'>

<style type="text/css" data-created_by="avia_inline_auto" id="style-css-av-9dyjmu-f877a073e5f6b1c43e44d14cb26960e5">
#top .av-special-heading.av-9dyjmu-f877a073e5f6b1c43e44d14cb26960e5{
padding-bottom:0;
color:#e3000b;
font-size:40px;
}
body .av-special-heading.av-9dyjmu-f877a073e5f6b1c43e44d14cb26960e5 .av-special-heading-tag .heading-char{
font-size:25px;
}
#top #wrap_all .av-special-heading.av-9dyjmu-f877a073e5f6b1c43e44d14cb26960e5 .av-special-heading-tag{
font-size:40px;
}
.av-special-heading.av-9dyjmu-f877a073e5f6b1c43e44d14cb26960e5 .special-heading-inner-border{
border-color:#e3000b;
}
.av-special-heading.av-9dyjmu-f877a073e5f6b1c43e44d14cb26960e5 .av-subheading{
font-size:15px;
}

@media only screen and (min-width: 480px) and (max-width: 767px){ 
#top #wrap_all .av-special-heading.av-9dyjmu-f877a073e5f6b1c43e44d14cb26960e5 .av-special-heading-tag{
font-size:0.8em;
}
}

@media only screen and (max-width: 479px){ 
#top #wrap_all .av-special-heading.av-9dyjmu-f877a073e5f6b1c43e44d14cb26960e5 .av-special-heading-tag{
font-size:0.8em;
}
}
</style>
<div  class='av-special-heading av-9dyjmu-f877a073e5f6b1c43e44d14cb26960e5 av-special-heading-h3 custom-color-heading blockquote modern-quote  avia-builder-el-1  el_before_av_hr  avia-builder-el-first  av-inherit-size'><h3 class='av-special-heading-tag '  itemprop="headline"  >Ernährung/Lehrküche</h3><div class="special-heading-border"><div class="special-heading-inner-border"></div></div></div>

<style type="text/css" data-created_by="avia_inline_auto" id="style-css-av-7ro7ie-d193fb7695de1e8633a23852dc54917c">
#top .hr.av-7ro7ie-d193fb7695de1e8633a23852dc54917c{
margin-top:30px;
margin-bottom:30px;
}
.hr.av-7ro7ie-d193fb7695de1e8633a23852dc54917c .hr-inner{
width:20%;
border-color:#e3000b;
max-width:45%;
}
.hr.av-7ro7ie-d193fb7695de1e8633a23852dc54917c .av-seperator-icon{
color:#e3000b;
}
.hr.av-7ro7ie-d193fb7695de1e8633a23852dc54917c .av-seperator-icon.avia-svg-icon svg:first-child{
fill:#e3000b;
stroke:#e3000b;
}
</style>
<div  class='hr av-7ro7ie-d193fb7695de1e8633a23852dc54917c hr-custom  avia-builder-el-2  el_after_av_heading  avia-builder-el-last  hr-left hr-icon-yes'><span class='hr-inner inner-border-av-border-thin'><span class="hr-inner-style"></span></span><span class='av-seperator-icon avia-iconfont avia-font-entypo-fontello' data-av_icon='' data-av_iconfont='entypo-fontello' ></span><span class='hr-inner inner-border-av-border-thin'><span class="hr-inner-style"></span></span></div>
</div></div></main><!-- close content main element --></div></div><div id='after_section_1'  class='main_color av_default_container_wrap container_wrap fullsize'  ><div class='container av-section-cont-open' ><div class='template-page content  av-content-full alpha units'><div class='post-entry post-entry-type-page post-entry-2342'><div class='entry-content-wrapper clearfix'>
<div class='flex_column_table av-6hqtwm-38533f45d9c3f0f6e2ce17b687c40ba4 sc-av_one_full av-equal-height-column-flextable'>
<style type="text/css" data-created_by="avia_inline_auto" id="style-css-av-6hqtwm-38533f45d9c3f0f6e2ce17b687c40ba4">
#top .flex_column_table.av-equal-height-column-flextable.av-6hqtwm-38533f45d9c3f0f6e2ce17b687c40ba4{
margin-top:-90px;
}
.flex_column.av-6hqtwm-38533f45d9c3f0f6e2ce17b687c40ba4{
border-radius:0px 0px 0px 0px;
padding:30px 30px 30px 30px;
background-color:#ffffff;
}
</style>
<div  class='flex_column av-6hqtwm-38533f45d9c3f0f6e2ce17b687c40ba4 av_one_full  avia-builder-el-3  el_after_av_section  avia-builder-el-no-sibling  first flex_column_table_cell av-equal-height-column av-align-top  '     ><p><section  class='av_textblock_section av-3o57iu-9e8827402de769cc4c58e7199732db54 '   itemscope="itemscope" itemtype="https://schema.org/CreativeWork" ><div class='avia_textblock'  itemprop="text" ><p>Eine vollwertige Ernährung ist die Basis für bedarfsgerechtes, gesundheitsförderndes Essen und Trinken. Sie kann dazu beitragen, Wachstum, Entwicklung und Leistungsfähigkeit sowie die Gesundheit des Menschen ein Leben lang zu fördern bzw. zu erhalten.</p>
<p>Folgende therapeutische Angebote stehen zur Verfügung:</p>
<ul>
<li>Gruppenangebot „Gesunde Ernährung“</li>
<li>Individuelle Ernährungsberatung</li>
<li>Lehrküche</li>
</ul>
</div></section><br />
<div  class='avia-button-wrap av-1ux67a-b85935032e9daf619b4b39106a53aa41-wrap avia-button-right  avia-builder-el-5  el_after_av_textblock  avia-builder-el-last '><a href='https://www.vfg-bonn.de/fachklinik/soziale-beratung/'  class='avia-button av-1ux67a-b85935032e9daf619b4b39106a53aa41 av-link-btn avia-icon_select-yes-right-icon avia-size-medium avia-position-right avia-color-theme-color'   aria-label="Sozialberatung…"><span class='avia_iconbox_title' >Sozialberatung…</span><span class='avia_button_icon avia_button_icon_right avia-iconfont avia-font-entypo-fontello' data-av_icon='' data-av_iconfont='entypo-fontello' ></span></a></div></p></div></div><!--close column table wrapper. Autoclose: 1 -->
