{"id":1896,"date":"2017-07-05T13:05:19","date_gmt":"2017-07-05T11:05:19","guid":{"rendered":"https:\/\/fachklinik-meckenheim.de\/?page_id=1896"},"modified":"2021-11-26T13:35:04","modified_gmt":"2021-11-26T12:35:04","slug":"cannabis-amphetamine","status":"publish","type":"page","link":"https:\/\/www.vfg-bonn.de\/fachklinik\/cannabis-amphetamine\/","title":{"rendered":"Cannabis- und Amphetaminabh\u00e4ngigkeit"},"content":{"rendered":"\n<style type=\"text\/css\" data-created_by=\"avia_inline_auto\" id=\"style-css-av-ajd0p4-1b3c807dd7562037eac4c0370b912170\">\n.avia-section.av-ajd0p4-1b3c807dd7562037eac4c0370b912170 .av-parallax .av-parallax-inner{\nbackground-repeat:no-repeat;\nbackground-image:url(https:\/\/www.vfg-bonn.de\/fachklinik\/wp-content\/uploads\/DSC2275-Kreativ-2.jpg);\nbackground-position:50% 100%;\nbackground-attachment:scroll;\n}\n<\/style>\n<div id='av_section_1'  class='avia-section av-ajd0p4-1b3c807dd7562037eac4c0370b912170 main_color avia-section-large avia-no-shadow  avia-builder-el-0  el_before_av_one_full  avia-builder-el-first  spezialueberschrift avia-full-stretch av-parallax-section avia-bg-style-parallax av-minimum-height av-minimum-height-50 av-height-50  container_wrap fullsize'  data-section-bg-repeat='stretch' data-av_minimum_height_pc='50' data-av_min_height_opt='50'><div class='av-parallax' data-avia-parallax-ratio='0.3' ><div class='av-parallax-inner main_color avia-full-stretch'><\/div><\/div><div class='container av-section-cont-open' ><main  role=\"main\" itemprop=\"mainContentOfPage\"  class='template-page content  av-content-full alpha units'><div class='post-entry post-entry-type-page post-entry-1896'><div class='entry-content-wrapper clearfix'>\n\n<style type=\"text\/css\" data-created_by=\"avia_inline_auto\" id=\"style-css-av-8njym0-a79454400fafe9bb6821ad1bb40764c5\">\n#top .av-special-heading.av-8njym0-a79454400fafe9bb6821ad1bb40764c5{\npadding-bottom:0;\ncolor:#e3000b;\nfont-size:40px;\n}\nbody .av-special-heading.av-8njym0-a79454400fafe9bb6821ad1bb40764c5 .av-special-heading-tag .heading-char{\nfont-size:25px;\n}\n#top #wrap_all .av-special-heading.av-8njym0-a79454400fafe9bb6821ad1bb40764c5 .av-special-heading-tag{\nfont-size:40px;\n}\n.av-special-heading.av-8njym0-a79454400fafe9bb6821ad1bb40764c5 .special-heading-inner-border{\nborder-color:#e3000b;\n}\n.av-special-heading.av-8njym0-a79454400fafe9bb6821ad1bb40764c5 .av-subheading{\nfont-size:15px;\n}\n\n@media only screen and (min-width: 480px) and (max-width: 767px){ \n#top #wrap_all .av-special-heading.av-8njym0-a79454400fafe9bb6821ad1bb40764c5 .av-special-heading-tag{\nfont-size:0.8em;\n}\n}\n\n@media only screen and (max-width: 479px){ \n#top #wrap_all .av-special-heading.av-8njym0-a79454400fafe9bb6821ad1bb40764c5 .av-special-heading-tag{\nfont-size:0.8em;\n}\n}\n<\/style>\n<div  class='av-special-heading av-8njym0-a79454400fafe9bb6821ad1bb40764c5 av-special-heading-h3 custom-color-heading blockquote modern-quote  avia-builder-el-1  el_before_av_hr  avia-builder-el-first  av-inherit-size'><h3 class='av-special-heading-tag '  itemprop=\"headline\"  >Cannabis- und Amphetamin\u00adabh\u00e4ngigkeit<\/h3><div class=\"special-heading-border\"><div class=\"special-heading-inner-border\"><\/div><\/div><\/div>\n\n<style type=\"text\/css\" data-created_by=\"avia_inline_auto\" id=\"style-css-av-82k7tk-a1f2af2651e8a89086cd78164cb8f25f\">\n#top .hr.av-82k7tk-a1f2af2651e8a89086cd78164cb8f25f{\nmargin-top:30px;\nmargin-bottom:30px;\n}\n.hr.av-82k7tk-a1f2af2651e8a89086cd78164cb8f25f .hr-inner{\nwidth:20%;\nborder-color:#e3000b;\nmax-width:45%;\n}\n.hr.av-82k7tk-a1f2af2651e8a89086cd78164cb8f25f .av-seperator-icon{\ncolor:#e3000b;\n}\n.hr.av-82k7tk-a1f2af2651e8a89086cd78164cb8f25f .av-seperator-icon.avia-svg-icon svg:first-child{\nfill:#e3000b;\nstroke:#e3000b;\n}\n<\/style>\n<div  class='hr av-82k7tk-a1f2af2651e8a89086cd78164cb8f25f hr-custom  avia-builder-el-2  el_after_av_heading  avia-builder-el-last  hr-left hr-icon-yes'><span class='hr-inner inner-border-av-border-thin'><span class=\"hr-inner-style\"><\/span><\/span><span class='av-seperator-icon avia-iconfont avia-font-entypo-fontello' data-av_icon='\ue8bf' data-av_iconfont='entypo-fontello' ><\/span><span class='hr-inner inner-border-av-border-thin'><span class=\"hr-inner-style\"><\/span><\/span><\/div>\n<\/div><\/div><\/main><!-- close content main element --><\/div><\/div><div id='after_section_1'  class='main_color av_default_container_wrap container_wrap fullsize'  ><div class='container av-section-cont-open' ><div class='template-page content  av-content-full alpha units'><div class='post-entry post-entry-type-page post-entry-1896'><div class='entry-content-wrapper clearfix'>\n<div class='flex_column_table av-696e60-1dd84cbaa75fae269406868edfddafac sc-av_one_full av-equal-height-column-flextable'>\n<style type=\"text\/css\" data-created_by=\"avia_inline_auto\" id=\"style-css-av-696e60-1dd84cbaa75fae269406868edfddafac\">\n#top .flex_column_table.av-equal-height-column-flextable.av-696e60-1dd84cbaa75fae269406868edfddafac{\nmargin-top:-90px;\n}\n.flex_column.av-696e60-1dd84cbaa75fae269406868edfddafac{\nborder-radius:0px 0px 0px 0px;\npadding:30px 30px 30px 30px;\nbackground-color:#ffffff;\n}\n<\/style>\n<div  class='flex_column av-696e60-1dd84cbaa75fae269406868edfddafac av_one_full  avia-builder-el-3  el_after_av_section  avia-builder-el-no-sibling  first flex_column_table_cell av-equal-height-column av-align-top  '     ><p><section  class='av_textblock_section av-4oehx4-e816264e58f65dea88ac4d1e427816cf '   itemscope=\"itemscope\" itemtype=\"https:\/\/schema.org\/CreativeWork\" ><div class='avia_textblock'  itemprop=\"text\" ><p>In den letzten Jahren ist der Anteil der Prehabilitanden mit den Hauptdiagnosen Cannabis- und Amphetaminabh\u00e4ngigkeit in unserer Fachklinik stetig gestiegen und lag 2017 bei 45,4%.<\/p>\n<p>Neben dem individualisierten Therapieprogramm abgestimmt auf die psychischen und sozialen Folgen der Abh\u00e4ngigkeit halten wir das <strong>psychotherapeutische Behandlungsmodul \u201eCannabis- und Amphetamingruppe\u201c<\/strong> (angelehnt an das CANDIS-Programm von Eva Hoch et al. 2011) als zielgruppenspezifisches Angebot f\u00fcr diese Konsumentengruppe vor. Die empfohlenen Kurzinterventionen bestehen aus einer Kombination von Motivation st\u00e4rkenden und kognitiv-verhaltenstherapeutischen Elementen und individueller Beratung. Oberstes Ziel f\u00fcr diese Zielgruppe ist die langfristige Stabilisierung der Cannabis-\/ Amphetaminabstinenz. Dazu werden f\u00fcr die Rehabilitanden jeweils individuelle Ziele und Behandlungsschwerpunkte formuliert, die das \u00fcbergeordnete Ziel unterst\u00fctzen. Edukative Einheiten und gruppendynamische Einheiten erg\u00e4nzen das therapeutische Vorgehen.<\/p>\n<\/div><\/section><br \/>\n<div  class='avia-button-wrap av-2s12t4-7fd7fb17d59bdf1a4ca0ac1e241792fa-wrap avia-button-right  avia-builder-el-5  el_after_av_textblock  avia-builder-el-last '><a href='https:\/\/www.vfg-bonn.de\/fachklinik\/opioide\/'  class='avia-button av-2s12t4-7fd7fb17d59bdf1a4ca0ac1e241792fa av-link-btn avia-icon_select-yes-right-icon avia-size-medium avia-position-right avia-color-theme-color'   aria-label=\"Opioidabh\u00e4ngigkeit\u2026\"><span class='avia_iconbox_title' >Opioidabh\u00e4ngigkeit\u2026<\/span><span class='avia_button_icon avia_button_icon_right avia-iconfont avia-font-entypo-fontello' data-av_icon='\ue832' data-av_iconfont='entypo-fontello' ><\/span><\/a><\/div><\/p><\/div><\/div><!--close column table wrapper. Autoclose: 1 -->\n","protected":false},"excerpt":{"rendered":"","protected":false},"author":1,"featured_media":0,"parent":0,"menu_order":0,"comment_status":"closed","ping_status":"closed","template":"","meta":{"inline_featured_image":false,"footnotes":""},"class_list":["post-1896","page","type-page","status-publish","hentry"],"_links":{"self":[{"href":"https:\/\/www.vfg-bonn.de\/fachklinik\/wp-json\/wp\/v2\/pages\/1896","targetHints":{"allow":["GET"]}}],"collection":[{"href":"https:\/\/www.vfg-bonn.de\/fachklinik\/wp-json\/wp\/v2\/pages"}],"about":[{"href":"https:\/\/www.vfg-bonn.de\/fachklinik\/wp-json\/wp\/v2\/types\/page"}],"author":[{"embeddable":true,"href":"https:\/\/www.vfg-bonn.de\/fachklinik\/wp-json\/wp\/v2\/users\/1"}],"replies":[{"embeddable":true,"href":"https:\/\/www.vfg-bonn.de\/fachklinik\/wp-json\/wp\/v2\/comments?post=1896"}],"version-history":[{"count":7,"href":"https:\/\/www.vfg-bonn.de\/fachklinik\/wp-json\/wp\/v2\/pages\/1896\/revisions"}],"predecessor-version":[{"id":4358,"href":"https:\/\/www.vfg-bonn.de\/fachklinik\/wp-json\/wp\/v2\/pages\/1896\/revisions\/4358"}],"wp:attachment":[{"href":"https:\/\/www.vfg-bonn.de\/fachklinik\/wp-json\/wp\/v2\/media?parent=1896"}],"curies":[{"name":"wp","href":"https:\/\/api.w.org\/{rel}","templated":true}]}}

Cannabis- und Amphetaminabhängigkeit

<style type="text/css" data-created_by="avia_inline_auto" id="style-css-av-ajd0p4-1b3c807dd7562037eac4c0370b912170">
.avia-section.av-ajd0p4-1b3c807dd7562037eac4c0370b912170 .av-parallax .av-parallax-inner{
background-repeat:no-repeat;
background-image:url(https://www.vfg-bonn.de/fachklinik/wp-content/uploads/DSC2275-Kreativ-2.jpg);
background-position:50% 100%;
background-attachment:scroll;
}
</style>
<div id='av_section_1'  class='avia-section av-ajd0p4-1b3c807dd7562037eac4c0370b912170 main_color avia-section-large avia-no-shadow  avia-builder-el-0  el_before_av_one_full  avia-builder-el-first  spezialueberschrift avia-full-stretch av-parallax-section avia-bg-style-parallax av-minimum-height av-minimum-height-50 av-height-50  container_wrap fullsize'  data-section-bg-repeat='stretch' data-av_minimum_height_pc='50' data-av_min_height_opt='50'><div class='av-parallax' data-avia-parallax-ratio='0.3' ><div class='av-parallax-inner main_color avia-full-stretch'></div></div><div class='container av-section-cont-open' ><main  role="main" itemprop="mainContentOfPage"  class='template-page content  av-content-full alpha units'><div class='post-entry post-entry-type-page post-entry-1896'><div class='entry-content-wrapper clearfix'>

<style type="text/css" data-created_by="avia_inline_auto" id="style-css-av-8njym0-a79454400fafe9bb6821ad1bb40764c5">
#top .av-special-heading.av-8njym0-a79454400fafe9bb6821ad1bb40764c5{
padding-bottom:0;
color:#e3000b;
font-size:40px;
}
body .av-special-heading.av-8njym0-a79454400fafe9bb6821ad1bb40764c5 .av-special-heading-tag .heading-char{
font-size:25px;
}
#top #wrap_all .av-special-heading.av-8njym0-a79454400fafe9bb6821ad1bb40764c5 .av-special-heading-tag{
font-size:40px;
}
.av-special-heading.av-8njym0-a79454400fafe9bb6821ad1bb40764c5 .special-heading-inner-border{
border-color:#e3000b;
}
.av-special-heading.av-8njym0-a79454400fafe9bb6821ad1bb40764c5 .av-subheading{
font-size:15px;
}

@media only screen and (min-width: 480px) and (max-width: 767px){ 
#top #wrap_all .av-special-heading.av-8njym0-a79454400fafe9bb6821ad1bb40764c5 .av-special-heading-tag{
font-size:0.8em;
}
}

@media only screen and (max-width: 479px){ 
#top #wrap_all .av-special-heading.av-8njym0-a79454400fafe9bb6821ad1bb40764c5 .av-special-heading-tag{
font-size:0.8em;
}
}
</style>
<div  class='av-special-heading av-8njym0-a79454400fafe9bb6821ad1bb40764c5 av-special-heading-h3 custom-color-heading blockquote modern-quote  avia-builder-el-1  el_before_av_hr  avia-builder-el-first  av-inherit-size'><h3 class='av-special-heading-tag '  itemprop="headline"  >Cannabis- und Amphetamin­abhängigkeit</h3><div class="special-heading-border"><div class="special-heading-inner-border"></div></div></div>

<style type="text/css" data-created_by="avia_inline_auto" id="style-css-av-82k7tk-a1f2af2651e8a89086cd78164cb8f25f">
#top .hr.av-82k7tk-a1f2af2651e8a89086cd78164cb8f25f{
margin-top:30px;
margin-bottom:30px;
}
.hr.av-82k7tk-a1f2af2651e8a89086cd78164cb8f25f .hr-inner{
width:20%;
border-color:#e3000b;
max-width:45%;
}
.hr.av-82k7tk-a1f2af2651e8a89086cd78164cb8f25f .av-seperator-icon{
color:#e3000b;
}
.hr.av-82k7tk-a1f2af2651e8a89086cd78164cb8f25f .av-seperator-icon.avia-svg-icon svg:first-child{
fill:#e3000b;
stroke:#e3000b;
}
</style>
<div  class='hr av-82k7tk-a1f2af2651e8a89086cd78164cb8f25f hr-custom  avia-builder-el-2  el_after_av_heading  avia-builder-el-last  hr-left hr-icon-yes'><span class='hr-inner inner-border-av-border-thin'><span class="hr-inner-style"></span></span><span class='av-seperator-icon avia-iconfont avia-font-entypo-fontello' data-av_icon='' data-av_iconfont='entypo-fontello' ></span><span class='hr-inner inner-border-av-border-thin'><span class="hr-inner-style"></span></span></div>
</div></div></main><!-- close content main element --></div></div><div id='after_section_1'  class='main_color av_default_container_wrap container_wrap fullsize'  ><div class='container av-section-cont-open' ><div class='template-page content  av-content-full alpha units'><div class='post-entry post-entry-type-page post-entry-1896'><div class='entry-content-wrapper clearfix'>
<div class='flex_column_table av-696e60-1dd84cbaa75fae269406868edfddafac sc-av_one_full av-equal-height-column-flextable'>
<style type="text/css" data-created_by="avia_inline_auto" id="style-css-av-696e60-1dd84cbaa75fae269406868edfddafac">
#top .flex_column_table.av-equal-height-column-flextable.av-696e60-1dd84cbaa75fae269406868edfddafac{
margin-top:-90px;
}
.flex_column.av-696e60-1dd84cbaa75fae269406868edfddafac{
border-radius:0px 0px 0px 0px;
padding:30px 30px 30px 30px;
background-color:#ffffff;
}
</style>
<div  class='flex_column av-696e60-1dd84cbaa75fae269406868edfddafac av_one_full  avia-builder-el-3  el_after_av_section  avia-builder-el-no-sibling  first flex_column_table_cell av-equal-height-column av-align-top  '     ><p><section  class='av_textblock_section av-4oehx4-e816264e58f65dea88ac4d1e427816cf '   itemscope="itemscope" itemtype="https://schema.org/CreativeWork" ><div class='avia_textblock'  itemprop="text" ><p>In den letzten Jahren ist der Anteil der Prehabilitanden mit den Hauptdiagnosen Cannabis- und Amphetaminabhängigkeit in unserer Fachklinik stetig gestiegen und lag 2017 bei 45,4%.</p>
<p>Neben dem individualisierten Therapieprogramm abgestimmt auf die psychischen und sozialen Folgen der Abhängigkeit halten wir das <strong>psychotherapeutische Behandlungsmodul „Cannabis- und Amphetamingruppe“</strong> (angelehnt an das CANDIS-Programm von Eva Hoch et al. 2011) als zielgruppenspezifisches Angebot für diese Konsumentengruppe vor. Die empfohlenen Kurzinterventionen bestehen aus einer Kombination von Motivation stärkenden und kognitiv-verhaltenstherapeutischen Elementen und individueller Beratung. Oberstes Ziel für diese Zielgruppe ist die langfristige Stabilisierung der Cannabis-/ Amphetaminabstinenz. Dazu werden für die Rehabilitanden jeweils individuelle Ziele und Behandlungsschwerpunkte formuliert, die das übergeordnete Ziel unterstützen. Edukative Einheiten und gruppendynamische Einheiten ergänzen das therapeutische Vorgehen.</p>
</div></section><br />
<div  class='avia-button-wrap av-2s12t4-7fd7fb17d59bdf1a4ca0ac1e241792fa-wrap avia-button-right  avia-builder-el-5  el_after_av_textblock  avia-builder-el-last '><a href='https://www.vfg-bonn.de/fachklinik/opioide/'  class='avia-button av-2s12t4-7fd7fb17d59bdf1a4ca0ac1e241792fa av-link-btn avia-icon_select-yes-right-icon avia-size-medium avia-position-right avia-color-theme-color'   aria-label="Opioidabhängigkeit…"><span class='avia_iconbox_title' >Opioidabhängigkeit…</span><span class='avia_button_icon avia_button_icon_right avia-iconfont avia-font-entypo-fontello' data-av_icon='' data-av_iconfont='entypo-fontello' ></span></a></div></p></div></div><!--close column table wrapper. Autoclose: 1 -->
