{"id":1889,"date":"2017-07-05T12:53:27","date_gmt":"2017-07-05T10:53:27","guid":{"rendered":"https:\/\/fachklinik-meckenheim.de\/?page_id=1889"},"modified":"2021-01-21T10:20:28","modified_gmt":"2021-01-21T09:20:28","slug":"drogeninduzierte-psychose-schizophrenie","status":"publish","type":"page","link":"https:\/\/www.vfg-bonn.de\/fachklinik\/drogeninduzierte-psychose-schizophrenie\/","title":{"rendered":"Drogeninduzierte  Psychose \/ Schizophrenie"},"content":{"rendered":"\n<style type=\"text\/css\" data-created_by=\"avia_inline_auto\" id=\"style-css-av-b86kwh-477c0c00d880a2c719108d74c80b66bb\">\n.avia-section.av-b86kwh-477c0c00d880a2c719108d74c80b66bb .av-parallax .av-parallax-inner{\nbackground-repeat:no-repeat;\nbackground-image:url(https:\/\/www.vfg-bonn.de\/fachklinik\/wp-content\/uploads\/DSC2021-1310x630.jpg);\nbackground-position:50% 100%;\nbackground-attachment:scroll;\n}\n<\/style>\n<div id='av_section_1'  class='avia-section av-b86kwh-477c0c00d880a2c719108d74c80b66bb main_color avia-section-large avia-no-shadow  avia-builder-el-0  el_before_av_one_full  avia-builder-el-first  spezialueberschrift avia-full-stretch av-parallax-section avia-bg-style-parallax av-minimum-height av-minimum-height-50 av-height-50  container_wrap fullsize'  data-section-bg-repeat='stretch' data-av_minimum_height_pc='50' data-av_min_height_opt='50'><div class='av-parallax' data-avia-parallax-ratio='0.3' ><div class='av-parallax-inner main_color avia-full-stretch'><\/div><\/div><div class='container av-section-cont-open' ><main  role=\"main\" itemprop=\"mainContentOfPage\"  class='template-page content  av-content-full alpha units'><div class='post-entry post-entry-type-page post-entry-1889'><div class='entry-content-wrapper clearfix'>\n\n<style type=\"text\/css\" data-created_by=\"avia_inline_auto\" id=\"style-css-av-978zap-fe722042d2ed0b19410b3ad1a7ba8280\">\n#top .av-special-heading.av-978zap-fe722042d2ed0b19410b3ad1a7ba8280{\npadding-bottom:0;\ncolor:#e3000b;\nfont-size:40px;\n}\nbody .av-special-heading.av-978zap-fe722042d2ed0b19410b3ad1a7ba8280 .av-special-heading-tag .heading-char{\nfont-size:25px;\n}\n#top #wrap_all .av-special-heading.av-978zap-fe722042d2ed0b19410b3ad1a7ba8280 .av-special-heading-tag{\nfont-size:40px;\n}\n.av-special-heading.av-978zap-fe722042d2ed0b19410b3ad1a7ba8280 .special-heading-inner-border{\nborder-color:#e3000b;\n}\n.av-special-heading.av-978zap-fe722042d2ed0b19410b3ad1a7ba8280 .av-subheading{\nfont-size:15px;\n}\n\n@media only screen and (min-width: 480px) and (max-width: 767px){ \n#top #wrap_all .av-special-heading.av-978zap-fe722042d2ed0b19410b3ad1a7ba8280 .av-special-heading-tag{\nfont-size:0.8em;\n}\n}\n\n@media only screen and (max-width: 479px){ \n#top #wrap_all .av-special-heading.av-978zap-fe722042d2ed0b19410b3ad1a7ba8280 .av-special-heading-tag{\nfont-size:0.8em;\n}\n}\n<\/style>\n<div  class='av-special-heading av-978zap-fe722042d2ed0b19410b3ad1a7ba8280 av-special-heading-h3 custom-color-heading blockquote modern-quote  avia-builder-el-1  el_before_av_hr  avia-builder-el-first  av-inherit-size'><h3 class='av-special-heading-tag '  itemprop=\"headline\"  >Drogeninduzierte Psychose \/ Schizophrenie<\/h3><div class=\"special-heading-border\"><div class=\"special-heading-inner-border\"><\/div><\/div><\/div>\n\n<style type=\"text\/css\" data-created_by=\"avia_inline_auto\" id=\"style-css-av-t4kdd-171a3a7346ff3cde42c424871ab5e9d1\">\n#top .hr.av-t4kdd-171a3a7346ff3cde42c424871ab5e9d1{\nmargin-top:30px;\nmargin-bottom:30px;\n}\n.hr.av-t4kdd-171a3a7346ff3cde42c424871ab5e9d1 .hr-inner{\nwidth:20%;\nborder-color:#e3000b;\nmax-width:45%;\n}\n.hr.av-t4kdd-171a3a7346ff3cde42c424871ab5e9d1 .av-seperator-icon{\ncolor:#e3000b;\n}\n.hr.av-t4kdd-171a3a7346ff3cde42c424871ab5e9d1 .av-seperator-icon.avia-svg-icon svg:first-child{\nfill:#e3000b;\nstroke:#e3000b;\n}\n<\/style>\n<div  class='hr av-t4kdd-171a3a7346ff3cde42c424871ab5e9d1 hr-custom  avia-builder-el-2  el_after_av_heading  avia-builder-el-last  hr-left hr-icon-yes'><span class='hr-inner inner-border-av-border-thin'><span class=\"hr-inner-style\"><\/span><\/span><span class='av-seperator-icon avia-iconfont avia-font-entypo-fontello' data-av_icon='\ue8bf' data-av_iconfont='entypo-fontello' ><\/span><span class='hr-inner inner-border-av-border-thin'><span class=\"hr-inner-style\"><\/span><\/span><\/div>\n<\/div><\/div><\/main><!-- close content main element --><\/div><\/div><div id='after_section_1'  class='main_color av_default_container_wrap container_wrap fullsize'  ><div class='container av-section-cont-open' ><div class='template-page content  av-content-full alpha units'><div class='post-entry post-entry-type-page post-entry-1889'><div class='entry-content-wrapper clearfix'>\n<div class='flex_column_table av-ktkhd-c7db86f4209d6dcac829fab1ca284b64 sc-av_one_full av-equal-height-column-flextable'>\n<style type=\"text\/css\" data-created_by=\"avia_inline_auto\" id=\"style-css-av-ktkhd-c7db86f4209d6dcac829fab1ca284b64\">\n#top .flex_column_table.av-equal-height-column-flextable.av-ktkhd-c7db86f4209d6dcac829fab1ca284b64{\nmargin-top:-90px;\n}\n.flex_column.av-ktkhd-c7db86f4209d6dcac829fab1ca284b64{\nborder-radius:0px 0px 0px 0px;\npadding:30px 30px 30px 30px;\nbackground-color:#ffffff;\n}\n<\/style>\n<div  class='flex_column av-ktkhd-c7db86f4209d6dcac829fab1ca284b64 av_one_full  avia-builder-el-3  el_after_av_section  avia-builder-el-no-sibling  first flex_column_table_cell av-equal-height-column av-align-top  '     ><p><section  class='av_textblock_section av-4kq941-4c117974934bca63cf01db1c431b1eb4 '   itemscope=\"itemscope\" itemtype=\"https:\/\/schema.org\/CreativeWork\" ><div class='avia_textblock'  itemprop=\"text\" ><p>Psychotisches Erleben im Rahmen des Drogenkonsums, drogeninduzierte Psychose und Drogenkonsum im Rahmen einer Schizophrenie \u2013 die Auspr\u00e4gungen der Psychose kann sehr unterschiedlich sein. In jedem Fall handelt es sich um deutliche Ver\u00e4nderungen der Wahrnehmung, der Emotionalit\u00e4t und der Kognitionen, des Selbstbildes, des Ausdruckes und der sozialen Interaktion.<\/p>\n<p>Nachdem zun\u00e4chst sequentielle Behandlungen durchgef\u00fchrt wurden, herrscht mittlerweile Einigkeit dar\u00fcber, dass bei Rehabilitanden mit Doppeldiagnose Psychose und Sucht eine integrierte Behandlung der schizophrenen Erkrankungen und der Abh\u00e4ngigkeit erfolgen sollte. Hierbei werden st\u00fctzend-f\u00fcrsorgliche Konzepte aus der psychiatrischen Krankenversorgung und klassische suchttherapeutische Ans\u00e4tze mit Betonung der Eigenverantwortung aufeinander abgestimmt (Gouzoulis-Mayfrank 2010).<\/p>\n<p>Aufnahmevoraussetzung in unsere Fachklinik ist, dass keine akutpsychiatrische Behandlungsbed\u00fcrftigkeit und keine schweren kognitiven Einschr\u00e4nkungen bestehen.<\/p>\n<p>Im Rahmen der <strong>medizinischen Behandlung<\/strong> bieten wir Rehabilitanden mit der Begleiterkrankung Psychose eine engmaschige psychiatrische Behandlung mit den Schwerpunkten Psychopharmakologie und spezifische Psychoedukation an. Aufgrund der im Vergleich zur Akutpsychiatrie deutlich l\u00e4ngeren Behandlungszeiten kann eine sorgf\u00e4ltige Auswahl der Medikation bzw. eine genaue Einstellung der Dosis erfolgen. Bei entsprechendem Krankheitsverlauf kann auch ein Auslassversuch unternommen werden. Ziel ist eine ausreichende Wirkung der Medikation mit m\u00f6glichst geringen unerw\u00fcnschten Wirkungen und geringer Beeinflussung der kognitiven F\u00e4higkeiten, der Emotionalit\u00e4t und der Psychomotorik.<\/p>\n<p>Als Erg\u00e4nzung zur medizinischen Behandlung wird in <strong>Einzel- und Gruppenpsychotherapie das Metakognitive Training (MKT)<\/strong> mit dem Ziel eingesetzt, den Rehabilitanden f\u00fcr kognitive Beeintr\u00e4chtigungen (z. B. Neigung zu voreiligem Schlussfolgern, Beharrungstendenzen, Schwierigkeiten beim Einf\u00fchlen in andere Menschen), denen ein Einfluss bei der Entstehung und Aufrechterhaltung der Schizophrenie zugesprochen wird, zu sensibilisieren.<\/p>\n<p>Die <strong>Arbeits- und Ergotherapie<\/strong> dient zum Erlernen und Ein\u00fcben eines regelm\u00e4\u00dfiges Tagesrhythmus sowie einer Tagesstruktur, dem Training kognitiver F\u00e4higkeiten und den Grundarbeitsf\u00e4higkeiten, die im Rahmen der Begleiterkrankung Psychose h\u00e4ufig eingeschr\u00e4nkt sind. Das individuell ausgerichtete <strong>sporttherapeutische Behandlungsprogramm<\/strong> f\u00f6rdert die Psychomotorik und die k\u00f6rperliche Leistungsf\u00e4higkeit. Entsprechend der aktuellen Studienlage f\u00fchrt vor allem Ausdauertraining bei Rehabilitanden mit Schizophrenie zu einer Verbesserung des globalen Kognitionsniveaus, der Symptomschwere und der Lebensqualit\u00e4t (Keller-Varady et al. 2017).<\/p>\n<\/div><\/section><br \/>\n<div  class='avia-button-wrap av-1yj9ht-77605b83c8aecaeab2a588456908a98f-wrap avia-button-right  avia-builder-el-5  el_after_av_textblock  avia-builder-el-last '><a href='https:\/\/www.vfg-bonn.de\/fachklinik\/adhs-im-erwachsenenalter\/'  class='avia-button av-1yj9ht-77605b83c8aecaeab2a588456908a98f av-link-btn avia-icon_select-yes-right-icon avia-size-medium avia-position-right avia-color-theme-color'   aria-label=\"ADHS im Erwachsenenalter\u2026\"><span class='avia_iconbox_title' >ADHS im Erwachsenenalter\u2026<\/span><span class='avia_button_icon avia_button_icon_right avia-iconfont avia-font-entypo-fontello' data-av_icon='\ue832' data-av_iconfont='entypo-fontello' ><\/span><\/a><\/div><\/p><\/div><\/div><!--close column table wrapper. Autoclose: 1 -->\n","protected":false},"excerpt":{"rendered":"","protected":false},"author":1,"featured_media":0,"parent":0,"menu_order":0,"comment_status":"closed","ping_status":"closed","template":"","meta":{"inline_featured_image":false,"footnotes":""},"class_list":["post-1889","page","type-page","status-publish","hentry"],"_links":{"self":[{"href":"https:\/\/www.vfg-bonn.de\/fachklinik\/wp-json\/wp\/v2\/pages\/1889","targetHints":{"allow":["GET"]}}],"collection":[{"href":"https:\/\/www.vfg-bonn.de\/fachklinik\/wp-json\/wp\/v2\/pages"}],"about":[{"href":"https:\/\/www.vfg-bonn.de\/fachklinik\/wp-json\/wp\/v2\/types\/page"}],"author":[{"embeddable":true,"href":"https:\/\/www.vfg-bonn.de\/fachklinik\/wp-json\/wp\/v2\/users\/1"}],"replies":[{"embeddable":true,"href":"https:\/\/www.vfg-bonn.de\/fachklinik\/wp-json\/wp\/v2\/comments?post=1889"}],"version-history":[{"count":7,"href":"https:\/\/www.vfg-bonn.de\/fachklinik\/wp-json\/wp\/v2\/pages\/1889\/revisions"}],"predecessor-version":[{"id":4047,"href":"https:\/\/www.vfg-bonn.de\/fachklinik\/wp-json\/wp\/v2\/pages\/1889\/revisions\/4047"}],"wp:attachment":[{"href":"https:\/\/www.vfg-bonn.de\/fachklinik\/wp-json\/wp\/v2\/media?parent=1889"}],"curies":[{"name":"wp","href":"https:\/\/api.w.org\/{rel}","templated":true}]}}

<style type="text/css" data-created_by="avia_inline_auto" id="style-css-av-b86kwh-477c0c00d880a2c719108d74c80b66bb">
.avia-section.av-b86kwh-477c0c00d880a2c719108d74c80b66bb .av-parallax .av-parallax-inner{
background-repeat:no-repeat;
background-image:url(https://www.vfg-bonn.de/fachklinik/wp-content/uploads/DSC2021-1310x630.jpg);
background-position:50% 100%;
background-attachment:scroll;
}
</style>
<div id='av_section_1'  class='avia-section av-b86kwh-477c0c00d880a2c719108d74c80b66bb main_color avia-section-large avia-no-shadow  avia-builder-el-0  el_before_av_one_full  avia-builder-el-first  spezialueberschrift avia-full-stretch av-parallax-section avia-bg-style-parallax av-minimum-height av-minimum-height-50 av-height-50  container_wrap fullsize'  data-section-bg-repeat='stretch' data-av_minimum_height_pc='50' data-av_min_height_opt='50'><div class='av-parallax' data-avia-parallax-ratio='0.3' ><div class='av-parallax-inner main_color avia-full-stretch'></div></div><div class='container av-section-cont-open' ><main  role="main" itemprop="mainContentOfPage"  class='template-page content  av-content-full alpha units'><div class='post-entry post-entry-type-page post-entry-1889'><div class='entry-content-wrapper clearfix'>

<style type="text/css" data-created_by="avia_inline_auto" id="style-css-av-978zap-fe722042d2ed0b19410b3ad1a7ba8280">
#top .av-special-heading.av-978zap-fe722042d2ed0b19410b3ad1a7ba8280{
padding-bottom:0;
color:#e3000b;
font-size:40px;
}
body .av-special-heading.av-978zap-fe722042d2ed0b19410b3ad1a7ba8280 .av-special-heading-tag .heading-char{
font-size:25px;
}
#top #wrap_all .av-special-heading.av-978zap-fe722042d2ed0b19410b3ad1a7ba8280 .av-special-heading-tag{
font-size:40px;
}
.av-special-heading.av-978zap-fe722042d2ed0b19410b3ad1a7ba8280 .special-heading-inner-border{
border-color:#e3000b;
}
.av-special-heading.av-978zap-fe722042d2ed0b19410b3ad1a7ba8280 .av-subheading{
font-size:15px;
}

@media only screen and (min-width: 480px) and (max-width: 767px){ 
#top #wrap_all .av-special-heading.av-978zap-fe722042d2ed0b19410b3ad1a7ba8280 .av-special-heading-tag{
font-size:0.8em;
}
}

@media only screen and (max-width: 479px){ 
#top #wrap_all .av-special-heading.av-978zap-fe722042d2ed0b19410b3ad1a7ba8280 .av-special-heading-tag{
font-size:0.8em;
}
}
</style>
<div  class='av-special-heading av-978zap-fe722042d2ed0b19410b3ad1a7ba8280 av-special-heading-h3 custom-color-heading blockquote modern-quote  avia-builder-el-1  el_before_av_hr  avia-builder-el-first  av-inherit-size'><h3 class='av-special-heading-tag '  itemprop="headline"  >Drogeninduzierte Psychose / Schizophrenie</h3><div class="special-heading-border"><div class="special-heading-inner-border"></div></div></div>

<style type="text/css" data-created_by="avia_inline_auto" id="style-css-av-t4kdd-171a3a7346ff3cde42c424871ab5e9d1">
#top .hr.av-t4kdd-171a3a7346ff3cde42c424871ab5e9d1{
margin-top:30px;
margin-bottom:30px;
}
.hr.av-t4kdd-171a3a7346ff3cde42c424871ab5e9d1 .hr-inner{
width:20%;
border-color:#e3000b;
max-width:45%;
}
.hr.av-t4kdd-171a3a7346ff3cde42c424871ab5e9d1 .av-seperator-icon{
color:#e3000b;
}
.hr.av-t4kdd-171a3a7346ff3cde42c424871ab5e9d1 .av-seperator-icon.avia-svg-icon svg:first-child{
fill:#e3000b;
stroke:#e3000b;
}
</style>
<div  class='hr av-t4kdd-171a3a7346ff3cde42c424871ab5e9d1 hr-custom  avia-builder-el-2  el_after_av_heading  avia-builder-el-last  hr-left hr-icon-yes'><span class='hr-inner inner-border-av-border-thin'><span class="hr-inner-style"></span></span><span class='av-seperator-icon avia-iconfont avia-font-entypo-fontello' data-av_icon='' data-av_iconfont='entypo-fontello' ></span><span class='hr-inner inner-border-av-border-thin'><span class="hr-inner-style"></span></span></div>
</div></div></main><!-- close content main element --></div></div><div id='after_section_1'  class='main_color av_default_container_wrap container_wrap fullsize'  ><div class='container av-section-cont-open' ><div class='template-page content  av-content-full alpha units'><div class='post-entry post-entry-type-page post-entry-1889'><div class='entry-content-wrapper clearfix'>
<div class='flex_column_table av-ktkhd-c7db86f4209d6dcac829fab1ca284b64 sc-av_one_full av-equal-height-column-flextable'>
<style type="text/css" data-created_by="avia_inline_auto" id="style-css-av-ktkhd-c7db86f4209d6dcac829fab1ca284b64">
#top .flex_column_table.av-equal-height-column-flextable.av-ktkhd-c7db86f4209d6dcac829fab1ca284b64{
margin-top:-90px;
}
.flex_column.av-ktkhd-c7db86f4209d6dcac829fab1ca284b64{
border-radius:0px 0px 0px 0px;
padding:30px 30px 30px 30px;
background-color:#ffffff;
}
</style>
<div  class='flex_column av-ktkhd-c7db86f4209d6dcac829fab1ca284b64 av_one_full  avia-builder-el-3  el_after_av_section  avia-builder-el-no-sibling  first flex_column_table_cell av-equal-height-column av-align-top  '     ><p><section  class='av_textblock_section av-4kq941-4c117974934bca63cf01db1c431b1eb4 '   itemscope="itemscope" itemtype="https://schema.org/CreativeWork" ><div class='avia_textblock'  itemprop="text" ><p>Psychotisches Erleben im Rahmen des Drogenkonsums, drogeninduzierte Psychose und Drogenkonsum im Rahmen einer Schizophrenie – die Ausprägungen der Psychose kann sehr unterschiedlich sein. In jedem Fall handelt es sich um deutliche Veränderungen der Wahrnehmung, der Emotionalität und der Kognitionen, des Selbstbildes, des Ausdruckes und der sozialen Interaktion.</p>
<p>Nachdem zunächst sequentielle Behandlungen durchgeführt wurden, herrscht mittlerweile Einigkeit darüber, dass bei Rehabilitanden mit Doppeldiagnose Psychose und Sucht eine integrierte Behandlung der schizophrenen Erkrankungen und der Abhängigkeit erfolgen sollte. Hierbei werden stützend-fürsorgliche Konzepte aus der psychiatrischen Krankenversorgung und klassische suchttherapeutische Ansätze mit Betonung der Eigenverantwortung aufeinander abgestimmt (Gouzoulis-Mayfrank 2010).</p>
<p>Aufnahmevoraussetzung in unsere Fachklinik ist, dass keine akutpsychiatrische Behandlungsbedürftigkeit und keine schweren kognitiven Einschränkungen bestehen.</p>
<p>Im Rahmen der <strong>medizinischen Behandlung</strong> bieten wir Rehabilitanden mit der Begleiterkrankung Psychose eine engmaschige psychiatrische Behandlung mit den Schwerpunkten Psychopharmakologie und spezifische Psychoedukation an. Aufgrund der im Vergleich zur Akutpsychiatrie deutlich längeren Behandlungszeiten kann eine sorgfältige Auswahl der Medikation bzw. eine genaue Einstellung der Dosis erfolgen. Bei entsprechendem Krankheitsverlauf kann auch ein Auslassversuch unternommen werden. Ziel ist eine ausreichende Wirkung der Medikation mit möglichst geringen unerwünschten Wirkungen und geringer Beeinflussung der kognitiven Fähigkeiten, der Emotionalität und der Psychomotorik.</p>
<p>Als Ergänzung zur medizinischen Behandlung wird in <strong>Einzel- und Gruppenpsychotherapie das Metakognitive Training (MKT)</strong> mit dem Ziel eingesetzt, den Rehabilitanden für kognitive Beeinträchtigungen (z. B. Neigung zu voreiligem Schlussfolgern, Beharrungstendenzen, Schwierigkeiten beim Einfühlen in andere Menschen), denen ein Einfluss bei der Entstehung und Aufrechterhaltung der Schizophrenie zugesprochen wird, zu sensibilisieren.</p>
<p>Die <strong>Arbeits- und Ergotherapie</strong> dient zum Erlernen und Einüben eines regelmäßiges Tagesrhythmus sowie einer Tagesstruktur, dem Training kognitiver Fähigkeiten und den Grundarbeitsfähigkeiten, die im Rahmen der Begleiterkrankung Psychose häufig eingeschränkt sind. Das individuell ausgerichtete <strong>sporttherapeutische Behandlungsprogramm</strong> fördert die Psychomotorik und die körperliche Leistungsfähigkeit. Entsprechend der aktuellen Studienlage führt vor allem Ausdauertraining bei Rehabilitanden mit Schizophrenie zu einer Verbesserung des globalen Kognitionsniveaus, der Symptomschwere und der Lebensqualität (Keller-Varady et al. 2017).</p>
</div></section><br />
<div  class='avia-button-wrap av-1yj9ht-77605b83c8aecaeab2a588456908a98f-wrap avia-button-right  avia-builder-el-5  el_after_av_textblock  avia-builder-el-last '><a href='https://www.vfg-bonn.de/fachklinik/adhs-im-erwachsenenalter/'  class='avia-button av-1yj9ht-77605b83c8aecaeab2a588456908a98f av-link-btn avia-icon_select-yes-right-icon avia-size-medium avia-position-right avia-color-theme-color'   aria-label="ADHS im Erwachsenenalter…"><span class='avia_iconbox_title' >ADHS im Erwachsenenalter…</span><span class='avia_button_icon avia_button_icon_right avia-iconfont avia-font-entypo-fontello' data-av_icon='' data-av_iconfont='entypo-fontello' ></span></a></div></p></div></div><!--close column table wrapper. Autoclose: 1 -->
