{"id":1883,"date":"2017-07-05T12:48:41","date_gmt":"2017-07-05T10:48:41","guid":{"rendered":"https:\/\/fachklinik-meckenheim.de\/?page_id=1883"},"modified":"2021-01-21T10:21:29","modified_gmt":"2021-01-21T09:21:29","slug":"opioide","status":"publish","type":"page","link":"https:\/\/www.vfg-bonn.de\/fachklinik\/opioide\/","title":{"rendered":"Opioidabh\u00e4ngigkeit"},"content":{"rendered":"\n<style type=\"text\/css\" data-created_by=\"avia_inline_auto\" id=\"style-css-av-apgxcr-ecfb56685a0601849877f3e9b5b01a96\">\n.avia-section.av-apgxcr-ecfb56685a0601849877f3e9b5b01a96 .av-parallax .av-parallax-inner{\nbackground-repeat:no-repeat;\nbackground-image:url(https:\/\/www.vfg-bonn.de\/fachklinik\/wp-content\/uploads\/DSC5041-x-1030x538.jpg);\nbackground-position:50% 0%;\nbackground-attachment:scroll;\n}\n<\/style>\n<div id='av_section_1'  class='avia-section av-apgxcr-ecfb56685a0601849877f3e9b5b01a96 main_color avia-section-large avia-no-shadow  avia-builder-el-0  el_before_av_one_full  avia-builder-el-first  spezialueberschrift avia-full-stretch av-parallax-section avia-bg-style-parallax av-minimum-height av-minimum-height-50 av-height-50  container_wrap fullsize'  data-section-bg-repeat='stretch' data-av_minimum_height_pc='50' data-av_min_height_opt='50'><div class='av-parallax' data-avia-parallax-ratio='0.3' ><div class='av-parallax-inner main_color avia-full-stretch'><\/div><\/div><div class='container av-section-cont-open' ><main  role=\"main\" itemprop=\"mainContentOfPage\"  class='template-page content  av-content-full alpha units'><div class='post-entry post-entry-type-page post-entry-1883'><div class='entry-content-wrapper clearfix'>\n\n<style type=\"text\/css\" data-created_by=\"avia_inline_auto\" id=\"style-css-av-uyd6z-3419391bec96e05aa4dbbe406d52ca74\">\n#top .av-special-heading.av-uyd6z-3419391bec96e05aa4dbbe406d52ca74{\npadding-bottom:0;\ncolor:#e3000b;\nfont-size:40px;\n}\nbody .av-special-heading.av-uyd6z-3419391bec96e05aa4dbbe406d52ca74 .av-special-heading-tag .heading-char{\nfont-size:25px;\n}\n#top #wrap_all .av-special-heading.av-uyd6z-3419391bec96e05aa4dbbe406d52ca74 .av-special-heading-tag{\nfont-size:40px;\n}\n.av-special-heading.av-uyd6z-3419391bec96e05aa4dbbe406d52ca74 .special-heading-inner-border{\nborder-color:#e3000b;\n}\n.av-special-heading.av-uyd6z-3419391bec96e05aa4dbbe406d52ca74 .av-subheading{\nfont-size:15px;\n}\n\n@media only screen and (min-width: 480px) and (max-width: 767px){ \n#top #wrap_all .av-special-heading.av-uyd6z-3419391bec96e05aa4dbbe406d52ca74 .av-special-heading-tag{\nfont-size:0.8em;\n}\n}\n\n@media only screen and (max-width: 479px){ \n#top #wrap_all .av-special-heading.av-uyd6z-3419391bec96e05aa4dbbe406d52ca74 .av-special-heading-tag{\nfont-size:0.8em;\n}\n}\n<\/style>\n<div  class='av-special-heading av-uyd6z-3419391bec96e05aa4dbbe406d52ca74 av-special-heading-h3 custom-color-heading blockquote modern-quote  avia-builder-el-1  el_before_av_hr  avia-builder-el-first  av-inherit-size'><h3 class='av-special-heading-tag '  itemprop=\"headline\"  >Opioid\u00adabh\u00e4ngigkeit<\/h3><div class=\"special-heading-border\"><div class=\"special-heading-inner-border\"><\/div><\/div><\/div>\n\n<style type=\"text\/css\" data-created_by=\"avia_inline_auto\" id=\"style-css-av-6tgugb-96c02ce27f041223e483871f8c7b1a62\">\n#top .hr.av-6tgugb-96c02ce27f041223e483871f8c7b1a62{\nmargin-top:30px;\nmargin-bottom:30px;\n}\n.hr.av-6tgugb-96c02ce27f041223e483871f8c7b1a62 .hr-inner{\nwidth:20%;\nborder-color:#e3000b;\nmax-width:45%;\n}\n.hr.av-6tgugb-96c02ce27f041223e483871f8c7b1a62 .av-seperator-icon{\ncolor:#e3000b;\n}\n.hr.av-6tgugb-96c02ce27f041223e483871f8c7b1a62 .av-seperator-icon.avia-svg-icon svg:first-child{\nfill:#e3000b;\nstroke:#e3000b;\n}\n<\/style>\n<div  class='hr av-6tgugb-96c02ce27f041223e483871f8c7b1a62 hr-custom  avia-builder-el-2  el_after_av_heading  avia-builder-el-last  hr-left hr-icon-yes'><span class='hr-inner inner-border-av-border-thin'><span class=\"hr-inner-style\"><\/span><\/span><span class='av-seperator-icon avia-iconfont avia-font-entypo-fontello' data-av_icon='\ue8bf' data-av_iconfont='entypo-fontello' ><\/span><span class='hr-inner inner-border-av-border-thin'><span class=\"hr-inner-style\"><\/span><\/span><\/div>\n<\/div><\/div><\/main><!-- close content main element --><\/div><\/div><div id='after_section_1'  class='main_color av_default_container_wrap container_wrap fullsize'  ><div class='container av-section-cont-open' ><div class='template-page content  av-content-full alpha units'><div class='post-entry post-entry-type-page post-entry-1883'><div class='entry-content-wrapper clearfix'>\n<div class='flex_column_table av-5vlxa3-ede9af4e38e095594e08c788d8f7f778 sc-av_one_full av-equal-height-column-flextable'>\n<style type=\"text\/css\" data-created_by=\"avia_inline_auto\" id=\"style-css-av-5vlxa3-ede9af4e38e095594e08c788d8f7f778\">\n#top .flex_column_table.av-equal-height-column-flextable.av-5vlxa3-ede9af4e38e095594e08c788d8f7f778{\nmargin-top:-90px;\n}\n.flex_column.av-5vlxa3-ede9af4e38e095594e08c788d8f7f778{\nborder-radius:0px 0px 0px 0px;\npadding:30px 30px 30px 30px;\nbackground-color:#ffffff;\n}\n<\/style>\n<div  class='flex_column av-5vlxa3-ede9af4e38e095594e08c788d8f7f778 av_one_full  avia-builder-el-3  el_after_av_section  avia-builder-el-no-sibling  first flex_column_table_cell av-equal-height-column av-align-top  '     ><p><section  class='av_textblock_section av-4ai0xn-d3202fe6a5b7ffa012addcaebc9b25ab '   itemscope=\"itemscope\" itemtype=\"https:\/\/schema.org\/CreativeWork\" ><div class='avia_textblock'  itemprop=\"text\" ><p>Die Opioidabh\u00e4ngigkeit wird als eine schwerwiegende, chronisch-rezidivierend verlaufende Erkrankung beschrieben. Opiatabh\u00e4ngige zeigen h\u00e4ufig eine hohe psychische Belastung durch seelische Traumata, was zu einer Reihe von sog. komorbiden psychischen Erkrankungen f\u00fchren kann (z. B. affektive Erkrankungen, Angsterkrankungen, Pers\u00f6nlichkeitsst\u00f6rungen, Traumafolgest\u00f6rungen). H\u00e4ufig tritt die Opiodabh\u00e4ngigkeit mit Abh\u00e4ngigkeiten von anderen Substanzen, aber auch mit somatischen Folge- und Begleiterkrankungen auf. Die Pr\u00e4valenz in Deutschland gilt als stabil, jedoch mit einer Zunahme des durchschnittlichen Alters der Betroffenengruppe (Scherbaum 2013\/2014). In unserer Fachklinik lag 2017 der Anteil der Rehabilitanden mit der Hauptdiagnose Opiodabh\u00e4ngigkeit bei 44,6%.<\/p>\n<p>Anhand von Verlaufsuntersuchungen ist bekannt, dass Abstinenzraten von 10-20% erreicht werden und auch nach langj\u00e4hriger Abstinenz ein erhebliches R\u00fcckfallrisiko besteht. Demzufolge ist eine stabile, langfristige Abstinenz nicht das alleinige Therapieziel in der Behandlung Opioidabh\u00e4ngiger. Die Verbesserung des gesundheitlichen und sozialen Zustands hat hier eine gro\u00dfe Bedeutung (Scherbaum 2013). Je nach psychischer, somatischer und psychosozialer Situation und der Motivationslage des Betroffenen stehen Entzugsbehandlung, Entw\u00f6hnungsbehandlung und ggf. auch medikament\u00f6s gest\u00fctzte Nachsorge als abstinenzorientierte Behandlung sowie die Substitutionsbehandlung als Behandlungsoptionen zur Verf\u00fcgung.<\/p>\n<p>In unserer Fachklinik bieten wir f\u00fcr Opiodabh\u00e4ngige nach erfolgter Entzugsbehandlung eine abstinenzorientierte Entw\u00f6hnungsbehandlung an. In Ber\u00fccksichtigung der Verlaufsform der Erkrankung spielen hier die <strong>psychoedukativen Gruppen \u201eSuchtinformation\u201c und \u201eR\u00fcckfallprophylaxegruppe\u201c<\/strong> eine wichtige Rolle. Im Rahmen der psychotherapeutischen und psychiatrischen Behandlung werden die psychischen Belastungen differenziert erhoben und behandelt. Somatische Folge- und Begleiterkrankungen werden mitbehandelt, hierf\u00fcr stehen Behandlungsm\u00f6glichkeiten aller Fachrichtungen in der n\u00e4heren Umgebung zur Verf\u00fcgung. F\u00fcr Rehabilitanden mit einer Hepatitis C-Infektion steht eine Kooperation mit der Universit\u00e4tsklinik zur Verf\u00fcgung, die eine antivirale Behandlung innerhalb der Entw\u00f6hnungsbehandlung erm\u00f6glicht.<\/p>\n<\/div><\/section><br \/>\n<div  class='avia-button-wrap av-2sifsr-83fa73d9716fddf48d43e8c686085da1-wrap avia-button-right  avia-builder-el-5  el_after_av_textblock  avia-builder-el-last '><a href='https:\/\/www.vfg-bonn.de\/fachklinik\/alkohol-und-medikamentenabhaengigkeit\/'  class='avia-button av-2sifsr-83fa73d9716fddf48d43e8c686085da1 av-link-btn avia-icon_select-yes-right-icon avia-size-medium avia-position-right avia-color-theme-color'   aria-label=\"Alkohol- und Medikamentenabh\u00e4ngigkeit\u2026\"><span class='avia_iconbox_title' >Alkohol- und Medikamentenabh\u00e4ngigkeit\u2026<\/span><span class='avia_button_icon avia_button_icon_right avia-iconfont avia-font-entypo-fontello' data-av_icon='\ue832' data-av_iconfont='entypo-fontello' ><\/span><\/a><\/div><\/p><\/div><\/div><!--close column table wrapper. Autoclose: 1 -->\n","protected":false},"excerpt":{"rendered":"","protected":false},"author":1,"featured_media":0,"parent":0,"menu_order":0,"comment_status":"closed","ping_status":"closed","template":"","meta":{"inline_featured_image":false,"footnotes":""},"class_list":["post-1883","page","type-page","status-publish","hentry"],"_links":{"self":[{"href":"https:\/\/www.vfg-bonn.de\/fachklinik\/wp-json\/wp\/v2\/pages\/1883","targetHints":{"allow":["GET"]}}],"collection":[{"href":"https:\/\/www.vfg-bonn.de\/fachklinik\/wp-json\/wp\/v2\/pages"}],"about":[{"href":"https:\/\/www.vfg-bonn.de\/fachklinik\/wp-json\/wp\/v2\/types\/page"}],"author":[{"embeddable":true,"href":"https:\/\/www.vfg-bonn.de\/fachklinik\/wp-json\/wp\/v2\/users\/1"}],"replies":[{"embeddable":true,"href":"https:\/\/www.vfg-bonn.de\/fachklinik\/wp-json\/wp\/v2\/comments?post=1883"}],"version-history":[{"count":7,"href":"https:\/\/www.vfg-bonn.de\/fachklinik\/wp-json\/wp\/v2\/pages\/1883\/revisions"}],"predecessor-version":[{"id":4049,"href":"https:\/\/www.vfg-bonn.de\/fachklinik\/wp-json\/wp\/v2\/pages\/1883\/revisions\/4049"}],"wp:attachment":[{"href":"https:\/\/www.vfg-bonn.de\/fachklinik\/wp-json\/wp\/v2\/media?parent=1883"}],"curies":[{"name":"wp","href":"https:\/\/api.w.org\/{rel}","templated":true}]}}