{"id":1832,"date":"2017-07-04T14:55:45","date_gmt":"2017-07-04T12:55:45","guid":{"rendered":"https:\/\/fachklinik-meckenheim.de\/?page_id=1832"},"modified":"2020-02-10T12:53:15","modified_gmt":"2020-02-10T11:53:15","slug":"kreativtherapie","status":"publish","type":"page","link":"https:\/\/www.vfg-bonn.de\/fachklinik\/kreativtherapie\/","title":{"rendered":"Kreativtherapie"},"content":{"rendered":"\n<style type=\"text\/css\" data-created_by=\"avia_inline_auto\" id=\"style-css-av-fjr588-23377aab41ce16281a2eadcc9f1145a5\">\n.avia-section.av-fjr588-23377aab41ce16281a2eadcc9f1145a5{\nbackground-color:#ff9a41;\nbackground-image:url(https:\/\/www.vfg-bonn.de\/fachklinik\/wp-content\/uploads\/noise-for-light-background.png);\nbackground-repeat:repeat;\nbackground-position:0% 0%;\nbackground-attachment:scroll;\n}\n<\/style>\n<div id='av_section_1'  class='avia-section av-fjr588-23377aab41ce16281a2eadcc9f1145a5 main_color avia-section-no-padding avia-no-border-styling  avia-builder-el-0  el_before_av_one_full  avia-builder-el-first  topschrift avia-bg-style-scroll av-minimum-height av-minimum-height-custom av-height-custom  container_wrap fullsize'  data-section-bg-repeat='repeat' data-av_minimum_height_px='150'><div class='container av-section-cont-open' style='height:150px'><main  role=\"main\" itemprop=\"mainContentOfPage\"  class='template-page content  av-content-full alpha units'><div class='post-entry post-entry-type-page post-entry-1832'><div class='entry-content-wrapper clearfix'>\n\n<style type=\"text\/css\" data-created_by=\"avia_inline_auto\" id=\"style-css-av-av_heading-fc1c0914e20b9bfc4546198d2fd0f63d\">\n#top .av-special-heading.av-av_heading-fc1c0914e20b9bfc4546198d2fd0f63d{\npadding-bottom:10px;\ncolor:#ffffff;\nfont-size:50px;\n}\nbody .av-special-heading.av-av_heading-fc1c0914e20b9bfc4546198d2fd0f63d .av-special-heading-tag .heading-char{\nfont-size:25px;\n}\n#top #wrap_all .av-special-heading.av-av_heading-fc1c0914e20b9bfc4546198d2fd0f63d .av-special-heading-tag{\nfont-size:50px;\n}\n.av-special-heading.av-av_heading-fc1c0914e20b9bfc4546198d2fd0f63d .special-heading-inner-border{\nborder-color:#ffffff;\n}\n.av-special-heading.av-av_heading-fc1c0914e20b9bfc4546198d2fd0f63d .av-subheading{\nfont-size:20px;\n}\n\n@media only screen and (min-width: 480px) and (max-width: 767px){ \n#top #wrap_all .av-special-heading.av-av_heading-fc1c0914e20b9bfc4546198d2fd0f63d .av-special-heading-tag{\nfont-size:0.8em;\n}\n}\n\n@media only screen and (max-width: 479px){ \n#top #wrap_all .av-special-heading.av-av_heading-fc1c0914e20b9bfc4546198d2fd0f63d .av-special-heading-tag{\nfont-size:0.8em;\n}\n}\n<\/style>\n<div  class='av-special-heading av-av_heading-fc1c0914e20b9bfc4546198d2fd0f63d av-special-heading-h2 custom-color-heading blockquote modern-quote modern-centered  avia-builder-el-1  el_before_av_hr  avia-builder-el-first  av-inherit-size'><h2 class='av-special-heading-tag '  itemprop=\"headline\"  >Fachklinik Meckenheim<\/h2><div class='av_custom_color av-subheading av-subheading_below'><p>Einrichtung zur medizinischen Rehabilitation drogen-, alkohol- und medikamenten\u00adabh\u00e4ngiger M\u00e4nner<\/p>\n<\/div><div class=\"special-heading-border\"><div class=\"special-heading-inner-border\"><\/div><\/div><\/div>\n<\/div><\/div><\/main><!-- close content main element --><\/div><\/div><div id='after_section_1'  class='main_color av_default_container_wrap container_wrap fullsize'  ><div class='container av-section-cont-open' ><div class='template-page content  av-content-full alpha units'><div class='post-entry post-entry-type-page post-entry-1832'><div class='entry-content-wrapper clearfix'><\/div><\/div><\/div><!-- close content main div --><\/div><\/div>\n<style type=\"text\/css\" data-created_by=\"avia_inline_auto\" id=\"style-css-av-cpsvlk-2fb3c10beb939b10e0ec7efc7839e577\">\n.avia-section.av-cpsvlk-2fb3c10beb939b10e0ec7efc7839e577 .av-parallax .av-parallax-inner{\nbackground-repeat:no-repeat;\nbackground-image:url(https:\/\/www.vfg-bonn.de\/fachklinik\/wp-content\/uploads\/DSC6917.jpg);\nbackground-position:50% 50%;\nbackground-attachment:scroll;\n}\n<\/style>\n<div id='av_section_2'  class='avia-section av-cpsvlk-2fb3c10beb939b10e0ec7efc7839e577 main_color avia-section-large avia-no-shadow  spezialueberschrift avia-full-stretch av-parallax-section avia-bg-style-parallax av-minimum-height av-minimum-height-50 av-height-50  container_wrap fullsize'  data-section-bg-repeat='stretch' data-av_minimum_height_pc='50' data-av_min_height_opt='50'><div class='av-parallax' data-avia-parallax-ratio='0.3' ><div class='av-parallax-inner main_color avia-full-stretch'><\/div><\/div><div class='container av-section-cont-open' ><div class='template-page content  av-content-full alpha units'><div class='post-entry post-entry-type-page post-entry-1832'><div class='entry-content-wrapper clearfix'>\n\n<style type=\"text\/css\" data-created_by=\"avia_inline_auto\" id=\"style-css-av-axjzpk-4a1cf5c03e2af8fcc29d63cc22bf7414\">\n#top .av-special-heading.av-axjzpk-4a1cf5c03e2af8fcc29d63cc22bf7414{\npadding-bottom:0;\ncolor:#e3000b;\nfont-size:40px;\n}\nbody .av-special-heading.av-axjzpk-4a1cf5c03e2af8fcc29d63cc22bf7414 .av-special-heading-tag .heading-char{\nfont-size:25px;\n}\n#top #wrap_all .av-special-heading.av-axjzpk-4a1cf5c03e2af8fcc29d63cc22bf7414 .av-special-heading-tag{\nfont-size:40px;\n}\n.av-special-heading.av-axjzpk-4a1cf5c03e2af8fcc29d63cc22bf7414 .special-heading-inner-border{\nborder-color:#e3000b;\n}\n.av-special-heading.av-axjzpk-4a1cf5c03e2af8fcc29d63cc22bf7414 .av-subheading{\nfont-size:15px;\n}\n\n@media only screen and (min-width: 480px) and (max-width: 767px){ \n#top #wrap_all .av-special-heading.av-axjzpk-4a1cf5c03e2af8fcc29d63cc22bf7414 .av-special-heading-tag{\nfont-size:0.8em;\n}\n}\n\n@media only screen and (max-width: 479px){ \n#top #wrap_all .av-special-heading.av-axjzpk-4a1cf5c03e2af8fcc29d63cc22bf7414 .av-special-heading-tag{\nfont-size:0.8em;\n}\n}\n<\/style>\n<div  class='av-special-heading av-axjzpk-4a1cf5c03e2af8fcc29d63cc22bf7414 av-special-heading-h3 custom-color-heading blockquote modern-quote av-inherit-size'><h3 class='av-special-heading-tag '  itemprop=\"headline\"  >Kreativtherapie<\/h3><div class=\"special-heading-border\"><div class=\"special-heading-inner-border\"><\/div><\/div><\/div>\n\n<style type=\"text\/css\" data-created_by=\"avia_inline_auto\" id=\"style-css-av-8qs4ns-5dffd07f74671e5ed6662ae5b1389e8d\">\n#top .hr.av-8qs4ns-5dffd07f74671e5ed6662ae5b1389e8d{\nmargin-top:30px;\nmargin-bottom:30px;\n}\n.hr.av-8qs4ns-5dffd07f74671e5ed6662ae5b1389e8d .hr-inner{\nwidth:20%;\nborder-color:#e3000b;\nmax-width:45%;\n}\n.hr.av-8qs4ns-5dffd07f74671e5ed6662ae5b1389e8d .av-seperator-icon{\ncolor:#e3000b;\n}\n.hr.av-8qs4ns-5dffd07f74671e5ed6662ae5b1389e8d .av-seperator-icon.avia-svg-icon svg:first-child{\nfill:#e3000b;\nstroke:#e3000b;\n}\n<\/style>\n<div  class='hr av-8qs4ns-5dffd07f74671e5ed6662ae5b1389e8d hr-custom  avia-builder-el-2  el_after_av_heading  avia-builder-el-last  hr-left hr-icon-yes'><span class='hr-inner inner-border-av-border-thin'><span class=\"hr-inner-style\"><\/span><\/span><span class='av-seperator-icon avia-iconfont avia-font-entypo-fontello' data-av_icon='\ue8bf' data-av_iconfont='entypo-fontello' ><\/span><span class='hr-inner inner-border-av-border-thin'><span class=\"hr-inner-style\"><\/span><\/span><\/div>\n<\/p>\n<div class='flex_column_table av-7ihwoo-caf6457c3bbdee4c1a58e4a10e5095eb sc-av_one_full av-equal-height-column-flextable'>\n<style type=\"text\/css\" data-created_by=\"avia_inline_auto\" id=\"style-css-av-7ihwoo-caf6457c3bbdee4c1a58e4a10e5095eb\">\n#top .flex_column_table.av-equal-height-column-flextable.av-7ihwoo-caf6457c3bbdee4c1a58e4a10e5095eb{\nmargin-top:-90px;\n}\n.flex_column.av-7ihwoo-caf6457c3bbdee4c1a58e4a10e5095eb{\nborder-radius:0px 0px 0px 0px;\npadding:30px 30px 120px 30px;\nbackground-color:#ffffff;\n}\n<\/style>\n<div  class='flex_column av-7ihwoo-caf6457c3bbdee4c1a58e4a10e5095eb av_one_full  avia-builder-el-3  el_after_av_section  avia-builder-el-no-sibling  first flex_column_table_cell av-equal-height-column av-align-top  '     ><section  class='av_textblock_section av-5ku6wo-d34d76e16fe8751962725c754b3d6de9 '   itemscope=\"itemscope\" itemtype=\"https:\/\/schema.org\/CreativeWork\" ><div class='avia_textblock'  itemprop=\"text\" ><p style=\"text-align: left;\">Im Rahmen der Kreativtherapie werden mit fachlicher <img loading=\"lazy\" decoding=\"async\" class=\"wp-image-3156 alignright\" src=\"https:\/\/vfg-bonn.de\/fachklinik\/wp-content\/uploads\/DSC2422-450x300.jpg\" alt=\"\" width=\"342\" height=\"228\" srcset=\"https:\/\/www.vfg-bonn.de\/fachklinik\/wp-content\/uploads\/DSC2422-450x300.jpg 450w, https:\/\/www.vfg-bonn.de\/fachklinik\/wp-content\/uploads\/DSC2422-1030x686.jpg 1030w, https:\/\/www.vfg-bonn.de\/fachklinik\/wp-content\/uploads\/DSC2422-768x511.jpg 768w, https:\/\/www.vfg-bonn.de\/fachklinik\/wp-content\/uploads\/DSC2422-705x469.jpg 705w, https:\/\/www.vfg-bonn.de\/fachklinik\/wp-content\/uploads\/DSC2422.jpg 1310w\" sizes=\"auto, (max-width: 342px) 100vw, 342px\" \/>Unterst\u00fctzung k\u00fcnstlerisches Talent, sch\u00f6pferische Entfaltung und Ausdrucksf\u00e4higkeit gef\u00f6rdert. Das Kennenlernen neuer Materialien und Gestaltungstechniken soll weiterhin Grundsteine f\u00fcr eine suchtmittelfreie Freizeitgestaltung legen.<\/p>\n<p style=\"text-align: left;\">Es finden regelm\u00e4\u00dfig kreativtherapeutische Projekte im Bereich Kunst und Musik statt.<\/p>\n<\/div><\/section><br \/>\n\n<style type=\"text\/css\" data-created_by=\"avia_inline_auto\" id=\"style-css-av-4qvnqw-2c6454316f63138118591202c6fff965\">\n#top .hr.hr-invisible.av-4qvnqw-2c6454316f63138118591202c6fff965{\nheight:50px;\n}\n<\/style>\n<div  class='hr av-4qvnqw-2c6454316f63138118591202c6fff965 hr-invisible  avia-builder-el-5  el_after_av_textblock  el_before_av_button '><span class='hr-inner '><span class=\"hr-inner-style\"><\/span><\/span><\/div><br \/>\n<div  class='avia-button-wrap av-2s4xnc-89d83ca641d0c340bdf8ba3ad2497408-wrap avia-button-right  avia-builder-el-6  el_after_av_hr  avia-builder-el-last '><a href='https:\/\/www.vfg-bonn.de\/fachklinik\/freizeitangebote\/'  class='avia-button av-2s4xnc-89d83ca641d0c340bdf8ba3ad2497408 av-link-btn avia-icon_select-yes-right-icon avia-size-medium avia-position-right avia-color-theme-color'   aria-label=\"Freizeitangebote\u2026\"><span class='avia_iconbox_title' >Freizeitangebote\u2026<\/span><span class='avia_button_icon avia_button_icon_right avia-iconfont avia-font-entypo-fontello' data-av_icon='\ue832' data-av_iconfont='entypo-fontello' ><\/span><\/a><\/div><\/p><\/div><\/div><!--close column table wrapper. Autoclose: 1 -->\n","protected":false},"excerpt":{"rendered":"","protected":false},"author":1,"featured_media":0,"parent":0,"menu_order":0,"comment_status":"closed","ping_status":"closed","template":"","meta":{"inline_featured_image":false,"footnotes":""},"class_list":["post-1832","page","type-page","status-publish","hentry"],"_links":{"self":[{"href":"https:\/\/www.vfg-bonn.de\/fachklinik\/wp-json\/wp\/v2\/pages\/1832","targetHints":{"allow":["GET"]}}],"collection":[{"href":"https:\/\/www.vfg-bonn.de\/fachklinik\/wp-json\/wp\/v2\/pages"}],"about":[{"href":"https:\/\/www.vfg-bonn.de\/fachklinik\/wp-json\/wp\/v2\/types\/page"}],"author":[{"embeddable":true,"href":"https:\/\/www.vfg-bonn.de\/fachklinik\/wp-json\/wp\/v2\/users\/1"}],"replies":[{"embeddable":true,"href":"https:\/\/www.vfg-bonn.de\/fachklinik\/wp-json\/wp\/v2\/comments?post=1832"}],"version-history":[{"count":5,"href":"https:\/\/www.vfg-bonn.de\/fachklinik\/wp-json\/wp\/v2\/pages\/1832\/revisions"}],"predecessor-version":[{"id":3675,"href":"https:\/\/www.vfg-bonn.de\/fachklinik\/wp-json\/wp\/v2\/pages\/1832\/revisions\/3675"}],"wp:attachment":[{"href":"https:\/\/www.vfg-bonn.de\/fachklinik\/wp-json\/wp\/v2\/media?parent=1832"}],"curies":[{"name":"wp","href":"https:\/\/api.w.org\/{rel}","templated":true}]}}

<style type="text/css" data-created_by="avia_inline_auto" id="style-css-av-fjr588-23377aab41ce16281a2eadcc9f1145a5">
.avia-section.av-fjr588-23377aab41ce16281a2eadcc9f1145a5{
background-color:#ff9a41;
background-image:url(https://www.vfg-bonn.de/fachklinik/wp-content/uploads/noise-for-light-background.png);
background-repeat:repeat;
background-position:0% 0%;
background-attachment:scroll;
}
</style>
<div id='av_section_1'  class='avia-section av-fjr588-23377aab41ce16281a2eadcc9f1145a5 main_color avia-section-no-padding avia-no-border-styling  avia-builder-el-0  el_before_av_one_full  avia-builder-el-first  topschrift avia-bg-style-scroll av-minimum-height av-minimum-height-custom av-height-custom  container_wrap fullsize'  data-section-bg-repeat='repeat' data-av_minimum_height_px='150'><div class='container av-section-cont-open' style='height:150px'><main  role="main" itemprop="mainContentOfPage"  class='template-page content  av-content-full alpha units'><div class='post-entry post-entry-type-page post-entry-1832'><div class='entry-content-wrapper clearfix'>

<style type="text/css" data-created_by="avia_inline_auto" id="style-css-av-av_heading-fc1c0914e20b9bfc4546198d2fd0f63d">
#top .av-special-heading.av-av_heading-fc1c0914e20b9bfc4546198d2fd0f63d{
padding-bottom:10px;
color:#ffffff;
font-size:50px;
}
body .av-special-heading.av-av_heading-fc1c0914e20b9bfc4546198d2fd0f63d .av-special-heading-tag .heading-char{
font-size:25px;
}
#top #wrap_all .av-special-heading.av-av_heading-fc1c0914e20b9bfc4546198d2fd0f63d .av-special-heading-tag{
font-size:50px;
}
.av-special-heading.av-av_heading-fc1c0914e20b9bfc4546198d2fd0f63d .special-heading-inner-border{
border-color:#ffffff;
}
.av-special-heading.av-av_heading-fc1c0914e20b9bfc4546198d2fd0f63d .av-subheading{
font-size:20px;
}

@media only screen and (min-width: 480px) and (max-width: 767px){ 
#top #wrap_all .av-special-heading.av-av_heading-fc1c0914e20b9bfc4546198d2fd0f63d .av-special-heading-tag{
font-size:0.8em;
}
}

@media only screen and (max-width: 479px){ 
#top #wrap_all .av-special-heading.av-av_heading-fc1c0914e20b9bfc4546198d2fd0f63d .av-special-heading-tag{
font-size:0.8em;
}
}
</style>
<div  class='av-special-heading av-av_heading-fc1c0914e20b9bfc4546198d2fd0f63d av-special-heading-h2 custom-color-heading blockquote modern-quote modern-centered  avia-builder-el-1  el_before_av_hr  avia-builder-el-first  av-inherit-size'><h2 class='av-special-heading-tag '  itemprop="headline"  >Fachklinik Meckenheim</h2><div class='av_custom_color av-subheading av-subheading_below'><p>Einrichtung zur medizinischen Rehabilitation drogen-, alkohol- und medikamenten­abhängiger Männer</p>
</div><div class="special-heading-border"><div class="special-heading-inner-border"></div></div></div>
</div></div></main><!-- close content main element --></div></div><div id='after_section_1'  class='main_color av_default_container_wrap container_wrap fullsize'  ><div class='container av-section-cont-open' ><div class='template-page content  av-content-full alpha units'><div class='post-entry post-entry-type-page post-entry-1832'><div class='entry-content-wrapper clearfix'></div></div></div><!-- close content main div --></div></div>
<style type="text/css" data-created_by="avia_inline_auto" id="style-css-av-cpsvlk-2fb3c10beb939b10e0ec7efc7839e577">
.avia-section.av-cpsvlk-2fb3c10beb939b10e0ec7efc7839e577 .av-parallax .av-parallax-inner{
background-repeat:no-repeat;
background-image:url(https://www.vfg-bonn.de/fachklinik/wp-content/uploads/DSC6917.jpg);
background-position:50% 50%;
background-attachment:scroll;
}
</style>
<div id='av_section_2'  class='avia-section av-cpsvlk-2fb3c10beb939b10e0ec7efc7839e577 main_color avia-section-large avia-no-shadow  spezialueberschrift avia-full-stretch av-parallax-section avia-bg-style-parallax av-minimum-height av-minimum-height-50 av-height-50  container_wrap fullsize'  data-section-bg-repeat='stretch' data-av_minimum_height_pc='50' data-av_min_height_opt='50'><div class='av-parallax' data-avia-parallax-ratio='0.3' ><div class='av-parallax-inner main_color avia-full-stretch'></div></div><div class='container av-section-cont-open' ><div class='template-page content  av-content-full alpha units'><div class='post-entry post-entry-type-page post-entry-1832'><div class='entry-content-wrapper clearfix'>

<style type="text/css" data-created_by="avia_inline_auto" id="style-css-av-axjzpk-4a1cf5c03e2af8fcc29d63cc22bf7414">
#top .av-special-heading.av-axjzpk-4a1cf5c03e2af8fcc29d63cc22bf7414{
padding-bottom:0;
color:#e3000b;
font-size:40px;
}
body .av-special-heading.av-axjzpk-4a1cf5c03e2af8fcc29d63cc22bf7414 .av-special-heading-tag .heading-char{
font-size:25px;
}
#top #wrap_all .av-special-heading.av-axjzpk-4a1cf5c03e2af8fcc29d63cc22bf7414 .av-special-heading-tag{
font-size:40px;
}
.av-special-heading.av-axjzpk-4a1cf5c03e2af8fcc29d63cc22bf7414 .special-heading-inner-border{
border-color:#e3000b;
}
.av-special-heading.av-axjzpk-4a1cf5c03e2af8fcc29d63cc22bf7414 .av-subheading{
font-size:15px;
}

@media only screen and (min-width: 480px) and (max-width: 767px){ 
#top #wrap_all .av-special-heading.av-axjzpk-4a1cf5c03e2af8fcc29d63cc22bf7414 .av-special-heading-tag{
font-size:0.8em;
}
}

@media only screen and (max-width: 479px){ 
#top #wrap_all .av-special-heading.av-axjzpk-4a1cf5c03e2af8fcc29d63cc22bf7414 .av-special-heading-tag{
font-size:0.8em;
}
}
</style>
<div  class='av-special-heading av-axjzpk-4a1cf5c03e2af8fcc29d63cc22bf7414 av-special-heading-h3 custom-color-heading blockquote modern-quote av-inherit-size'><h3 class='av-special-heading-tag '  itemprop="headline"  >Kreativtherapie</h3><div class="special-heading-border"><div class="special-heading-inner-border"></div></div></div>

<style type="text/css" data-created_by="avia_inline_auto" id="style-css-av-8qs4ns-5dffd07f74671e5ed6662ae5b1389e8d">
#top .hr.av-8qs4ns-5dffd07f74671e5ed6662ae5b1389e8d{
margin-top:30px;
margin-bottom:30px;
}
.hr.av-8qs4ns-5dffd07f74671e5ed6662ae5b1389e8d .hr-inner{
width:20%;
border-color:#e3000b;
max-width:45%;
}
.hr.av-8qs4ns-5dffd07f74671e5ed6662ae5b1389e8d .av-seperator-icon{
color:#e3000b;
}
.hr.av-8qs4ns-5dffd07f74671e5ed6662ae5b1389e8d .av-seperator-icon.avia-svg-icon svg:first-child{
fill:#e3000b;
stroke:#e3000b;
}
</style>
<div  class='hr av-8qs4ns-5dffd07f74671e5ed6662ae5b1389e8d hr-custom  avia-builder-el-2  el_after_av_heading  avia-builder-el-last  hr-left hr-icon-yes'><span class='hr-inner inner-border-av-border-thin'><span class="hr-inner-style"></span></span><span class='av-seperator-icon avia-iconfont avia-font-entypo-fontello' data-av_icon='' data-av_iconfont='entypo-fontello' ></span><span class='hr-inner inner-border-av-border-thin'><span class="hr-inner-style"></span></span></div>
</p>
<div class='flex_column_table av-7ihwoo-caf6457c3bbdee4c1a58e4a10e5095eb sc-av_one_full av-equal-height-column-flextable'>
<style type="text/css" data-created_by="avia_inline_auto" id="style-css-av-7ihwoo-caf6457c3bbdee4c1a58e4a10e5095eb">
#top .flex_column_table.av-equal-height-column-flextable.av-7ihwoo-caf6457c3bbdee4c1a58e4a10e5095eb{
margin-top:-90px;
}
.flex_column.av-7ihwoo-caf6457c3bbdee4c1a58e4a10e5095eb{
border-radius:0px 0px 0px 0px;
padding:30px 30px 120px 30px;
background-color:#ffffff;
}
</style>
<div  class='flex_column av-7ihwoo-caf6457c3bbdee4c1a58e4a10e5095eb av_one_full  avia-builder-el-3  el_after_av_section  avia-builder-el-no-sibling  first flex_column_table_cell av-equal-height-column av-align-top  '     ><section  class='av_textblock_section av-5ku6wo-d34d76e16fe8751962725c754b3d6de9 '   itemscope="itemscope" itemtype="https://schema.org/CreativeWork" ><div class='avia_textblock'  itemprop="text" ><p style="text-align: left;">Im Rahmen der Kreativtherapie werden mit fachlicher <img loading="lazy" decoding="async" class="wp-image-3156 alignright" src="https://vfg-bonn.de/fachklinik/wp-content/uploads/DSC2422-450x300.jpg" alt="" width="342" height="228" srcset="https://www.vfg-bonn.de/fachklinik/wp-content/uploads/DSC2422-450x300.jpg 450w, https://www.vfg-bonn.de/fachklinik/wp-content/uploads/DSC2422-1030x686.jpg 1030w, https://www.vfg-bonn.de/fachklinik/wp-content/uploads/DSC2422-768x511.jpg 768w, https://www.vfg-bonn.de/fachklinik/wp-content/uploads/DSC2422-705x469.jpg 705w, https://www.vfg-bonn.de/fachklinik/wp-content/uploads/DSC2422.jpg 1310w" sizes="auto, (max-width: 342px) 100vw, 342px" />Unterstützung künstlerisches Talent, schöpferische Entfaltung und Ausdrucksfähigkeit gefördert. Das Kennenlernen neuer Materialien und Gestaltungstechniken soll weiterhin Grundsteine für eine suchtmittelfreie Freizeitgestaltung legen.</p>
<p style="text-align: left;">Es finden regelmäßig kreativtherapeutische Projekte im Bereich Kunst und Musik statt.</p>
</div></section><br />

<style type="text/css" data-created_by="avia_inline_auto" id="style-css-av-4qvnqw-2c6454316f63138118591202c6fff965">
#top .hr.hr-invisible.av-4qvnqw-2c6454316f63138118591202c6fff965{
height:50px;
}
</style>
<div  class='hr av-4qvnqw-2c6454316f63138118591202c6fff965 hr-invisible  avia-builder-el-5  el_after_av_textblock  el_before_av_button '><span class='hr-inner '><span class="hr-inner-style"></span></span></div><br />
<div  class='avia-button-wrap av-2s4xnc-89d83ca641d0c340bdf8ba3ad2497408-wrap avia-button-right  avia-builder-el-6  el_after_av_hr  avia-builder-el-last '><a href='https://www.vfg-bonn.de/fachklinik/freizeitangebote/'  class='avia-button av-2s4xnc-89d83ca641d0c340bdf8ba3ad2497408 av-link-btn avia-icon_select-yes-right-icon avia-size-medium avia-position-right avia-color-theme-color'   aria-label="Freizeitangebote…"><span class='avia_iconbox_title' >Freizeitangebote…</span><span class='avia_button_icon avia_button_icon_right avia-iconfont avia-font-entypo-fontello' data-av_icon='' data-av_iconfont='entypo-fontello' ></span></a></div></p></div></div><!--close column table wrapper. Autoclose: 1 -->
