{"id":1530,"date":"2015-10-19T11:50:33","date_gmt":"2015-10-19T09:50:33","guid":{"rendered":"https:\/\/fachklinik-meckenheim.de\/?page_id=1530"},"modified":"2025-06-26T17:25:30","modified_gmt":"2025-06-26T15:25:30","slug":"unser-traeger","status":"publish","type":"page","link":"https:\/\/www.vfg-bonn.de\/fachklinik\/unser-traeger\/","title":{"rendered":"Unser Tr\u00e4ger"},"content":{"rendered":"\n<style type=\"text\/css\" data-created_by=\"avia_inline_auto\" id=\"style-css-av-2g5qd1m-ebdcc795453a8f2f717f182fc6bbcfe4\">\n.avia-section.av-2g5qd1m-ebdcc795453a8f2f717f182fc6bbcfe4 .av-parallax .av-parallax-inner{\nbackground-repeat:no-repeat;\nbackground-image:url(https:\/\/www.vfg-bonn.de\/fachklinik\/wp-content\/uploads\/IMG_21601.jpg);\nbackground-position:50% 100%;\nbackground-attachment:scroll;\n}\n<\/style>\n<div id='av_section_1'  class='avia-section av-2g5qd1m-ebdcc795453a8f2f717f182fc6bbcfe4 main_color avia-section-large avia-no-shadow  avia-builder-el-0  el_before_av_one_full  avia-builder-el-first  spezialueberschrift avia-full-stretch av-parallax-section avia-bg-style-parallax av-minimum-height av-minimum-height-50 av-height-50  container_wrap fullsize'  data-section-bg-repeat='stretch' data-av_minimum_height_pc='50' data-av_min_height_opt='50'><div class='av-parallax' data-avia-parallax-ratio='0.3' ><div class='av-parallax-inner main_color avia-full-stretch'><\/div><\/div><div class='container av-section-cont-open' ><main  role=\"main\" itemprop=\"mainContentOfPage\"  class='template-page content  av-content-full alpha units'><div class='post-entry post-entry-type-page post-entry-1530'><div class='entry-content-wrapper clearfix'>\n\n<style type=\"text\/css\" data-created_by=\"avia_inline_auto\" id=\"style-css-av-2fg2kve-c00d9c525442bb9817cbca537ad31dda\">\n#top .av-special-heading.av-2fg2kve-c00d9c525442bb9817cbca537ad31dda{\npadding-bottom:0;\ncolor:#e3000b;\nfont-size:40px;\n}\nbody .av-special-heading.av-2fg2kve-c00d9c525442bb9817cbca537ad31dda .av-special-heading-tag .heading-char{\nfont-size:25px;\n}\n#top #wrap_all .av-special-heading.av-2fg2kve-c00d9c525442bb9817cbca537ad31dda .av-special-heading-tag{\nfont-size:40px;\n}\n.av-special-heading.av-2fg2kve-c00d9c525442bb9817cbca537ad31dda .special-heading-inner-border{\nborder-color:#e3000b;\n}\n.av-special-heading.av-2fg2kve-c00d9c525442bb9817cbca537ad31dda .av-subheading{\nfont-size:15px;\n}\n\n@media only screen and (min-width: 480px) and (max-width: 767px){ \n#top #wrap_all .av-special-heading.av-2fg2kve-c00d9c525442bb9817cbca537ad31dda .av-special-heading-tag{\nfont-size:0.8em;\n}\n}\n\n@media only screen and (max-width: 479px){ \n#top #wrap_all .av-special-heading.av-2fg2kve-c00d9c525442bb9817cbca537ad31dda .av-special-heading-tag{\nfont-size:0.8em;\n}\n}\n<\/style>\n<div  class='av-special-heading av-2fg2kve-c00d9c525442bb9817cbca537ad31dda av-special-heading-h3 custom-color-heading blockquote modern-quote  avia-builder-el-1  el_before_av_hr  avia-builder-el-first  av-inherit-size'><h3 class='av-special-heading-tag '  itemprop=\"headline\"  >Unser Tr\u00e4ger<\/h3><div class=\"special-heading-border\"><div class=\"special-heading-inner-border\"><\/div><\/div><\/div>\n\n<style type=\"text\/css\" data-created_by=\"avia_inline_auto\" id=\"style-css-av-2dhtn7e-6c0d9ac6e4a849031fef13a51287137c\">\n#top .hr.av-2dhtn7e-6c0d9ac6e4a849031fef13a51287137c{\nmargin-top:30px;\nmargin-bottom:30px;\n}\n.hr.av-2dhtn7e-6c0d9ac6e4a849031fef13a51287137c .hr-inner{\nwidth:10%;\nborder-color:#e3000b;\nmax-width:45%;\n}\n.hr.av-2dhtn7e-6c0d9ac6e4a849031fef13a51287137c .av-seperator-icon{\ncolor:#e3000b;\n}\n.hr.av-2dhtn7e-6c0d9ac6e4a849031fef13a51287137c .av-seperator-icon.avia-svg-icon svg:first-child{\nfill:#e3000b;\nstroke:#e3000b;\n}\n<\/style>\n<div  class='hr av-2dhtn7e-6c0d9ac6e4a849031fef13a51287137c hr-custom  avia-builder-el-2  el_after_av_heading  avia-builder-el-last  hr-left hr-icon-yes'><span class='hr-inner inner-border-av-border-thin'><span class=\"hr-inner-style\"><\/span><\/span><span class='av-seperator-icon avia-iconfont avia-font-entypo-fontello' data-av_icon='\ue8bf' data-av_iconfont='entypo-fontello' ><\/span><span class='hr-inner inner-border-av-border-thin'><span class=\"hr-inner-style\"><\/span><\/span><\/div>\n<\/div><\/div><\/main><!-- close content main element --><\/div><\/div><div id='after_section_1'  class='main_color av_default_container_wrap container_wrap fullsize'  ><div class='container av-section-cont-open' ><div class='template-page content  av-content-full alpha units'><div class='post-entry post-entry-type-page post-entry-1530'><div class='entry-content-wrapper clearfix'>\n<div class='flex_column_table av-2b3904q-450a3329f1e99ca1d8dcad966ef464ef sc-av_one_full av-equal-height-column-flextable'>\n<style type=\"text\/css\" data-created_by=\"avia_inline_auto\" id=\"style-css-av-2b3904q-450a3329f1e99ca1d8dcad966ef464ef\">\n#top .flex_column_table.av-equal-height-column-flextable.av-2b3904q-450a3329f1e99ca1d8dcad966ef464ef{\nmargin-top:-90px;\n}\n.flex_column.av-2b3904q-450a3329f1e99ca1d8dcad966ef464ef{\nborder-radius:0px 0px 0px 0px;\npadding:30px 30px 30px 30px;\nbackground-color:#ffffff;\n}\n<\/style>\n<div  class='flex_column av-2b3904q-450a3329f1e99ca1d8dcad966ef464ef av_one_full  avia-builder-el-3  el_after_av_section  el_before_av_hr  avia-builder-el-first  first flex_column_table_cell av-equal-height-column av-align-top  '     ><section  class='av_textblock_section av-29f2xqi-a7bd3d46bb32efe54e8b8475d7e5cc17 '   itemscope=\"itemscope\" itemtype=\"https:\/\/schema.org\/CreativeWork\" ><div class='avia_textblock'  itemprop=\"text\" ><h3>Der VFG (VFG e.V. und VFG gemeinn\u00fctzige Betriebs-GmbH)<\/h3>\n<p>Der Zweck des 1977 gegr\u00fcndeten Verein f\u00fcr Gef\u00e4hrdetenhilfe e.V. (VFG e.V.) ist die gemeinn\u00fctzige und mildt\u00e4tige Unterst\u00fctzung (im Sinne der \u00a7\u00a751ff AO) von Personen in besonderen sozialen Schwierigkeiten in Bonn und Umgebung. Zu diesem Personenkreis z\u00e4hlen wohnungslose Menschen, Arbeitslose, Haftentlassene, Suchtkranke und Kinder suchtmittelabh\u00e4ngiger Eltern.<br \/>\nDer Verein verfolgt diesen Zweck durch Beschaffung von Mitteln f\u00fcr die VFG gemeinn\u00fctzige Betriebs-GmbH, die den Hilfebed\u00fcrftigen ihre Leistungen \u00fcber die verschiedenen Einrichtungen anbietet.<br \/>\nDer Verein f\u00fcr Gef\u00e4hrdetenhilfe e.V. (VFG e.V) und die VFG gemeinn\u00fctzige Betriebs-GmbH sind Mitglied im P\u00e4rit\u00e4tischen Rheinland.<\/p>\n<p>\n<style type=\"text\/css\" data-created_by=\"avia_inline_auto\" id=\"style-css-av-27vbwne-b899e056c046e90b1f1f319e3438c6a1\">\n#top .hr.hr-invisible.av-27vbwne-b899e056c046e90b1f1f319e3438c6a1{\nheight:30px;\n}\n<\/style>\n<div  class='hr av-27vbwne-b899e056c046e90b1f1f319e3438c6a1 hr-invisible  avia-builder-el-5  el_before_av_button  avia-builder-el-first '><span class='hr-inner '><span class=\"hr-inner-style\"><\/span><\/span><\/div><br \/>\n<div  class='avia-button-wrap av-275b9ii-0baf81433778ea512240283f6f084b12-wrap avia-button-center  avia-builder-el-6  el_after_av_hr  el_before_av_hr '>\n<style type=\"text\/css\" data-created_by=\"avia_inline_auto\" id=\"style-css-av-275b9ii-0baf81433778ea512240283f6f084b12\">\n#top #wrap_all .avia-button.av-275b9ii-0baf81433778ea512240283f6f084b12{\nbackground-color:#e3000b;\nborder-color:#e3000b;\ncolor:#ffffff;\ntransition:all 0.4s ease-in-out;\n}\n#top #wrap_all .avia-button.av-275b9ii-0baf81433778ea512240283f6f084b12 .avia-svg-icon svg:first-child{\nfill:#ffffff;\nstroke:#ffffff;\n}\n<\/style>\n<a href='https:\/\/www.vfg-bonn.de'  class='avia-button av-275b9ii-0baf81433778ea512240283f6f084b12 av-link-btn avia-icon_select-yes-right-icon avia-size-x-large avia-position-center av-icon-on-hover'   aria-label=\"zur Webseite des VFG\"><span class='avia_iconbox_title' >zur Webseite des VFG<\/span><span class='avia_button_icon avia_button_icon_right avia-iconfont avia-font-entypo-fontello' data-av_icon='\ue832' data-av_iconfont='entypo-fontello' ><\/span><\/a><\/div><br \/>\n\n<style type=\"text\/css\" data-created_by=\"avia_inline_auto\" id=\"style-css-av-24rf9sa-cd3879894ca3dc4d9ca1042fd985d8c8\">\n#top .hr.hr-invisible.av-24rf9sa-cd3879894ca3dc4d9ca1042fd985d8c8{\nheight:30px;\n}\n<\/style>\n<div  class='hr av-24rf9sa-cd3879894ca3dc4d9ca1042fd985d8c8 hr-invisible  avia-builder-el-7  el_after_av_button  avia-builder-el-last '><span class='hr-inner '><span class=\"hr-inner-style\"><\/span><\/span><\/div><\/p>\n<h3>Ziele und Zielgruppe<\/h3>\n<p>Der VFG ist Interessensvertreter f\u00fcr Menschen, die hilfebed\u00fcrftig sind, am Rande der Gesellschaft stehen und aus dem sozialen Netz herauszufallen drohen oder bereits herausgefallen sind.<br \/>\nZur Verbesserung der Lebenssituation dieser Menschen baut der VFG innovative, pragmatische und bedarfsgerechte sowie eng vernetzte Hilfesysteme auf.<br \/>\nZiel ist dabei stets die Sicherung und der Ausbau der Hilfen, die laufende \u00dcberpr\u00fcfung der Wirksamkeit der Angebote sowie ihre Anpassung an die Bed\u00fcrfnisse der Klientel.<br \/>\nSein Hilfeangebot richtet der VFG an folgenden Personenkreis<\/p>\n<ul>\n<li>Menschen in besonderen sozialen Schwierigkeiten wie Wohnungslosigkeit und Mittellosigkeit<\/li>\n<li>Menschen, die aufgrund ihres k\u00f6rperlichen, geistigen oder seelischen Zustands (z. B. aufgrund von Suchtmittelabh\u00e4ngigkeit) der Hilfe bed\u00fcrfen<\/li>\n<li>Menschen, die nur \u00fcber ein geringes Einkommen verf\u00fcgen<\/li>\n<li>Arbeitslose Menschen, die aufgrund pers\u00f6nlicher Vermittlungshemmnisse besondere Schwierigkeiten haben, ins Erwerbsleben zur\u00fcck zu kehren<\/li>\n<li>Kinder suchtmittelabh\u00e4ngiger Eltern<\/li>\n<\/ul>\n<\/div><\/section><br \/>\n<div  class='avia-button-wrap av-2384bei-60a1d0978f34ef2590cc106df58eeb13-wrap avia-button-right  avia-builder-el-8  el_after_av_textblock  avia-builder-el-last '><a href='https:\/\/www.vfg-bonn.de\/fachklinik\/leitbild\/'  class='avia-button av-2384bei-60a1d0978f34ef2590cc106df58eeb13 av-link-btn avia-icon_select-yes-right-icon avia-size-medium avia-position-right avia-color-theme-color'   aria-label=\"Willkommen\u2026\"><span class='avia_iconbox_title' >Willkommen\u2026<\/span><span class='avia_button_icon avia_button_icon_right avia-iconfont avia-font-entypo-fontello' data-av_icon='\ue832' data-av_iconfont='entypo-fontello' ><\/span><\/a><\/div><\/p><\/div><\/div><!--close column table wrapper. Autoclose: 1 -->\n\n<style type=\"text\/css\" data-created_by=\"avia_inline_auto\" id=\"style-css-av-20xvpm2-21cd901e94420d767566090496301c98\">\n#top .hr.hr-invisible.av-20xvpm2-21cd901e94420d767566090496301c98{\nheight:30px;\n}\n<\/style>\n<div  id=\"einrichtungen\"  class='hr av-20xvpm2-21cd901e94420d767566090496301c98 hr-invisible  avia-builder-el-9  el_after_av_one_full  el_before_av_section  avia-builder-el-last '><span class='hr-inner '><span class=\"hr-inner-style\"><\/span><\/span><\/div>\n<\/div><\/div><\/div><!-- close content main div --><\/div><\/div><div id='av_section_2'  class='avia-section av-7badlt-e7943e3bf6e9c95a73fb9de1cbca06a9 main_color avia-section-small avia-no-border-styling  avia-builder-el-10  el_after_av_hr  avia-builder-el-last  big-screens avia-bg-style-scroll container_wrap fullsize'  ><div class='container av-section-cont-open' ><div class='template-page content  av-content-full alpha units'><div class='post-entry post-entry-type-page post-entry-1530'><div class='entry-content-wrapper clearfix'>\n\n","protected":false},"excerpt":{"rendered":"","protected":false},"author":1,"featured_media":0,"parent":0,"menu_order":0,"comment_status":"closed","ping_status":"closed","template":"","meta":{"inline_featured_image":false,"footnotes":""},"class_list":["post-1530","page","type-page","status-publish","hentry"],"_links":{"self":[{"href":"https:\/\/www.vfg-bonn.de\/fachklinik\/wp-json\/wp\/v2\/pages\/1530","targetHints":{"allow":["GET"]}}],"collection":[{"href":"https:\/\/www.vfg-bonn.de\/fachklinik\/wp-json\/wp\/v2\/pages"}],"about":[{"href":"https:\/\/www.vfg-bonn.de\/fachklinik\/wp-json\/wp\/v2\/types\/page"}],"author":[{"embeddable":true,"href":"https:\/\/www.vfg-bonn.de\/fachklinik\/wp-json\/wp\/v2\/users\/1"}],"replies":[{"embeddable":true,"href":"https:\/\/www.vfg-bonn.de\/fachklinik\/wp-json\/wp\/v2\/comments?post=1530"}],"version-history":[{"count":10,"href":"https:\/\/www.vfg-bonn.de\/fachklinik\/wp-json\/wp\/v2\/pages\/1530\/revisions"}],"predecessor-version":[{"id":4415,"href":"https:\/\/www.vfg-bonn.de\/fachklinik\/wp-json\/wp\/v2\/pages\/1530\/revisions\/4415"}],"wp:attachment":[{"href":"https:\/\/www.vfg-bonn.de\/fachklinik\/wp-json\/wp\/v2\/media?parent=1530"}],"curies":[{"name":"wp","href":"https:\/\/api.w.org\/{rel}","templated":true}]}}

Unser Träger

<style type="text/css" data-created_by="avia_inline_auto" id="style-css-av-2g5qd1m-ebdcc795453a8f2f717f182fc6bbcfe4">
.avia-section.av-2g5qd1m-ebdcc795453a8f2f717f182fc6bbcfe4 .av-parallax .av-parallax-inner{
background-repeat:no-repeat;
background-image:url(https://www.vfg-bonn.de/fachklinik/wp-content/uploads/IMG_21601.jpg);
background-position:50% 100%;
background-attachment:scroll;
}
</style>
<div id='av_section_1'  class='avia-section av-2g5qd1m-ebdcc795453a8f2f717f182fc6bbcfe4 main_color avia-section-large avia-no-shadow  avia-builder-el-0  el_before_av_one_full  avia-builder-el-first  spezialueberschrift avia-full-stretch av-parallax-section avia-bg-style-parallax av-minimum-height av-minimum-height-50 av-height-50  container_wrap fullsize'  data-section-bg-repeat='stretch' data-av_minimum_height_pc='50' data-av_min_height_opt='50'><div class='av-parallax' data-avia-parallax-ratio='0.3' ><div class='av-parallax-inner main_color avia-full-stretch'></div></div><div class='container av-section-cont-open' ><main  role="main" itemprop="mainContentOfPage"  class='template-page content  av-content-full alpha units'><div class='post-entry post-entry-type-page post-entry-1530'><div class='entry-content-wrapper clearfix'>

<style type="text/css" data-created_by="avia_inline_auto" id="style-css-av-2fg2kve-c00d9c525442bb9817cbca537ad31dda">
#top .av-special-heading.av-2fg2kve-c00d9c525442bb9817cbca537ad31dda{
padding-bottom:0;
color:#e3000b;
font-size:40px;
}
body .av-special-heading.av-2fg2kve-c00d9c525442bb9817cbca537ad31dda .av-special-heading-tag .heading-char{
font-size:25px;
}
#top #wrap_all .av-special-heading.av-2fg2kve-c00d9c525442bb9817cbca537ad31dda .av-special-heading-tag{
font-size:40px;
}
.av-special-heading.av-2fg2kve-c00d9c525442bb9817cbca537ad31dda .special-heading-inner-border{
border-color:#e3000b;
}
.av-special-heading.av-2fg2kve-c00d9c525442bb9817cbca537ad31dda .av-subheading{
font-size:15px;
}

@media only screen and (min-width: 480px) and (max-width: 767px){ 
#top #wrap_all .av-special-heading.av-2fg2kve-c00d9c525442bb9817cbca537ad31dda .av-special-heading-tag{
font-size:0.8em;
}
}

@media only screen and (max-width: 479px){ 
#top #wrap_all .av-special-heading.av-2fg2kve-c00d9c525442bb9817cbca537ad31dda .av-special-heading-tag{
font-size:0.8em;
}
}
</style>
<div  class='av-special-heading av-2fg2kve-c00d9c525442bb9817cbca537ad31dda av-special-heading-h3 custom-color-heading blockquote modern-quote  avia-builder-el-1  el_before_av_hr  avia-builder-el-first  av-inherit-size'><h3 class='av-special-heading-tag '  itemprop="headline"  >Unser Träger</h3><div class="special-heading-border"><div class="special-heading-inner-border"></div></div></div>

<style type="text/css" data-created_by="avia_inline_auto" id="style-css-av-2dhtn7e-6c0d9ac6e4a849031fef13a51287137c">
#top .hr.av-2dhtn7e-6c0d9ac6e4a849031fef13a51287137c{
margin-top:30px;
margin-bottom:30px;
}
.hr.av-2dhtn7e-6c0d9ac6e4a849031fef13a51287137c .hr-inner{
width:10%;
border-color:#e3000b;
max-width:45%;
}
.hr.av-2dhtn7e-6c0d9ac6e4a849031fef13a51287137c .av-seperator-icon{
color:#e3000b;
}
.hr.av-2dhtn7e-6c0d9ac6e4a849031fef13a51287137c .av-seperator-icon.avia-svg-icon svg:first-child{
fill:#e3000b;
stroke:#e3000b;
}
</style>
<div  class='hr av-2dhtn7e-6c0d9ac6e4a849031fef13a51287137c hr-custom  avia-builder-el-2  el_after_av_heading  avia-builder-el-last  hr-left hr-icon-yes'><span class='hr-inner inner-border-av-border-thin'><span class="hr-inner-style"></span></span><span class='av-seperator-icon avia-iconfont avia-font-entypo-fontello' data-av_icon='' data-av_iconfont='entypo-fontello' ></span><span class='hr-inner inner-border-av-border-thin'><span class="hr-inner-style"></span></span></div>
</div></div></main><!-- close content main element --></div></div><div id='after_section_1'  class='main_color av_default_container_wrap container_wrap fullsize'  ><div class='container av-section-cont-open' ><div class='template-page content  av-content-full alpha units'><div class='post-entry post-entry-type-page post-entry-1530'><div class='entry-content-wrapper clearfix'>
<div class='flex_column_table av-2b3904q-450a3329f1e99ca1d8dcad966ef464ef sc-av_one_full av-equal-height-column-flextable'>
<style type="text/css" data-created_by="avia_inline_auto" id="style-css-av-2b3904q-450a3329f1e99ca1d8dcad966ef464ef">
#top .flex_column_table.av-equal-height-column-flextable.av-2b3904q-450a3329f1e99ca1d8dcad966ef464ef{
margin-top:-90px;
}
.flex_column.av-2b3904q-450a3329f1e99ca1d8dcad966ef464ef{
border-radius:0px 0px 0px 0px;
padding:30px 30px 30px 30px;
background-color:#ffffff;
}
</style>
<div  class='flex_column av-2b3904q-450a3329f1e99ca1d8dcad966ef464ef av_one_full  avia-builder-el-3  el_after_av_section  el_before_av_hr  avia-builder-el-first  first flex_column_table_cell av-equal-height-column av-align-top  '     ><section  class='av_textblock_section av-29f2xqi-a7bd3d46bb32efe54e8b8475d7e5cc17 '   itemscope="itemscope" itemtype="https://schema.org/CreativeWork" ><div class='avia_textblock'  itemprop="text" ><h3>Der VFG (VFG e.V. und VFG gemeinnützige Betriebs-GmbH)</h3>
<p>Der Zweck des 1977 gegründeten Verein für Gefährdetenhilfe e.V. (VFG e.V.) ist die gemeinnützige und mildtätige Unterstützung (im Sinne der §§51ff AO) von Personen in besonderen sozialen Schwierigkeiten in Bonn und Umgebung. Zu diesem Personenkreis zählen wohnungslose Menschen, Arbeitslose, Haftentlassene, Suchtkranke und Kinder suchtmittelabhängiger Eltern.<br />
Der Verein verfolgt diesen Zweck durch Beschaffung von Mitteln für die VFG gemeinnützige Betriebs-GmbH, die den Hilfebedürftigen ihre Leistungen über die verschiedenen Einrichtungen anbietet.<br />
Der Verein für Gefährdetenhilfe e.V. (VFG e.V) und die VFG gemeinnützige Betriebs-GmbH sind Mitglied im Päritätischen Rheinland.</p>
<p>
<style type="text/css" data-created_by="avia_inline_auto" id="style-css-av-27vbwne-b899e056c046e90b1f1f319e3438c6a1">
#top .hr.hr-invisible.av-27vbwne-b899e056c046e90b1f1f319e3438c6a1{
height:30px;
}
</style>
<div  class='hr av-27vbwne-b899e056c046e90b1f1f319e3438c6a1 hr-invisible  avia-builder-el-5  el_before_av_button  avia-builder-el-first '><span class='hr-inner '><span class="hr-inner-style"></span></span></div><br />
<div  class='avia-button-wrap av-275b9ii-0baf81433778ea512240283f6f084b12-wrap avia-button-center  avia-builder-el-6  el_after_av_hr  el_before_av_hr '>
<style type="text/css" data-created_by="avia_inline_auto" id="style-css-av-275b9ii-0baf81433778ea512240283f6f084b12">
#top #wrap_all .avia-button.av-275b9ii-0baf81433778ea512240283f6f084b12{
background-color:#e3000b;
border-color:#e3000b;
color:#ffffff;
transition:all 0.4s ease-in-out;
}
#top #wrap_all .avia-button.av-275b9ii-0baf81433778ea512240283f6f084b12 .avia-svg-icon svg:first-child{
fill:#ffffff;
stroke:#ffffff;
}
</style>
<a href='https://www.vfg-bonn.de'  class='avia-button av-275b9ii-0baf81433778ea512240283f6f084b12 av-link-btn avia-icon_select-yes-right-icon avia-size-x-large avia-position-center av-icon-on-hover'   aria-label="zur Webseite des VFG"><span class='avia_iconbox_title' >zur Webseite des VFG</span><span class='avia_button_icon avia_button_icon_right avia-iconfont avia-font-entypo-fontello' data-av_icon='' data-av_iconfont='entypo-fontello' ></span></a></div><br />

<style type="text/css" data-created_by="avia_inline_auto" id="style-css-av-24rf9sa-cd3879894ca3dc4d9ca1042fd985d8c8">
#top .hr.hr-invisible.av-24rf9sa-cd3879894ca3dc4d9ca1042fd985d8c8{
height:30px;
}
</style>
<div  class='hr av-24rf9sa-cd3879894ca3dc4d9ca1042fd985d8c8 hr-invisible  avia-builder-el-7  el_after_av_button  avia-builder-el-last '><span class='hr-inner '><span class="hr-inner-style"></span></span></div></p>
<h3>Ziele und Zielgruppe</h3>
<p>Der VFG ist Interessensvertreter für Menschen, die hilfebedürftig sind, am Rande der Gesellschaft stehen und aus dem sozialen Netz herauszufallen drohen oder bereits herausgefallen sind.<br />
Zur Verbesserung der Lebenssituation dieser Menschen baut der VFG innovative, pragmatische und bedarfsgerechte sowie eng vernetzte Hilfesysteme auf.<br />
Ziel ist dabei stets die Sicherung und der Ausbau der Hilfen, die laufende Überprüfung der Wirksamkeit der Angebote sowie ihre Anpassung an die Bedürfnisse der Klientel.<br />
Sein Hilfeangebot richtet der VFG an folgenden Personenkreis</p>
<ul>
<li>Menschen in besonderen sozialen Schwierigkeiten wie Wohnungslosigkeit und Mittellosigkeit</li>
<li>Menschen, die aufgrund ihres körperlichen, geistigen oder seelischen Zustands (z. B. aufgrund von Suchtmittelabhängigkeit) der Hilfe bedürfen</li>
<li>Menschen, die nur über ein geringes Einkommen verfügen</li>
<li>Arbeitslose Menschen, die aufgrund persönlicher Vermittlungshemmnisse besondere Schwierigkeiten haben, ins Erwerbsleben zurück zu kehren</li>
<li>Kinder suchtmittelabhängiger Eltern</li>
</ul>
</div></section><br />
<div  class='avia-button-wrap av-2384bei-60a1d0978f34ef2590cc106df58eeb13-wrap avia-button-right  avia-builder-el-8  el_after_av_textblock  avia-builder-el-last '><a href='https://www.vfg-bonn.de/fachklinik/leitbild/'  class='avia-button av-2384bei-60a1d0978f34ef2590cc106df58eeb13 av-link-btn avia-icon_select-yes-right-icon avia-size-medium avia-position-right avia-color-theme-color'   aria-label="Willkommen…"><span class='avia_iconbox_title' >Willkommen…</span><span class='avia_button_icon avia_button_icon_right avia-iconfont avia-font-entypo-fontello' data-av_icon='' data-av_iconfont='entypo-fontello' ></span></a></div></p></div></div><!--close column table wrapper. Autoclose: 1 -->

<style type="text/css" data-created_by="avia_inline_auto" id="style-css-av-20xvpm2-21cd901e94420d767566090496301c98">
#top .hr.hr-invisible.av-20xvpm2-21cd901e94420d767566090496301c98{
height:30px;
}
</style>
<div  id="einrichtungen"  class='hr av-20xvpm2-21cd901e94420d767566090496301c98 hr-invisible  avia-builder-el-9  el_after_av_one_full  el_before_av_section  avia-builder-el-last '><span class='hr-inner '><span class="hr-inner-style"></span></span></div>
</div></div></div><!-- close content main div --></div></div><div id='av_section_2'  class='avia-section av-7badlt-e7943e3bf6e9c95a73fb9de1cbca06a9 main_color avia-section-small avia-no-border-styling  avia-builder-el-10  el_after_av_hr  avia-builder-el-last  big-screens avia-bg-style-scroll container_wrap fullsize'  ><div class='container av-section-cont-open' ><div class='template-page content  av-content-full alpha units'><div class='post-entry post-entry-type-page post-entry-1530'><div class='entry-content-wrapper clearfix'>
