{"id":1468,"date":"2015-09-09T10:08:04","date_gmt":"2015-09-09T08:08:04","guid":{"rendered":"http:\/\/www.vfg-bonn.de\/wp-fkm\/?page_id=1468"},"modified":"2024-03-21T11:25:23","modified_gmt":"2024-03-21T10:25:23","slug":"teamvorstellung","status":"publish","type":"page","link":"https:\/\/www.vfg-bonn.de\/fachklinik\/teamvorstellung\/","title":{"rendered":"Teamvorstellung"},"content":{"rendered":"\n<style type=\"text\/css\" data-created_by=\"avia_inline_auto\" id=\"style-css-av-jxbm9rob-7bd0ca8209b03c3e3bd6a8c2aed86745\">\n.avia-section.av-jxbm9rob-7bd0ca8209b03c3e3bd6a8c2aed86745 .av-parallax .av-parallax-inner{\nbackground-repeat:no-repeat;\nbackground-image:url(https:\/\/www.vfg-bonn.de\/fachklinik\/wp-content\/uploads\/DSC7043.jpg);\nbackground-position:50% 50%;\nbackground-attachment:scroll;\n}\n<\/style>\n<div id='av_section_1'  class='avia-section av-jxbm9rob-7bd0ca8209b03c3e3bd6a8c2aed86745 main_color avia-section-large avia-no-shadow  avia-builder-el-0  el_before_av_section  avia-builder-el-first  spezialueberschrift avia-full-stretch av-parallax-section avia-bg-style-parallax av-minimum-height av-minimum-height-50 av-height-50  container_wrap fullsize'  data-section-bg-repeat='stretch' data-av_minimum_height_pc='50' data-av_min_height_opt='50'><div class='av-parallax' data-avia-parallax-ratio='0.3' ><div class='av-parallax-inner main_color avia-full-stretch'><\/div><\/div><div class='container av-section-cont-open' ><main  role=\"main\" itemprop=\"mainContentOfPage\"  class='template-page content  av-content-full alpha units'><div class='post-entry post-entry-type-page post-entry-1468'><div class='entry-content-wrapper clearfix'>\n\n<style type=\"text\/css\" data-created_by=\"avia_inline_auto\" id=\"style-css-av-jxbm8s7j-0965dd7590993ad1cf5e26767d918750\">\n#top .av-special-heading.av-jxbm8s7j-0965dd7590993ad1cf5e26767d918750{\npadding-bottom:0;\ncolor:#e3000b;\nfont-size:40px;\n}\nbody .av-special-heading.av-jxbm8s7j-0965dd7590993ad1cf5e26767d918750 .av-special-heading-tag .heading-char{\nfont-size:25px;\n}\n#top #wrap_all .av-special-heading.av-jxbm8s7j-0965dd7590993ad1cf5e26767d918750 .av-special-heading-tag{\nfont-size:40px;\n}\n.av-special-heading.av-jxbm8s7j-0965dd7590993ad1cf5e26767d918750 .special-heading-inner-border{\nborder-color:#e3000b;\n}\n.av-special-heading.av-jxbm8s7j-0965dd7590993ad1cf5e26767d918750 .av-subheading{\nfont-size:15px;\n}\n\n@media only screen and (min-width: 480px) and (max-width: 767px){ \n#top #wrap_all .av-special-heading.av-jxbm8s7j-0965dd7590993ad1cf5e26767d918750 .av-special-heading-tag{\nfont-size:0.8em;\n}\n}\n\n@media only screen and (max-width: 479px){ \n#top #wrap_all .av-special-heading.av-jxbm8s7j-0965dd7590993ad1cf5e26767d918750 .av-special-heading-tag{\nfont-size:0.8em;\n}\n}\n<\/style>\n<div  class='av-special-heading av-jxbm8s7j-0965dd7590993ad1cf5e26767d918750 av-special-heading-h3 custom-color-heading blockquote modern-quote  avia-builder-el-1  el_before_av_hr  avia-builder-el-first  av-inherit-size'><h3 class='av-special-heading-tag '  itemprop=\"headline\"  >Unser Team<\/h3><div class=\"special-heading-border\"><div class=\"special-heading-inner-border\"><\/div><\/div><\/div>\n\n<style type=\"text\/css\" data-created_by=\"avia_inline_auto\" id=\"style-css-av-8ho7w-55eb0860482192fda2f693be679b60ba\">\n#top .hr.av-8ho7w-55eb0860482192fda2f693be679b60ba{\nmargin-top:30px;\nmargin-bottom:30px;\n}\n.hr.av-8ho7w-55eb0860482192fda2f693be679b60ba .hr-inner{\nwidth:20%;\nborder-color:#e3000b;\nmax-width:45%;\n}\n.hr.av-8ho7w-55eb0860482192fda2f693be679b60ba .av-seperator-icon{\ncolor:#e3000b;\n}\n.hr.av-8ho7w-55eb0860482192fda2f693be679b60ba .av-seperator-icon.avia-svg-icon svg:first-child{\nfill:#e3000b;\nstroke:#e3000b;\n}\n<\/style>\n<div  class='hr av-8ho7w-55eb0860482192fda2f693be679b60ba hr-custom  avia-builder-el-2  el_after_av_heading  avia-builder-el-last  hr-left hr-icon-yes'><span class='hr-inner inner-border-av-border-thin'><span class=\"hr-inner-style\"><\/span><\/span><span class='av-seperator-icon avia-iconfont avia-font-entypo-fontello' data-av_icon='\ue8bf' data-av_iconfont='entypo-fontello' ><\/span><span class='hr-inner inner-border-av-border-thin'><span class=\"hr-inner-style\"><\/span><\/span><\/div>\n\n<\/div><\/div><\/main><!-- close content main element --><\/div><\/div><div id='av_section_2'  class='avia-section av-b7ea24-acad577cc2dab6d4e7c0a65c83537e9d main_color avia-section-default avia-no-shadow  avia-builder-el-3  el_after_av_section  avia-builder-el-last  avia-bg-style-scroll container_wrap fullsize'  ><div class='container av-section-cont-open' ><div class='template-page content  av-content-full alpha units'><div class='post-entry post-entry-type-page post-entry-1468'><div class='entry-content-wrapper clearfix'>\n<div class='flex_column_table av-9ukiqk-721e1c1a9d7853fce772c8b53fc06402 sc-av_one_full av-equal-height-column-flextable'>\n<style type=\"text\/css\" data-created_by=\"avia_inline_auto\" id=\"style-css-av-9ukiqk-721e1c1a9d7853fce772c8b53fc06402\">\n#top .flex_column_table.av-equal-height-column-flextable.av-9ukiqk-721e1c1a9d7853fce772c8b53fc06402{\nmargin-top:-90px;\n}\n.flex_column.av-9ukiqk-721e1c1a9d7853fce772c8b53fc06402{\nborder-radius:0px 0px 0px 0px;\npadding:30px 30px 30px 30px;\nbackground-color:#ffffff;\n}\n<\/style>\n<div  class='flex_column av-9ukiqk-721e1c1a9d7853fce772c8b53fc06402 av_one_full  avia-builder-el-4  avia-builder-el-no-sibling  first no_margin flex_column_table_cell av-equal-height-column av-align-top  '     ><p>\n<style type=\"text\/css\" data-created_by=\"avia_inline_auto\" id=\"style-css-av-63cc3w-915ea646ce83ac3ebccaf1069ab6b38d\">\n#top .hr.av-63cc3w-915ea646ce83ac3ebccaf1069ab6b38d{\nmargin-top:30px;\nmargin-bottom:30px;\n}\n.hr.av-63cc3w-915ea646ce83ac3ebccaf1069ab6b38d .hr-inner{\nwidth:20%;\nborder-color:#e3000b;\nmax-width:45%;\n}\n.hr.av-63cc3w-915ea646ce83ac3ebccaf1069ab6b38d .av-seperator-icon{\ncolor:#e3000b;\n}\n.hr.av-63cc3w-915ea646ce83ac3ebccaf1069ab6b38d .av-seperator-icon.avia-svg-icon svg:first-child{\nfill:#e3000b;\nstroke:#e3000b;\n}\n<\/style>\n<div  class='hr av-63cc3w-915ea646ce83ac3ebccaf1069ab6b38d hr-custom  avia-builder-el-5  el_before_av_textblock  avia-builder-el-first  teamheading hr-left hr-icon-yes'><span class='hr-inner inner-border-av-border-thin'><span class=\"hr-inner-style\"><\/span><\/span><span class='av-seperator-icon avia-iconfont avia-font-entypo-fontello' data-av_icon='\ue8bf' data-av_iconfont='entypo-fontello' ><\/span><span class='hr-inner inner-border-av-border-thin'><span class=\"hr-inner-style\"><\/span><\/span><\/div><br \/>\n<section  class='av_textblock_section av-47ypks-68da05c6eb7d26494a2c6d37fe3d9fc8 '   itemscope=\"itemscope\" itemtype=\"https:\/\/schema.org\/CreativeWork\" ><div class='avia_textblock teambild'  itemprop=\"text\" ><h3>Team der Fachklinik Meckenheim<\/h3>\n<p>Unser multidisziplin\u00e4res Team besteht aus einem Facharzt f\u00fcr Psychiatrie und Psychotherapie und weiterem medizinischen Personal, PsychologInnen, SozialarbeiterInnen und Sozialp\u00e4dagogInnen zum Teil mit therapeutischer Zusatzausbildung, Arbeits-\/ErgotherapeutInnen, einem Sporttherapeuten, Verwaltungsangestellten und den MitarbeiterInnen im Wochenend- und Nachtdienstteam.<\/p>\n<p>Jeder Rehabilitand hat einen Bezugspsychotherapeuten und Bezugsarbeitstherapeuten. Gemeinsam mit der \u00e4rztlichen und therapeutischen Klinikleitung wird in w\u00f6chentlichen Teamsitzungen das individuelle Behandlungsprogramm der Rehabilitanden abgestimmt.<\/p>\n<p>Die Teilnahme unserer Mitarbeiter an regelm\u00e4\u00dfiger Supervision sowie an internen und externen Fortbildungen sichert die fachliche Qualit\u00e4t und Weiterentwicklung unserer Arbeit.<\/p>\n<\/div><\/section><br \/>\n<div  class='avia-button-wrap av-2xc1h8-502fba0a6f470a8730738ca26261060e-wrap avia-button-right  avia-builder-el-7  el_after_av_textblock  avia-builder-el-last '><a href='https:\/\/www.vfg-bonn.de\/fachklinik\/unser-haus\/'  class='avia-button av-2xc1h8-502fba0a6f470a8730738ca26261060e av-link-btn avia-icon_select-yes-right-icon avia-size-medium avia-position-right avia-color-theme-color'   aria-label=\"unser Haus\u2026\"><span class='avia_iconbox_title' >unser Haus\u2026<\/span><span class='avia_button_icon avia_button_icon_right avia-iconfont avia-font-entypo-fontello' data-av_icon='\ue832' data-av_iconfont='entypo-fontello' ><\/span><\/a><\/div><\/p><\/div><\/div><!--close column table wrapper. Autoclose: 1 -->\n","protected":false},"excerpt":{"rendered":"","protected":false},"author":1,"featured_media":0,"parent":0,"menu_order":0,"comment_status":"closed","ping_status":"closed","template":"","meta":{"inline_featured_image":false,"footnotes":""},"class_list":["post-1468","page","type-page","status-publish","hentry"],"_links":{"self":[{"href":"https:\/\/www.vfg-bonn.de\/fachklinik\/wp-json\/wp\/v2\/pages\/1468","targetHints":{"allow":["GET"]}}],"collection":[{"href":"https:\/\/www.vfg-bonn.de\/fachklinik\/wp-json\/wp\/v2\/pages"}],"about":[{"href":"https:\/\/www.vfg-bonn.de\/fachklinik\/wp-json\/wp\/v2\/types\/page"}],"author":[{"embeddable":true,"href":"https:\/\/www.vfg-bonn.de\/fachklinik\/wp-json\/wp\/v2\/users\/1"}],"replies":[{"embeddable":true,"href":"https:\/\/www.vfg-bonn.de\/fachklinik\/wp-json\/wp\/v2\/comments?post=1468"}],"version-history":[{"count":8,"href":"https:\/\/www.vfg-bonn.de\/fachklinik\/wp-json\/wp\/v2\/pages\/1468\/revisions"}],"predecessor-version":[{"id":4271,"href":"https:\/\/www.vfg-bonn.de\/fachklinik\/wp-json\/wp\/v2\/pages\/1468\/revisions\/4271"}],"wp:attachment":[{"href":"https:\/\/www.vfg-bonn.de\/fachklinik\/wp-json\/wp\/v2\/media?parent=1468"}],"curies":[{"name":"wp","href":"https:\/\/api.w.org\/{rel}","templated":true}]}}

<style type="text/css" data-created_by="avia_inline_auto" id="style-css-av-jxbm9rob-7bd0ca8209b03c3e3bd6a8c2aed86745">
.avia-section.av-jxbm9rob-7bd0ca8209b03c3e3bd6a8c2aed86745 .av-parallax .av-parallax-inner{
background-repeat:no-repeat;
background-image:url(https://www.vfg-bonn.de/fachklinik/wp-content/uploads/DSC7043.jpg);
background-position:50% 50%;
background-attachment:scroll;
}
</style>
<div id='av_section_1'  class='avia-section av-jxbm9rob-7bd0ca8209b03c3e3bd6a8c2aed86745 main_color avia-section-large avia-no-shadow  avia-builder-el-0  el_before_av_section  avia-builder-el-first  spezialueberschrift avia-full-stretch av-parallax-section avia-bg-style-parallax av-minimum-height av-minimum-height-50 av-height-50  container_wrap fullsize'  data-section-bg-repeat='stretch' data-av_minimum_height_pc='50' data-av_min_height_opt='50'><div class='av-parallax' data-avia-parallax-ratio='0.3' ><div class='av-parallax-inner main_color avia-full-stretch'></div></div><div class='container av-section-cont-open' ><main  role="main" itemprop="mainContentOfPage"  class='template-page content  av-content-full alpha units'><div class='post-entry post-entry-type-page post-entry-1468'><div class='entry-content-wrapper clearfix'>

<style type="text/css" data-created_by="avia_inline_auto" id="style-css-av-jxbm8s7j-0965dd7590993ad1cf5e26767d918750">
#top .av-special-heading.av-jxbm8s7j-0965dd7590993ad1cf5e26767d918750{
padding-bottom:0;
color:#e3000b;
font-size:40px;
}
body .av-special-heading.av-jxbm8s7j-0965dd7590993ad1cf5e26767d918750 .av-special-heading-tag .heading-char{
font-size:25px;
}
#top #wrap_all .av-special-heading.av-jxbm8s7j-0965dd7590993ad1cf5e26767d918750 .av-special-heading-tag{
font-size:40px;
}
.av-special-heading.av-jxbm8s7j-0965dd7590993ad1cf5e26767d918750 .special-heading-inner-border{
border-color:#e3000b;
}
.av-special-heading.av-jxbm8s7j-0965dd7590993ad1cf5e26767d918750 .av-subheading{
font-size:15px;
}

@media only screen and (min-width: 480px) and (max-width: 767px){ 
#top #wrap_all .av-special-heading.av-jxbm8s7j-0965dd7590993ad1cf5e26767d918750 .av-special-heading-tag{
font-size:0.8em;
}
}

@media only screen and (max-width: 479px){ 
#top #wrap_all .av-special-heading.av-jxbm8s7j-0965dd7590993ad1cf5e26767d918750 .av-special-heading-tag{
font-size:0.8em;
}
}
</style>
<div  class='av-special-heading av-jxbm8s7j-0965dd7590993ad1cf5e26767d918750 av-special-heading-h3 custom-color-heading blockquote modern-quote  avia-builder-el-1  el_before_av_hr  avia-builder-el-first  av-inherit-size'><h3 class='av-special-heading-tag '  itemprop="headline"  >Unser Team</h3><div class="special-heading-border"><div class="special-heading-inner-border"></div></div></div>

<style type="text/css" data-created_by="avia_inline_auto" id="style-css-av-8ho7w-55eb0860482192fda2f693be679b60ba">
#top .hr.av-8ho7w-55eb0860482192fda2f693be679b60ba{
margin-top:30px;
margin-bottom:30px;
}
.hr.av-8ho7w-55eb0860482192fda2f693be679b60ba .hr-inner{
width:20%;
border-color:#e3000b;
max-width:45%;
}
.hr.av-8ho7w-55eb0860482192fda2f693be679b60ba .av-seperator-icon{
color:#e3000b;
}
.hr.av-8ho7w-55eb0860482192fda2f693be679b60ba .av-seperator-icon.avia-svg-icon svg:first-child{
fill:#e3000b;
stroke:#e3000b;
}
</style>
<div  class='hr av-8ho7w-55eb0860482192fda2f693be679b60ba hr-custom  avia-builder-el-2  el_after_av_heading  avia-builder-el-last  hr-left hr-icon-yes'><span class='hr-inner inner-border-av-border-thin'><span class="hr-inner-style"></span></span><span class='av-seperator-icon avia-iconfont avia-font-entypo-fontello' data-av_icon='' data-av_iconfont='entypo-fontello' ></span><span class='hr-inner inner-border-av-border-thin'><span class="hr-inner-style"></span></span></div>

</div></div></main><!-- close content main element --></div></div><div id='av_section_2'  class='avia-section av-b7ea24-acad577cc2dab6d4e7c0a65c83537e9d main_color avia-section-default avia-no-shadow  avia-builder-el-3  el_after_av_section  avia-builder-el-last  avia-bg-style-scroll container_wrap fullsize'  ><div class='container av-section-cont-open' ><div class='template-page content  av-content-full alpha units'><div class='post-entry post-entry-type-page post-entry-1468'><div class='entry-content-wrapper clearfix'>
<div class='flex_column_table av-9ukiqk-721e1c1a9d7853fce772c8b53fc06402 sc-av_one_full av-equal-height-column-flextable'>
<style type="text/css" data-created_by="avia_inline_auto" id="style-css-av-9ukiqk-721e1c1a9d7853fce772c8b53fc06402">
#top .flex_column_table.av-equal-height-column-flextable.av-9ukiqk-721e1c1a9d7853fce772c8b53fc06402{
margin-top:-90px;
}
.flex_column.av-9ukiqk-721e1c1a9d7853fce772c8b53fc06402{
border-radius:0px 0px 0px 0px;
padding:30px 30px 30px 30px;
background-color:#ffffff;
}
</style>
<div  class='flex_column av-9ukiqk-721e1c1a9d7853fce772c8b53fc06402 av_one_full  avia-builder-el-4  avia-builder-el-no-sibling  first no_margin flex_column_table_cell av-equal-height-column av-align-top  '     ><p>
<style type="text/css" data-created_by="avia_inline_auto" id="style-css-av-63cc3w-915ea646ce83ac3ebccaf1069ab6b38d">
#top .hr.av-63cc3w-915ea646ce83ac3ebccaf1069ab6b38d{
margin-top:30px;
margin-bottom:30px;
}
.hr.av-63cc3w-915ea646ce83ac3ebccaf1069ab6b38d .hr-inner{
width:20%;
border-color:#e3000b;
max-width:45%;
}
.hr.av-63cc3w-915ea646ce83ac3ebccaf1069ab6b38d .av-seperator-icon{
color:#e3000b;
}
.hr.av-63cc3w-915ea646ce83ac3ebccaf1069ab6b38d .av-seperator-icon.avia-svg-icon svg:first-child{
fill:#e3000b;
stroke:#e3000b;
}
</style>
<div  class='hr av-63cc3w-915ea646ce83ac3ebccaf1069ab6b38d hr-custom  avia-builder-el-5  el_before_av_textblock  avia-builder-el-first  teamheading hr-left hr-icon-yes'><span class='hr-inner inner-border-av-border-thin'><span class="hr-inner-style"></span></span><span class='av-seperator-icon avia-iconfont avia-font-entypo-fontello' data-av_icon='' data-av_iconfont='entypo-fontello' ></span><span class='hr-inner inner-border-av-border-thin'><span class="hr-inner-style"></span></span></div><br />
<section  class='av_textblock_section av-47ypks-68da05c6eb7d26494a2c6d37fe3d9fc8 '   itemscope="itemscope" itemtype="https://schema.org/CreativeWork" ><div class='avia_textblock teambild'  itemprop="text" ><h3>Team der Fachklinik Meckenheim</h3>
<p>Unser multidisziplinäres Team besteht aus einem Facharzt für Psychiatrie und Psychotherapie und weiterem medizinischen Personal, PsychologInnen, SozialarbeiterInnen und SozialpädagogInnen zum Teil mit therapeutischer Zusatzausbildung, Arbeits-/ErgotherapeutInnen, einem Sporttherapeuten, Verwaltungsangestellten und den MitarbeiterInnen im Wochenend- und Nachtdienstteam.</p>
<p>Jeder Rehabilitand hat einen Bezugspsychotherapeuten und Bezugsarbeitstherapeuten. Gemeinsam mit der ärztlichen und therapeutischen Klinikleitung wird in wöchentlichen Teamsitzungen das individuelle Behandlungsprogramm der Rehabilitanden abgestimmt.</p>
<p>Die Teilnahme unserer Mitarbeiter an regelmäßiger Supervision sowie an internen und externen Fortbildungen sichert die fachliche Qualität und Weiterentwicklung unserer Arbeit.</p>
</div></section><br />
<div  class='avia-button-wrap av-2xc1h8-502fba0a6f470a8730738ca26261060e-wrap avia-button-right  avia-builder-el-7  el_after_av_textblock  avia-builder-el-last '><a href='https://www.vfg-bonn.de/fachklinik/unser-haus/'  class='avia-button av-2xc1h8-502fba0a6f470a8730738ca26261060e av-link-btn avia-icon_select-yes-right-icon avia-size-medium avia-position-right avia-color-theme-color'   aria-label="unser Haus…"><span class='avia_iconbox_title' >unser Haus…</span><span class='avia_button_icon avia_button_icon_right avia-iconfont avia-font-entypo-fontello' data-av_icon='' data-av_iconfont='entypo-fontello' ></span></a></div></p></div></div><!--close column table wrapper. Autoclose: 1 -->
