{"id":1337,"date":"2015-08-31T17:31:06","date_gmt":"2015-08-31T15:31:06","guid":{"rendered":"http:\/\/www.vfg-bonn.de\/wp-fkm\/?page_id=1337"},"modified":"2021-01-21T10:25:03","modified_gmt":"2021-01-21T09:25:03","slug":"freizeitangebote","status":"publish","type":"page","link":"https:\/\/www.vfg-bonn.de\/fachklinik\/freizeitangebote\/","title":{"rendered":"Freizeitangebote"},"content":{"rendered":"\n<style type=\"text\/css\" data-created_by=\"avia_inline_auto\" id=\"style-css-av-af9z21-dd54e4439884d098710fb2a1d4bcec7a\">\n.avia-section.av-af9z21-dd54e4439884d098710fb2a1d4bcec7a .av-parallax .av-parallax-inner{\nbackground-repeat:no-repeat;\nbackground-image:url(https:\/\/www.vfg-bonn.de\/fachklinik\/wp-content\/uploads\/DSC2210-Freizeit-1.jpg);\nbackground-position:50% 0%;\nbackground-attachment:scroll;\n}\n<\/style>\n<div id='av_section_1'  class='avia-section av-af9z21-dd54e4439884d098710fb2a1d4bcec7a main_color avia-section-large avia-no-shadow  avia-builder-el-0  el_before_av_one_full  avia-builder-el-first  spezialueberschrift avia-full-stretch av-parallax-section avia-bg-style-parallax av-minimum-height av-minimum-height-50 av-height-50  container_wrap fullsize'  data-section-bg-repeat='stretch' data-av_minimum_height_pc='50' data-av_min_height_opt='50'><div class='av-parallax' data-avia-parallax-ratio='0.3' ><div class='av-parallax-inner main_color avia-full-stretch'><\/div><\/div><div class='container av-section-cont-open' ><main  role=\"main\" itemprop=\"mainContentOfPage\"  class='template-page content  av-content-full alpha units'><div class='post-entry post-entry-type-page post-entry-1337'><div class='entry-content-wrapper clearfix'>\n\n<style type=\"text\/css\" data-created_by=\"avia_inline_auto\" id=\"style-css-av-9dxga1-88329e4693a19492f402220bd960d160\">\n#top .av-special-heading.av-9dxga1-88329e4693a19492f402220bd960d160{\npadding-bottom:0;\ncolor:#e3000b;\nfont-size:40px;\n}\nbody .av-special-heading.av-9dxga1-88329e4693a19492f402220bd960d160 .av-special-heading-tag .heading-char{\nfont-size:25px;\n}\n#top #wrap_all .av-special-heading.av-9dxga1-88329e4693a19492f402220bd960d160 .av-special-heading-tag{\nfont-size:40px;\n}\n.av-special-heading.av-9dxga1-88329e4693a19492f402220bd960d160 .special-heading-inner-border{\nborder-color:#e3000b;\n}\n.av-special-heading.av-9dxga1-88329e4693a19492f402220bd960d160 .av-subheading{\nfont-size:15px;\n}\n\n@media only screen and (min-width: 480px) and (max-width: 767px){ \n#top #wrap_all .av-special-heading.av-9dxga1-88329e4693a19492f402220bd960d160 .av-special-heading-tag{\nfont-size:0.8em;\n}\n}\n\n@media only screen and (max-width: 479px){ \n#top #wrap_all .av-special-heading.av-9dxga1-88329e4693a19492f402220bd960d160 .av-special-heading-tag{\nfont-size:0.8em;\n}\n}\n<\/style>\n<div  class='av-special-heading av-9dxga1-88329e4693a19492f402220bd960d160 av-special-heading-h3 custom-color-heading blockquote modern-quote  avia-builder-el-1  el_before_av_hr  avia-builder-el-first  av-inherit-size'><h3 class='av-special-heading-tag '  itemprop=\"headline\"  >Freizeitangebote<\/h3><div class=\"special-heading-border\"><div class=\"special-heading-inner-border\"><\/div><\/div><\/div>\n\n<style type=\"text\/css\" data-created_by=\"avia_inline_auto\" id=\"style-css-av-88w99l-4e632d9a242f608b83aed85892747832\">\n#top .hr.av-88w99l-4e632d9a242f608b83aed85892747832{\nmargin-top:30px;\nmargin-bottom:30px;\n}\n.hr.av-88w99l-4e632d9a242f608b83aed85892747832 .hr-inner{\nwidth:20%;\nborder-color:#e3000b;\nmax-width:45%;\n}\n.hr.av-88w99l-4e632d9a242f608b83aed85892747832 .av-seperator-icon{\ncolor:#e3000b;\n}\n.hr.av-88w99l-4e632d9a242f608b83aed85892747832 .av-seperator-icon.avia-svg-icon svg:first-child{\nfill:#e3000b;\nstroke:#e3000b;\n}\n<\/style>\n<div  class='hr av-88w99l-4e632d9a242f608b83aed85892747832 hr-custom  avia-builder-el-2  el_after_av_heading  avia-builder-el-last  hr-left hr-icon-yes'><span class='hr-inner inner-border-av-border-thin'><span class=\"hr-inner-style\"><\/span><\/span><span class='av-seperator-icon avia-iconfont avia-font-entypo-fontello' data-av_icon='\ue8bf' data-av_iconfont='entypo-fontello' ><\/span><span class='hr-inner inner-border-av-border-thin'><span class=\"hr-inner-style\"><\/span><\/span><\/div>\n<\/div><\/div><\/main><!-- close content main element --><\/div><\/div><div id='after_section_1'  class='main_color av_default_container_wrap container_wrap fullsize'  ><div class='container av-section-cont-open' ><div class='template-page content  av-content-full alpha units'><div class='post-entry post-entry-type-page post-entry-1337'><div class='entry-content-wrapper clearfix'>\n<div class='flex_column_table av-57q02h-0508e040f5558382c07402a4b19f6693 sc-av_one_full av-equal-height-column-flextable'>\n<style type=\"text\/css\" data-created_by=\"avia_inline_auto\" id=\"style-css-av-57q02h-0508e040f5558382c07402a4b19f6693\">\n#top .flex_column_table.av-equal-height-column-flextable.av-57q02h-0508e040f5558382c07402a4b19f6693{\nmargin-top:-90px;\n}\n.flex_column.av-57q02h-0508e040f5558382c07402a4b19f6693{\nborder-radius:0px 0px 0px 0px;\npadding:30px 30px 30px 30px;\nbackground-color:#ffffff;\n}\n<\/style>\n<div  class='flex_column av-57q02h-0508e040f5558382c07402a4b19f6693 av_one_full  avia-builder-el-3  el_after_av_section  avia-builder-el-no-sibling  first flex_column_table_cell av-equal-height-column av-align-top  '     ><p><section  class='av_textblock_section av-3soq3d-6f83a7cb3737acbf464cacc19fa9ddbf '   itemscope=\"itemscope\" itemtype=\"https:\/\/schema.org\/CreativeWork\" ><div class='avia_textblock'  itemprop=\"text\" ><p>Die Fachklinik Meckenheim bietet ihren Rehabilitanden ein vielf\u00e4ltiges Freizeitprogramm an:<\/p>\n<p>Ein umfangreiches sportlich orientiertes Angebot steht sowohl in der Woche, als auch an den Wochenenden zur freien Verf\u00fcgung.<\/p>\n<p>Neben den sportlichen M\u00f6glichkeiten verf\u00fcgt die Klinik \u00fcber diverse Gesellschaftsspiele, eine B\u00fccherei und einen Musikraum. Weiter steht f\u00fcr die Rehabilitanden ein PC-Raum f\u00fcr Bewerbungen und Online-Recherchen zur Verf\u00fcgung.<\/p>\n<p>Ein besonderes Angebot stellt die angeleitete Wochenendaktivit\u00e4t dar. Jeden Sonntag bietet ein Mitarbeiter einen Ausflug mit unterschiedlichen, sehr vielf\u00e4ltigen und abwechslungsreiche Zielen an wie z. B. Wanderungen in der nahe gelegenen Vulkaneifel, Museumsbesuche, Billardspiel, Schwimmen, Besuch des Drachenfels (ein Wahrzeichen des Rheintals) und vielen weiteren attraktiven Ausflugszielen.<\/p>\n<\/div><\/section><br \/>\n<div  class='avia-button-wrap av-2jr52h-9bec2937fea3d89ba4c08c187d9e8962-wrap avia-button-right  avia-builder-el-5  el_after_av_textblock  avia-builder-el-last '><a href='https:\/\/www.vfg-bonn.de\/fachklinik\/nachfolgemassnahmen\/'  class='avia-button av-2jr52h-9bec2937fea3d89ba4c08c187d9e8962 av-link-btn avia-icon_select-yes-right-icon avia-size-medium avia-position-right avia-color-theme-color'   aria-label=\"Nachfolgema\u00dfnahmen\u2026\"><span class='avia_iconbox_title' >Nachfolgema\u00dfnahmen\u2026<\/span><span class='avia_button_icon avia_button_icon_right avia-iconfont avia-font-entypo-fontello' data-av_icon='\ue832' data-av_iconfont='entypo-fontello' ><\/span><\/a><\/div><\/p><\/div><\/div><!--close column table wrapper. Autoclose: 1 -->\n","protected":false},"excerpt":{"rendered":"","protected":false},"author":1,"featured_media":0,"parent":0,"menu_order":0,"comment_status":"closed","ping_status":"closed","template":"","meta":{"inline_featured_image":false,"footnotes":""},"class_list":["post-1337","page","type-page","status-publish","hentry"],"_links":{"self":[{"href":"https:\/\/www.vfg-bonn.de\/fachklinik\/wp-json\/wp\/v2\/pages\/1337","targetHints":{"allow":["GET"]}}],"collection":[{"href":"https:\/\/www.vfg-bonn.de\/fachklinik\/wp-json\/wp\/v2\/pages"}],"about":[{"href":"https:\/\/www.vfg-bonn.de\/fachklinik\/wp-json\/wp\/v2\/types\/page"}],"author":[{"embeddable":true,"href":"https:\/\/www.vfg-bonn.de\/fachklinik\/wp-json\/wp\/v2\/users\/1"}],"replies":[{"embeddable":true,"href":"https:\/\/www.vfg-bonn.de\/fachklinik\/wp-json\/wp\/v2\/comments?post=1337"}],"version-history":[{"count":8,"href":"https:\/\/www.vfg-bonn.de\/fachklinik\/wp-json\/wp\/v2\/pages\/1337\/revisions"}],"predecessor-version":[{"id":4055,"href":"https:\/\/www.vfg-bonn.de\/fachklinik\/wp-json\/wp\/v2\/pages\/1337\/revisions\/4055"}],"wp:attachment":[{"href":"https:\/\/www.vfg-bonn.de\/fachklinik\/wp-json\/wp\/v2\/media?parent=1337"}],"curies":[{"name":"wp","href":"https:\/\/api.w.org\/{rel}","templated":true}]}}

<style type="text/css" data-created_by="avia_inline_auto" id="style-css-av-af9z21-dd54e4439884d098710fb2a1d4bcec7a">
.avia-section.av-af9z21-dd54e4439884d098710fb2a1d4bcec7a .av-parallax .av-parallax-inner{
background-repeat:no-repeat;
background-image:url(https://www.vfg-bonn.de/fachklinik/wp-content/uploads/DSC2210-Freizeit-1.jpg);
background-position:50% 0%;
background-attachment:scroll;
}
</style>
<div id='av_section_1'  class='avia-section av-af9z21-dd54e4439884d098710fb2a1d4bcec7a main_color avia-section-large avia-no-shadow  avia-builder-el-0  el_before_av_one_full  avia-builder-el-first  spezialueberschrift avia-full-stretch av-parallax-section avia-bg-style-parallax av-minimum-height av-minimum-height-50 av-height-50  container_wrap fullsize'  data-section-bg-repeat='stretch' data-av_minimum_height_pc='50' data-av_min_height_opt='50'><div class='av-parallax' data-avia-parallax-ratio='0.3' ><div class='av-parallax-inner main_color avia-full-stretch'></div></div><div class='container av-section-cont-open' ><main  role="main" itemprop="mainContentOfPage"  class='template-page content  av-content-full alpha units'><div class='post-entry post-entry-type-page post-entry-1337'><div class='entry-content-wrapper clearfix'>

<style type="text/css" data-created_by="avia_inline_auto" id="style-css-av-9dxga1-88329e4693a19492f402220bd960d160">
#top .av-special-heading.av-9dxga1-88329e4693a19492f402220bd960d160{
padding-bottom:0;
color:#e3000b;
font-size:40px;
}
body .av-special-heading.av-9dxga1-88329e4693a19492f402220bd960d160 .av-special-heading-tag .heading-char{
font-size:25px;
}
#top #wrap_all .av-special-heading.av-9dxga1-88329e4693a19492f402220bd960d160 .av-special-heading-tag{
font-size:40px;
}
.av-special-heading.av-9dxga1-88329e4693a19492f402220bd960d160 .special-heading-inner-border{
border-color:#e3000b;
}
.av-special-heading.av-9dxga1-88329e4693a19492f402220bd960d160 .av-subheading{
font-size:15px;
}

@media only screen and (min-width: 480px) and (max-width: 767px){ 
#top #wrap_all .av-special-heading.av-9dxga1-88329e4693a19492f402220bd960d160 .av-special-heading-tag{
font-size:0.8em;
}
}

@media only screen and (max-width: 479px){ 
#top #wrap_all .av-special-heading.av-9dxga1-88329e4693a19492f402220bd960d160 .av-special-heading-tag{
font-size:0.8em;
}
}
</style>
<div  class='av-special-heading av-9dxga1-88329e4693a19492f402220bd960d160 av-special-heading-h3 custom-color-heading blockquote modern-quote  avia-builder-el-1  el_before_av_hr  avia-builder-el-first  av-inherit-size'><h3 class='av-special-heading-tag '  itemprop="headline"  >Freizeitangebote</h3><div class="special-heading-border"><div class="special-heading-inner-border"></div></div></div>

<style type="text/css" data-created_by="avia_inline_auto" id="style-css-av-88w99l-4e632d9a242f608b83aed85892747832">
#top .hr.av-88w99l-4e632d9a242f608b83aed85892747832{
margin-top:30px;
margin-bottom:30px;
}
.hr.av-88w99l-4e632d9a242f608b83aed85892747832 .hr-inner{
width:20%;
border-color:#e3000b;
max-width:45%;
}
.hr.av-88w99l-4e632d9a242f608b83aed85892747832 .av-seperator-icon{
color:#e3000b;
}
.hr.av-88w99l-4e632d9a242f608b83aed85892747832 .av-seperator-icon.avia-svg-icon svg:first-child{
fill:#e3000b;
stroke:#e3000b;
}
</style>
<div  class='hr av-88w99l-4e632d9a242f608b83aed85892747832 hr-custom  avia-builder-el-2  el_after_av_heading  avia-builder-el-last  hr-left hr-icon-yes'><span class='hr-inner inner-border-av-border-thin'><span class="hr-inner-style"></span></span><span class='av-seperator-icon avia-iconfont avia-font-entypo-fontello' data-av_icon='' data-av_iconfont='entypo-fontello' ></span><span class='hr-inner inner-border-av-border-thin'><span class="hr-inner-style"></span></span></div>
</div></div></main><!-- close content main element --></div></div><div id='after_section_1'  class='main_color av_default_container_wrap container_wrap fullsize'  ><div class='container av-section-cont-open' ><div class='template-page content  av-content-full alpha units'><div class='post-entry post-entry-type-page post-entry-1337'><div class='entry-content-wrapper clearfix'>
<div class='flex_column_table av-57q02h-0508e040f5558382c07402a4b19f6693 sc-av_one_full av-equal-height-column-flextable'>
<style type="text/css" data-created_by="avia_inline_auto" id="style-css-av-57q02h-0508e040f5558382c07402a4b19f6693">
#top .flex_column_table.av-equal-height-column-flextable.av-57q02h-0508e040f5558382c07402a4b19f6693{
margin-top:-90px;
}
.flex_column.av-57q02h-0508e040f5558382c07402a4b19f6693{
border-radius:0px 0px 0px 0px;
padding:30px 30px 30px 30px;
background-color:#ffffff;
}
</style>
<div  class='flex_column av-57q02h-0508e040f5558382c07402a4b19f6693 av_one_full  avia-builder-el-3  el_after_av_section  avia-builder-el-no-sibling  first flex_column_table_cell av-equal-height-column av-align-top  '     ><p><section  class='av_textblock_section av-3soq3d-6f83a7cb3737acbf464cacc19fa9ddbf '   itemscope="itemscope" itemtype="https://schema.org/CreativeWork" ><div class='avia_textblock'  itemprop="text" ><p>Die Fachklinik Meckenheim bietet ihren Rehabilitanden ein vielfältiges Freizeitprogramm an:</p>
<p>Ein umfangreiches sportlich orientiertes Angebot steht sowohl in der Woche, als auch an den Wochenenden zur freien Verfügung.</p>
<p>Neben den sportlichen Möglichkeiten verfügt die Klinik über diverse Gesellschaftsspiele, eine Bücherei und einen Musikraum. Weiter steht für die Rehabilitanden ein PC-Raum für Bewerbungen und Online-Recherchen zur Verfügung.</p>
<p>Ein besonderes Angebot stellt die angeleitete Wochenendaktivität dar. Jeden Sonntag bietet ein Mitarbeiter einen Ausflug mit unterschiedlichen, sehr vielfältigen und abwechslungsreiche Zielen an wie z. B. Wanderungen in der nahe gelegenen Vulkaneifel, Museumsbesuche, Billardspiel, Schwimmen, Besuch des Drachenfels (ein Wahrzeichen des Rheintals) und vielen weiteren attraktiven Ausflugszielen.</p>
</div></section><br />
<div  class='avia-button-wrap av-2jr52h-9bec2937fea3d89ba4c08c187d9e8962-wrap avia-button-right  avia-builder-el-5  el_after_av_textblock  avia-builder-el-last '><a href='https://www.vfg-bonn.de/fachklinik/nachfolgemassnahmen/'  class='avia-button av-2jr52h-9bec2937fea3d89ba4c08c187d9e8962 av-link-btn avia-icon_select-yes-right-icon avia-size-medium avia-position-right avia-color-theme-color'   aria-label="Nachfolgemaßnahmen…"><span class='avia_iconbox_title' >Nachfolgemaßnahmen…</span><span class='avia_button_icon avia_button_icon_right avia-iconfont avia-font-entypo-fontello' data-av_icon='' data-av_iconfont='entypo-fontello' ></span></a></div></p></div></div><!--close column table wrapper. Autoclose: 1 -->
