{"id":1333,"date":"2015-08-31T17:24:56","date_gmt":"2015-08-31T15:24:56","guid":{"rendered":"http:\/\/www.vfg-bonn.de\/wp-fkm\/?page_id=1333"},"modified":"2025-06-26T14:03:20","modified_gmt":"2025-06-26T12:03:20","slug":"behandlungsprogramm","status":"publish","type":"page","link":"https:\/\/www.vfg-bonn.de\/fachklinik\/behandlungsprogramm\/","title":{"rendered":"Behandlungsprogramm"},"content":{"rendered":"\n<style type=\"text\/css\" data-created_by=\"avia_inline_auto\" id=\"style-css-av-anr6ph-33e07375d6ddfe734e3b519988740451\">\n.avia-section.av-anr6ph-33e07375d6ddfe734e3b519988740451 .av-parallax .av-parallax-inner{\nbackground-repeat:no-repeat;\nbackground-image:url(https:\/\/www.vfg-bonn.de\/fachklinik\/wp-content\/uploads\/Gruppentherapie-a.jpg);\nbackground-position:50% 0%;\nbackground-attachment:scroll;\n}\n<\/style>\n<div id='av_section_1'  class='avia-section av-anr6ph-33e07375d6ddfe734e3b519988740451 main_color avia-section-large avia-no-shadow  avia-builder-el-0  el_before_av_one_full  avia-builder-el-first  spezialueberschrift avia-full-stretch av-parallax-section avia-bg-style-parallax av-minimum-height av-minimum-height-50 av-height-50  container_wrap fullsize'  data-section-bg-repeat='stretch' data-av_minimum_height_pc='50' data-av_min_height_opt='50'><div class='av-parallax' data-avia-parallax-ratio='0.3' ><div class='av-parallax-inner main_color avia-full-stretch'><\/div><\/div><div class='container av-section-cont-open' ><main  role=\"main\" itemprop=\"mainContentOfPage\"  class='template-page content  av-content-full alpha units'><div class='post-entry post-entry-type-page post-entry-1333'><div class='entry-content-wrapper clearfix'>\n\n<style type=\"text\/css\" data-created_by=\"avia_inline_auto\" id=\"style-css-av-9lrqb9-415908c47e565f92a47979434be9399b\">\n#top .av-special-heading.av-9lrqb9-415908c47e565f92a47979434be9399b{\npadding-bottom:0;\ncolor:#e3000b;\nfont-size:40px;\n}\nbody .av-special-heading.av-9lrqb9-415908c47e565f92a47979434be9399b .av-special-heading-tag .heading-char{\nfont-size:25px;\n}\n#top #wrap_all .av-special-heading.av-9lrqb9-415908c47e565f92a47979434be9399b .av-special-heading-tag{\nfont-size:40px;\n}\n.av-special-heading.av-9lrqb9-415908c47e565f92a47979434be9399b .special-heading-inner-border{\nborder-color:#e3000b;\n}\n.av-special-heading.av-9lrqb9-415908c47e565f92a47979434be9399b .av-subheading{\nfont-size:15px;\n}\n\n@media only screen and (min-width: 480px) and (max-width: 767px){ \n#top #wrap_all .av-special-heading.av-9lrqb9-415908c47e565f92a47979434be9399b .av-special-heading-tag{\nfont-size:0.8em;\n}\n}\n\n@media only screen and (max-width: 479px){ \n#top #wrap_all .av-special-heading.av-9lrqb9-415908c47e565f92a47979434be9399b .av-special-heading-tag{\nfont-size:0.8em;\n}\n}\n<\/style>\n<div  class='av-special-heading av-9lrqb9-415908c47e565f92a47979434be9399b av-special-heading-h3 custom-color-heading blockquote modern-quote  avia-builder-el-1  el_before_av_hr  avia-builder-el-first  av-inherit-size'><h3 class='av-special-heading-tag '  itemprop=\"headline\"  >\u00dcbersicht Behandlungs\u00adprogramm<\/h3><div class=\"special-heading-border\"><div class=\"special-heading-inner-border\"><\/div><\/div><\/div>\n\n<style type=\"text\/css\" data-created_by=\"avia_inline_auto\" id=\"style-css-av-79dblh-7836b2529c268d959a7236f53e996ccf\">\n#top .hr.av-79dblh-7836b2529c268d959a7236f53e996ccf{\nmargin-top:30px;\nmargin-bottom:30px;\n}\n.hr.av-79dblh-7836b2529c268d959a7236f53e996ccf .hr-inner{\nwidth:20%;\nborder-color:#e3000b;\nmax-width:45%;\n}\n.hr.av-79dblh-7836b2529c268d959a7236f53e996ccf .av-seperator-icon{\ncolor:#e3000b;\n}\n.hr.av-79dblh-7836b2529c268d959a7236f53e996ccf .av-seperator-icon.avia-svg-icon svg:first-child{\nfill:#e3000b;\nstroke:#e3000b;\n}\n<\/style>\n<div  class='hr av-79dblh-7836b2529c268d959a7236f53e996ccf hr-custom  avia-builder-el-2  el_after_av_heading  avia-builder-el-last  hr-left hr-icon-yes'><span class='hr-inner inner-border-av-border-thin'><span class=\"hr-inner-style\"><\/span><\/span><span class='av-seperator-icon avia-iconfont avia-font-entypo-fontello' data-av_icon='\ue8bf' data-av_iconfont='entypo-fontello' ><\/span><span class='hr-inner inner-border-av-border-thin'><span class=\"hr-inner-style\"><\/span><\/span><\/div>\n<\/div><\/div><\/main><!-- close content main element --><\/div><\/div><div id='after_section_1'  class='main_color av_default_container_wrap container_wrap fullsize'  ><div class='container av-section-cont-open' ><div class='template-page content  av-content-full alpha units'><div class='post-entry post-entry-type-page post-entry-1333'><div class='entry-content-wrapper clearfix'>\n<div class='flex_column_table av-5owcv9-12a2b85fd76ef3dba9e133a47e4f1130 sc-av_one_full av-equal-height-column-flextable'>\n<style type=\"text\/css\" data-created_by=\"avia_inline_auto\" id=\"style-css-av-5owcv9-12a2b85fd76ef3dba9e133a47e4f1130\">\n#top .flex_column_table.av-equal-height-column-flextable.av-5owcv9-12a2b85fd76ef3dba9e133a47e4f1130{\nmargin-top:-90px;\n}\n.flex_column.av-5owcv9-12a2b85fd76ef3dba9e133a47e4f1130{\nborder-radius:0px 0px 0px 0px;\npadding:30px 30px 30px 30px;\nbackground-color:#ffffff;\n}\n<\/style>\n<div  class='flex_column av-5owcv9-12a2b85fd76ef3dba9e133a47e4f1130 av_one_full  avia-builder-el-3  el_after_av_section  avia-builder-el-no-sibling  first flex_column_table_cell av-equal-height-column av-align-top  '     ><p><section  class='av_textblock_section av-3lxvt1-4a022aaf473143fb91e97cb07abd87dc '   itemscope=\"itemscope\" itemtype=\"https:\/\/schema.org\/CreativeWork\" ><div class='avia_textblock'  itemprop=\"text\" ><p>Eine Entw\u00f6hnungsbehandlung (fr\u00fcher Langzeittherapie) ist eine medizinische Rehabilitation von Menschen mit Abh\u00e4ngigkeitserkrankungen. Im Vorfeld der Ma\u00dfnahme wird individuell gepr\u00fcft, ob eine Bed\u00fcrftigkeit f\u00fcr eine medizinische Rehabilitation besteht. Diese besteht, sobald aus gesundheitlichen Gr\u00fcnden eine drohende oder bereits bestehende Beeintr\u00e4chtigung der Aktivit\u00e4ten am gesellschaftlichen oder\/und beruflichen Leben eine Behandlung erforderlich macht. Weiterhin werden Rehabilitationsf\u00e4higkeit, also die F\u00e4higkeit an einer Entw\u00f6hnungsbehandlung teilzunehmen und die positive Rehabilitationsprognose, sprich ob eine Entw\u00f6hnungsbehandlung die drohende oder bereits bestehende Beeintr\u00e4chtigung der Aktivit\u00e4ten beheben kann, gepr\u00fcft.<\/p>\n<p>Folgende Ziele der medizinischen Rehabilitation von Abh\u00e4ngigkeitserkrankten wurden festgelegt:<\/p>\n<p>&#8211; Abstinenz zu erreichen und zu erhalten<\/p>\n<p>&#8211; k\u00f6rperliche und seelische St\u00f6rungen weitgehend zu beheben oder auszugleichen<\/p>\n<p>&#8211; die Eingliederung in Arbeit, Beruf und Gesellschaft m\u00f6glichst dauerhaft zu erhalten bzw. zu erreichen<\/p>\n<p>Im Rahmen der medizinischen Rehabilitation von abh\u00e4ngigkeitserkrankten M\u00e4nnern bieten wir mit unserem multidisziplin\u00e4rem Team ein umfangreiches Behandlungsprogramm.<\/p>\n<p>Das Behandlungsprogramm umfasst:<\/p>\n<ul>\n<li>Medizin<\/li>\n<li>Psychotherapie<\/li>\n<li>Arbeits- und Ergotherapie<\/li>\n<li>Teilqualifikationen<\/li>\n<li>Gesunde Ern\u00e4hrung \/ Lehrk\u00fcche<\/li>\n<li>Sozialberatung<\/li>\n<li>Sport- und Bewegungstherapie<\/li>\n<li>Kreativtherapie<\/li>\n<li>Freizeitangebote<\/li>\n<li>Einleitung von Nachfolgema\u00dfnahmen<\/li>\n<\/ul>\n<p>Im folgenden werden die einzelnen Bereiche n\u00e4her vorgestellt.<\/p>\n<\/div><\/section><br \/>\n<div  class='avia-button-wrap av-2743w5-c966e3082e70a32041333c00473fed4f-wrap avia-button-right  avia-builder-el-5  el_after_av_textblock  avia-builder-el-last '><a href='https:\/\/www.vfg-bonn.de\/fachklinik\/medizinische-betreuung\/'  class='avia-button av-2743w5-c966e3082e70a32041333c00473fed4f av-link-btn avia-icon_select-yes-right-icon avia-size-medium avia-position-right avia-color-theme-color'   aria-label=\"medizinische Diagnostik\u2026\"><span class='avia_iconbox_title' >medizinische Diagnostik\u2026<\/span><span class='avia_button_icon avia_button_icon_right avia-iconfont avia-font-entypo-fontello' data-av_icon='\ue832' data-av_iconfont='entypo-fontello' ><\/span><\/a><\/div><\/p><\/div><\/div><!--close column table wrapper. Autoclose: 1 -->\n","protected":false},"excerpt":{"rendered":"","protected":false},"author":1,"featured_media":0,"parent":0,"menu_order":0,"comment_status":"closed","ping_status":"closed","template":"","meta":{"inline_featured_image":false,"footnotes":""},"class_list":["post-1333","page","type-page","status-publish","hentry"],"_links":{"self":[{"href":"https:\/\/www.vfg-bonn.de\/fachklinik\/wp-json\/wp\/v2\/pages\/1333","targetHints":{"allow":["GET"]}}],"collection":[{"href":"https:\/\/www.vfg-bonn.de\/fachklinik\/wp-json\/wp\/v2\/pages"}],"about":[{"href":"https:\/\/www.vfg-bonn.de\/fachklinik\/wp-json\/wp\/v2\/types\/page"}],"author":[{"embeddable":true,"href":"https:\/\/www.vfg-bonn.de\/fachklinik\/wp-json\/wp\/v2\/users\/1"}],"replies":[{"embeddable":true,"href":"https:\/\/www.vfg-bonn.de\/fachklinik\/wp-json\/wp\/v2\/comments?post=1333"}],"version-history":[{"count":7,"href":"https:\/\/www.vfg-bonn.de\/fachklinik\/wp-json\/wp\/v2\/pages\/1333\/revisions"}],"predecessor-version":[{"id":4365,"href":"https:\/\/www.vfg-bonn.de\/fachklinik\/wp-json\/wp\/v2\/pages\/1333\/revisions\/4365"}],"wp:attachment":[{"href":"https:\/\/www.vfg-bonn.de\/fachklinik\/wp-json\/wp\/v2\/media?parent=1333"}],"curies":[{"name":"wp","href":"https:\/\/api.w.org\/{rel}","templated":true}]}}

<style type="text/css" data-created_by="avia_inline_auto" id="style-css-av-anr6ph-33e07375d6ddfe734e3b519988740451">
.avia-section.av-anr6ph-33e07375d6ddfe734e3b519988740451 .av-parallax .av-parallax-inner{
background-repeat:no-repeat;
background-image:url(https://www.vfg-bonn.de/fachklinik/wp-content/uploads/Gruppentherapie-a.jpg);
background-position:50% 0%;
background-attachment:scroll;
}
</style>
<div id='av_section_1'  class='avia-section av-anr6ph-33e07375d6ddfe734e3b519988740451 main_color avia-section-large avia-no-shadow  avia-builder-el-0  el_before_av_one_full  avia-builder-el-first  spezialueberschrift avia-full-stretch av-parallax-section avia-bg-style-parallax av-minimum-height av-minimum-height-50 av-height-50  container_wrap fullsize'  data-section-bg-repeat='stretch' data-av_minimum_height_pc='50' data-av_min_height_opt='50'><div class='av-parallax' data-avia-parallax-ratio='0.3' ><div class='av-parallax-inner main_color avia-full-stretch'></div></div><div class='container av-section-cont-open' ><main  role="main" itemprop="mainContentOfPage"  class='template-page content  av-content-full alpha units'><div class='post-entry post-entry-type-page post-entry-1333'><div class='entry-content-wrapper clearfix'>

<style type="text/css" data-created_by="avia_inline_auto" id="style-css-av-9lrqb9-415908c47e565f92a47979434be9399b">
#top .av-special-heading.av-9lrqb9-415908c47e565f92a47979434be9399b{
padding-bottom:0;
color:#e3000b;
font-size:40px;
}
body .av-special-heading.av-9lrqb9-415908c47e565f92a47979434be9399b .av-special-heading-tag .heading-char{
font-size:25px;
}
#top #wrap_all .av-special-heading.av-9lrqb9-415908c47e565f92a47979434be9399b .av-special-heading-tag{
font-size:40px;
}
.av-special-heading.av-9lrqb9-415908c47e565f92a47979434be9399b .special-heading-inner-border{
border-color:#e3000b;
}
.av-special-heading.av-9lrqb9-415908c47e565f92a47979434be9399b .av-subheading{
font-size:15px;
}

@media only screen and (min-width: 480px) and (max-width: 767px){ 
#top #wrap_all .av-special-heading.av-9lrqb9-415908c47e565f92a47979434be9399b .av-special-heading-tag{
font-size:0.8em;
}
}

@media only screen and (max-width: 479px){ 
#top #wrap_all .av-special-heading.av-9lrqb9-415908c47e565f92a47979434be9399b .av-special-heading-tag{
font-size:0.8em;
}
}
</style>
<div  class='av-special-heading av-9lrqb9-415908c47e565f92a47979434be9399b av-special-heading-h3 custom-color-heading blockquote modern-quote  avia-builder-el-1  el_before_av_hr  avia-builder-el-first  av-inherit-size'><h3 class='av-special-heading-tag '  itemprop="headline"  >Übersicht Behandlungs­programm</h3><div class="special-heading-border"><div class="special-heading-inner-border"></div></div></div>

<style type="text/css" data-created_by="avia_inline_auto" id="style-css-av-79dblh-7836b2529c268d959a7236f53e996ccf">
#top .hr.av-79dblh-7836b2529c268d959a7236f53e996ccf{
margin-top:30px;
margin-bottom:30px;
}
.hr.av-79dblh-7836b2529c268d959a7236f53e996ccf .hr-inner{
width:20%;
border-color:#e3000b;
max-width:45%;
}
.hr.av-79dblh-7836b2529c268d959a7236f53e996ccf .av-seperator-icon{
color:#e3000b;
}
.hr.av-79dblh-7836b2529c268d959a7236f53e996ccf .av-seperator-icon.avia-svg-icon svg:first-child{
fill:#e3000b;
stroke:#e3000b;
}
</style>
<div  class='hr av-79dblh-7836b2529c268d959a7236f53e996ccf hr-custom  avia-builder-el-2  el_after_av_heading  avia-builder-el-last  hr-left hr-icon-yes'><span class='hr-inner inner-border-av-border-thin'><span class="hr-inner-style"></span></span><span class='av-seperator-icon avia-iconfont avia-font-entypo-fontello' data-av_icon='' data-av_iconfont='entypo-fontello' ></span><span class='hr-inner inner-border-av-border-thin'><span class="hr-inner-style"></span></span></div>
</div></div></main><!-- close content main element --></div></div><div id='after_section_1'  class='main_color av_default_container_wrap container_wrap fullsize'  ><div class='container av-section-cont-open' ><div class='template-page content  av-content-full alpha units'><div class='post-entry post-entry-type-page post-entry-1333'><div class='entry-content-wrapper clearfix'>
<div class='flex_column_table av-5owcv9-12a2b85fd76ef3dba9e133a47e4f1130 sc-av_one_full av-equal-height-column-flextable'>
<style type="text/css" data-created_by="avia_inline_auto" id="style-css-av-5owcv9-12a2b85fd76ef3dba9e133a47e4f1130">
#top .flex_column_table.av-equal-height-column-flextable.av-5owcv9-12a2b85fd76ef3dba9e133a47e4f1130{
margin-top:-90px;
}
.flex_column.av-5owcv9-12a2b85fd76ef3dba9e133a47e4f1130{
border-radius:0px 0px 0px 0px;
padding:30px 30px 30px 30px;
background-color:#ffffff;
}
</style>
<div  class='flex_column av-5owcv9-12a2b85fd76ef3dba9e133a47e4f1130 av_one_full  avia-builder-el-3  el_after_av_section  avia-builder-el-no-sibling  first flex_column_table_cell av-equal-height-column av-align-top  '     ><p><section  class='av_textblock_section av-3lxvt1-4a022aaf473143fb91e97cb07abd87dc '   itemscope="itemscope" itemtype="https://schema.org/CreativeWork" ><div class='avia_textblock'  itemprop="text" ><p>Eine Entwöhnungsbehandlung (früher Langzeittherapie) ist eine medizinische Rehabilitation von Menschen mit Abhängigkeitserkrankungen. Im Vorfeld der Maßnahme wird individuell geprüft, ob eine Bedürftigkeit für eine medizinische Rehabilitation besteht. Diese besteht, sobald aus gesundheitlichen Gründen eine drohende oder bereits bestehende Beeinträchtigung der Aktivitäten am gesellschaftlichen oder/und beruflichen Leben eine Behandlung erforderlich macht. Weiterhin werden Rehabilitationsfähigkeit, also die Fähigkeit an einer Entwöhnungsbehandlung teilzunehmen und die positive Rehabilitationsprognose, sprich ob eine Entwöhnungsbehandlung die drohende oder bereits bestehende Beeinträchtigung der Aktivitäten beheben kann, geprüft.</p>
<p>Folgende Ziele der medizinischen Rehabilitation von Abhängigkeitserkrankten wurden festgelegt:</p>
<p>&#8211; Abstinenz zu erreichen und zu erhalten</p>
<p>&#8211; körperliche und seelische Störungen weitgehend zu beheben oder auszugleichen</p>
<p>&#8211; die Eingliederung in Arbeit, Beruf und Gesellschaft möglichst dauerhaft zu erhalten bzw. zu erreichen</p>
<p>Im Rahmen der medizinischen Rehabilitation von abhängigkeitserkrankten Männern bieten wir mit unserem multidisziplinärem Team ein umfangreiches Behandlungsprogramm.</p>
<p>Das Behandlungsprogramm umfasst:</p>
<ul>
<li>Medizin</li>
<li>Psychotherapie</li>
<li>Arbeits- und Ergotherapie</li>
<li>Teilqualifikationen</li>
<li>Gesunde Ernährung / Lehrküche</li>
<li>Sozialberatung</li>
<li>Sport- und Bewegungstherapie</li>
<li>Kreativtherapie</li>
<li>Freizeitangebote</li>
<li>Einleitung von Nachfolgemaßnahmen</li>
</ul>
<p>Im folgenden werden die einzelnen Bereiche näher vorgestellt.</p>
</div></section><br />
<div  class='avia-button-wrap av-2743w5-c966e3082e70a32041333c00473fed4f-wrap avia-button-right  avia-builder-el-5  el_after_av_textblock  avia-builder-el-last '><a href='https://www.vfg-bonn.de/fachklinik/medizinische-betreuung/'  class='avia-button av-2743w5-c966e3082e70a32041333c00473fed4f av-link-btn avia-icon_select-yes-right-icon avia-size-medium avia-position-right avia-color-theme-color'   aria-label="medizinische Diagnostik…"><span class='avia_iconbox_title' >medizinische Diagnostik…</span><span class='avia_button_icon avia_button_icon_right avia-iconfont avia-font-entypo-fontello' data-av_icon='' data-av_iconfont='entypo-fontello' ></span></a></div></p></div></div><!--close column table wrapper. Autoclose: 1 -->
